{"id":10053,"date":"2017-11-09T13:51:20","date_gmt":"2017-11-09T12:51:20","guid":{"rendered":"http:\/\/montreux-vieux.net\/?page_id=10053"},"modified":"2019-01-02T11:41:42","modified_gmt":"2019-01-02T10:41:42","slug":"le-saviez-vous-des-emplois-aides-des-1831-a-montreux-vieux","status":"publish","type":"page","link":"https:\/\/montreux-vieux.net\/?page_id=10053","title":{"rendered":"Le saviez-vous ? Des emplois \u00ab\u00a0aid\u00e9s\u00a0\u00bb d\u00e8s 1831 \u00e0 Montreux-Vieux"},"content":{"rendered":"<h3 style=\"text-align: center;\">Le saviez-vous ? Des emplois \u00ab\u00a0aid\u00e9s\u00a0\u00bb d\u00e8s 1831 \u00e0 Montreux-Vieux<\/h3>\n<p><a href=\"http:\/\/montreux-vieux.net\/montreux-vieux.net\/wp-content\/uploads\/2017\/11\/vieux-b\u00e2timents.jpg\" target=\"_blank\" rel=\"noopener\"><img loading=\"lazy\" decoding=\"async\" class=\"aligncenter wp-image-10051 size-full\" src=\"http:\/\/montreux-vieux.net\/montreux-vieux.net\/wp-content\/uploads\/2017\/11\/vieux-b\u00e2timents.jpg\" alt=\"\" width=\"945\" height=\"756\" srcset=\"https:\/\/montreux-vieux.net\/montreux-vieux.net\/wp-content\/uploads\/2017\/11\/vieux-b\u00e2timents.jpg 945w, https:\/\/montreux-vieux.net\/montreux-vieux.net\/wp-content\/uploads\/2017\/11\/vieux-b\u00e2timents-300x240.jpg 300w, https:\/\/montreux-vieux.net\/montreux-vieux.net\/wp-content\/uploads\/2017\/11\/vieux-b\u00e2timents-768x614.jpg 768w, https:\/\/montreux-vieux.net\/montreux-vieux.net\/wp-content\/uploads\/2017\/11\/vieux-b\u00e2timents-600x480.jpg 600w\" sizes=\"auto, (max-width: 945px) 100vw, 945px\" \/><\/a><\/p>\n<h4 style=\"text-align: justify;\">Dans sa s\u00e9ance du conseil municipal du 28 novembre 1831 la municipalit\u00e9 propose propose aux ouvriers de la classe pauvre diff\u00e9rents travaux aux tarifs suivants&nbsp;:<\/h4>\n<h4 style=\"text-align: justify;\">. d\u00e9fricher un terrain de 70 ares 250 f<\/h4>\n<h4 style=\"text-align: justify;\">. d\u00e9fricher un terrain de 50 ares le long de la route Royale de Belfort \u00e0 B\u00e2le 100 f<\/h4>\n<h4 style=\"text-align: justify;\">. curage de larivi\u00e8re la &nbsp;Grubaine le long du terrain communal 200 f<\/h4>\n<h4 style=\"text-align: justify;\">. extraire des rivi\u00e8res 150 m&nbsp;3 de gravier pour l\u2019am\u00e9lioration des chemins 300 f<\/h4>\n","protected":false},"excerpt":{"rendered":"<p>Le saviez-vous ? Des emplois \u00ab\u00a0aid\u00e9s\u00a0\u00bb d\u00e8s 1831 \u00e0 Montreux-Vieux Dans sa s\u00e9ance du conseil municipal du 28 novembre 1831 la municipalit\u00e9 propose propose aux ouvriers de la classe pauvre diff\u00e9rents travaux aux tarifs suivants&nbsp;: . d\u00e9fricher un terrain de &hellip; <a href=\"https:\/\/montreux-vieux.net\/?page_id=10053\">Continuer la lecture <span class=\"meta-nav\">&rarr;<\/span><\/a><\/p>\n","protected":false},"author":1,"featured_media":0,"parent":13095,"menu_order":16,"comment_status":"closed","ping_status":"open","template":"","meta":{"footnotes":""},"class_list":["post-10053","page","type-page","status-publish","hentry"],"_links":{"self":[{"href":"https:\/\/montreux-vieux.net\/index.php?rest_route=\/wp\/v2\/pages\/10053","targetHints":{"allow":["GET"]}}],"collection":[{"href":"https:\/\/montreux-vieux.net\/index.php?rest_route=\/wp\/v2\/pages"}],"about":[{"href":"https:\/\/montreux-vieux.net\/index.php?rest_route=\/wp\/v2\/types\/page"}],"author":[{"embeddable":true,"href":"https:\/\/montreux-vieux.net\/index.php?rest_route=\/wp\/v2\/users\/1"}],"replies":[{"embeddable":true,"href":"https:\/\/montreux-vieux.net\/index.php?rest_route=%2Fwp%2Fv2%2Fcomments&post=10053"}],"version-history":[{"count":2,"href":"https:\/\/montreux-vieux.net\/index.php?rest_route=\/wp\/v2\/pages\/10053\/revisions"}],"predecessor-version":[{"id":13303,"href":"https:\/\/montreux-vieux.net\/index.php?rest_route=\/wp\/v2\/pages\/10053\/revisions\/13303"}],"up":[{"embeddable":true,"href":"https:\/\/montreux-vieux.net\/index.php?rest_route=\/wp\/v2\/pages\/13095"}],"wp:attachment":[{"href":"https:\/\/montreux-vieux.net\/index.php?rest_route=%2Fwp%2Fv2%2Fmedia&parent=10053"}],"curies":[{"name":"wp","href":"https:\/\/api.w.org\/{rel}","templated":true}]}}