{"id":10060,"date":"2017-11-09T16:05:16","date_gmt":"2017-11-09T15:05:16","guid":{"rendered":"http:\/\/montreux-vieux.net\/?page_id=10060"},"modified":"2019-01-02T11:44:15","modified_gmt":"2019-01-02T10:44:15","slug":"la-saviez-vous-impossible-dassurer-les-batiments-communaux-en-1819","status":"publish","type":"page","link":"https:\/\/montreux-vieux.net\/?page_id=10060","title":{"rendered":"La saviez-vous ? Impossible d&rsquo;assurer les b\u00e2timents communaux en 1819"},"content":{"rendered":"<h3 style=\"text-align: center;\">La saviez-vous ? Impossible d&rsquo;assurer les b\u00e2timents communaux en 1819<\/h3>\n<p><a href=\"http:\/\/montreux-vieux.net\/montreux-vieux.net\/wp-content\/uploads\/2017\/11\/05.24.2019.jpg\" target=\"_blank\" rel=\"noopener\"><img loading=\"lazy\" decoding=\"async\" class=\"aligncenter wp-image-10057 size-full\" src=\"http:\/\/montreux-vieux.net\/montreux-vieux.net\/wp-content\/uploads\/2017\/11\/05.24.2019.jpg\" alt=\"\" width=\"945\" height=\"756\" srcset=\"https:\/\/montreux-vieux.net\/montreux-vieux.net\/wp-content\/uploads\/2017\/11\/05.24.2019.jpg 945w, https:\/\/montreux-vieux.net\/montreux-vieux.net\/wp-content\/uploads\/2017\/11\/05.24.2019-300x240.jpg 300w, https:\/\/montreux-vieux.net\/montreux-vieux.net\/wp-content\/uploads\/2017\/11\/05.24.2019-768x614.jpg 768w, https:\/\/montreux-vieux.net\/montreux-vieux.net\/wp-content\/uploads\/2017\/11\/05.24.2019-600x480.jpg 600w\" sizes=\"auto, (max-width: 945px) 100vw, 945px\" \/><\/a><\/p>\n<h4 style=\"text-align: justify;\">A la demande du Pr\u00e9fet, le conseil municipal s&rsquo;est r\u00e9uni le 06 ao\u00fbt 1819 afin d&rsquo;assurer les b\u00e2timents communaux contre l&rsquo;incendie et autres risques. Ayant constat\u00e9 qu&rsquo;il \u00e9taient construits en bois de charpentedont, le cloisonnement est en terre et la couverture en chaume l&rsquo;op\u00e9ration n&rsquo;a pas pu satisfaire le Pr\u00e9fet qui en a \u00e9t\u00e9 pr\u00e9venu.<\/h4>\n","protected":false},"excerpt":{"rendered":"<p>La saviez-vous ? Impossible d&rsquo;assurer les b\u00e2timents communaux en 1819 A la demande du Pr\u00e9fet, le conseil municipal s&rsquo;est r\u00e9uni le 06 ao\u00fbt 1819 afin d&rsquo;assurer les b\u00e2timents communaux contre l&rsquo;incendie et autres risques. Ayant constat\u00e9 qu&rsquo;il \u00e9taient construits en &hellip; <a href=\"https:\/\/montreux-vieux.net\/?page_id=10060\">Continuer la lecture <span class=\"meta-nav\">&rarr;<\/span><\/a><\/p>\n","protected":false},"author":1,"featured_media":0,"parent":13036,"menu_order":15,"comment_status":"closed","ping_status":"open","template":"","meta":{"footnotes":""},"class_list":["post-10060","page","type-page","status-publish","hentry"],"_links":{"self":[{"href":"https:\/\/montreux-vieux.net\/index.php?rest_route=\/wp\/v2\/pages\/10060","targetHints":{"allow":["GET"]}}],"collection":[{"href":"https:\/\/montreux-vieux.net\/index.php?rest_route=\/wp\/v2\/pages"}],"about":[{"href":"https:\/\/montreux-vieux.net\/index.php?rest_route=\/wp\/v2\/types\/page"}],"author":[{"embeddable":true,"href":"https:\/\/montreux-vieux.net\/index.php?rest_route=\/wp\/v2\/users\/1"}],"replies":[{"embeddable":true,"href":"https:\/\/montreux-vieux.net\/index.php?rest_route=%2Fwp%2Fv2%2Fcomments&post=10060"}],"version-history":[{"count":2,"href":"https:\/\/montreux-vieux.net\/index.php?rest_route=\/wp\/v2\/pages\/10060\/revisions"}],"predecessor-version":[{"id":13305,"href":"https:\/\/montreux-vieux.net\/index.php?rest_route=\/wp\/v2\/pages\/10060\/revisions\/13305"}],"up":[{"embeddable":true,"href":"https:\/\/montreux-vieux.net\/index.php?rest_route=\/wp\/v2\/pages\/13036"}],"wp:attachment":[{"href":"https:\/\/montreux-vieux.net\/index.php?rest_route=%2Fwp%2Fv2%2Fmedia&parent=10060"}],"curies":[{"name":"wp","href":"https:\/\/api.w.org\/{rel}","templated":true}]}}