{"id":10959,"date":"2018-08-30T09:21:40","date_gmt":"2018-08-30T08:21:40","guid":{"rendered":"http:\/\/montreux-vieux.net\/?page_id=10959"},"modified":"2019-01-02T09:25:01","modified_gmt":"2019-01-02T08:25:01","slug":"le-saviez-vous-un-somnambule-est-tombe-du-toit-a-montreux-vieux","status":"publish","type":"page","link":"https:\/\/montreux-vieux.net\/?page_id=10959","title":{"rendered":"Le saviez-vous ? Un somnambule est tomb\u00e9 du to\u00eet \u00e0 Montreux-Vieux"},"content":{"rendered":"<h3 style=\"text-align: center;\">Le saviez-vous ? Un somnambule est tomb\u00e9 du to\u00eet \u00e0 Montreux-Vieux<\/h3>\n<h4 style=\"text-align: justify;\">Dans les ann\u00e9es 1950, un Monsieur du nom de Muller J. qui habitait Rue des Jardins a fait une chute depuis le to\u00eet de l&rsquo;immeuble ou il habitait. Son \u00e9pouse l&rsquo;a r\u00e9veill\u00e9 alors qu&rsquo;il \u00e9tait somnambule alors qu&rsquo;elle lui posait la question de savoir ce qu&rsquo;il faisait sur le to\u00eet. Il est tomb\u00e9 \u00e0 terre mais n&rsquo;est pas mort. Il serait d\u00e9c\u00e9d\u00e9 quelques temps apr\u00e8s mais pas de la chute.<\/h4>\n<p style=\"text-align: center;\"><a href=\"http:\/\/montreux-vieux.net\/montreux-vieux.net\/wp-content\/uploads\/2018\/08\/ScreenShot1064.jpg\" target=\"_blank\" rel=\"noopener\"><img loading=\"lazy\" decoding=\"async\" class=\"aligncenter wp-image-10957 size-full\" src=\"http:\/\/montreux-vieux.net\/montreux-vieux.net\/wp-content\/uploads\/2018\/08\/ScreenShot1064.jpg\" alt=\"\" width=\"556\" height=\"357\" srcset=\"https:\/\/montreux-vieux.net\/montreux-vieux.net\/wp-content\/uploads\/2018\/08\/ScreenShot1064.jpg 556w, https:\/\/montreux-vieux.net\/montreux-vieux.net\/wp-content\/uploads\/2018\/08\/ScreenShot1064-300x193.jpg 300w\" sizes=\"auto, (max-width: 556px) 100vw, 556px\" \/><\/a><\/p>\n<p>&nbsp;<\/p>\n","protected":false},"excerpt":{"rendered":"<p>Le saviez-vous ? Un somnambule est tomb\u00e9 du to\u00eet \u00e0 Montreux-Vieux Dans les ann\u00e9es 1950, un Monsieur du nom de Muller J. qui habitait Rue des Jardins a fait une chute depuis le to\u00eet de l&rsquo;immeuble ou il habitait. Son &hellip; <a href=\"https:\/\/montreux-vieux.net\/?page_id=10959\">Continuer la lecture <span class=\"meta-nav\">&rarr;<\/span><\/a><\/p>\n","protected":false},"author":1,"featured_media":0,"parent":13044,"menu_order":18,"comment_status":"closed","ping_status":"open","template":"","meta":{"footnotes":""},"class_list":["post-10959","page","type-page","status-publish","hentry"],"_links":{"self":[{"href":"https:\/\/montreux-vieux.net\/index.php?rest_route=\/wp\/v2\/pages\/10959","targetHints":{"allow":["GET"]}}],"collection":[{"href":"https:\/\/montreux-vieux.net\/index.php?rest_route=\/wp\/v2\/pages"}],"about":[{"href":"https:\/\/montreux-vieux.net\/index.php?rest_route=\/wp\/v2\/types\/page"}],"author":[{"embeddable":true,"href":"https:\/\/montreux-vieux.net\/index.php?rest_route=\/wp\/v2\/users\/1"}],"replies":[{"embeddable":true,"href":"https:\/\/montreux-vieux.net\/index.php?rest_route=%2Fwp%2Fv2%2Fcomments&post=10959"}],"version-history":[{"count":2,"href":"https:\/\/montreux-vieux.net\/index.php?rest_route=\/wp\/v2\/pages\/10959\/revisions"}],"predecessor-version":[{"id":13248,"href":"https:\/\/montreux-vieux.net\/index.php?rest_route=\/wp\/v2\/pages\/10959\/revisions\/13248"}],"up":[{"embeddable":true,"href":"https:\/\/montreux-vieux.net\/index.php?rest_route=\/wp\/v2\/pages\/13044"}],"wp:attachment":[{"href":"https:\/\/montreux-vieux.net\/index.php?rest_route=%2Fwp%2Fv2%2Fmedia&parent=10959"}],"curies":[{"name":"wp","href":"https:\/\/api.w.org\/{rel}","templated":true}]}}

Le saviez-vous ? Un somnambule est tombé du toît à Montreux-Vieux

<h3 style="text-align: center;">Le saviez-vous ? Un somnambule est tombé du toît à Montreux-Vieux</h3>
<h4 style="text-align: justify;">Dans les années 1950, un Monsieur du nom de Muller J. qui habitait Rue des Jardins a fait une chute depuis le toît de l&rsquo;immeuble ou il habitait. Son épouse l&rsquo;a réveillé alors qu&rsquo;il était somnambule alors qu&rsquo;elle lui posait la question de savoir ce qu&rsquo;il faisait sur le toît. Il est tombé à terre mais n&rsquo;est pas mort. Il serait décédé quelques temps après mais pas de la chute.</h4>
<p style="text-align: center;"><a href="http://montreux-vieux.net/montreux-vieux.net/wp-content/uploads/2018/08/ScreenShot1064.jpg" target="_blank" rel="noopener"><img loading="lazy" decoding="async" class="aligncenter wp-image-10957 size-full" src="http://montreux-vieux.net/montreux-vieux.net/wp-content/uploads/2018/08/ScreenShot1064.jpg" alt="" width="556" height="357" srcset="https://montreux-vieux.net/montreux-vieux.net/wp-content/uploads/2018/08/ScreenShot1064.jpg 556w, https://montreux-vieux.net/montreux-vieux.net/wp-content/uploads/2018/08/ScreenShot1064-300x193.jpg 300w" sizes="auto, (max-width: 556px) 100vw, 556px" /></a></p>
<p>&nbsp;</p>

<p>Le saviez-vous ? Un somnambule est tombé du toît à Montreux-Vieux Dans les années 1950, un Monsieur du nom de Muller J. qui habitait Rue des Jardins a fait une chute depuis le toît de l&rsquo;immeuble ou il habitait. Son &hellip; <a href="https://montreux-vieux.net/?page_id=10959">Continuer la lecture <span class="meta-nav">&rarr;</span></a></p>
