{"id":11051,"date":"2018-09-15T08:49:49","date_gmt":"2018-09-15T07:49:49","guid":{"rendered":"http:\/\/montreux-vieux.net\/?page_id=11051"},"modified":"2019-01-02T13:23:37","modified_gmt":"2019-01-02T12:23:37","slug":"le-saviez-vous-aventures-et-mesaventures-vecues-par-quelques-pretres-du-territoire-occupe-notamment-a-montreux-vieux-altmunsterol","status":"publish","type":"page","link":"https:\/\/montreux-vieux.net\/?page_id=11051","title":{"rendered":"Le saviez-vous ? Aventures et m\u00e9saventures v\u00e9cues par quelques pr\u00eatres du territoire occup\u00e9 notamment \u00e0 Montreux-Vieux (Altmunsterol)"},"content":{"rendered":"<h3 style=\"text-align: center;\">Aventures et m\u00e9saventures v\u00e9cues par quelques pr\u00eatres du territoire occup\u00e9 notamment \u00e0 Montreux-Vieux (Altmunsterol)<\/h3>\n<p><a href=\"http:\/\/montreux-vieux.net\/montreux-vieux.net\/wp-content\/uploads\/2018\/09\/ScreenShot569.jpg\" target=\"_blank\" rel=\"noopener\"><img loading=\"lazy\" decoding=\"async\" class=\"aligncenter wp-image-11048 size-full\" src=\"http:\/\/montreux-vieux.net\/montreux-vieux.net\/wp-content\/uploads\/2018\/09\/ScreenShot569.jpg\" sizes=\"auto, (max-width: 416px) 100vw, 416px\" srcset=\"http:\/\/montreux-vieux.net\/montreux-vieux.net\/wp-content\/uploads\/2018\/09\/ScreenShot569.jpg 416w, http:\/\/montreux-vieux.net\/montreux-vieux.net\/wp-content\/uploads\/2018\/09\/ScreenShot569-191x300.jpg 191w\" alt=\"\" width=\"416\" height=\"653\"><\/a><\/p>\n<h4 style=\"text-align: justify;\">Suite \u00e0 la pri\u00e8re pour la Paix du 7 f\u00e9vrier 1915, Camille Tschirrart, cur\u00e9 de Montreux-Vieux (Altm\u00fcnsterol ), est expuls\u00e9 d\u2019Alsace. Le 28 f\u00e9vrier, le capitaine Laurent-Atthalin, chef du Cercle de Dannemarie, adresse une note au g\u00e9n\u00e9ral Putz \u00e0 Remiremont, sous couvert du g\u00e9n\u00e9ral commandant la 57e Division d\u2019infanterie \u00e0 Lachapelle-sous-Rougemont ; on apprend que le cur\u00e9 Tschirrart \u00ab est parti pour Paris accompagn\u00e9 du commissaire Krummenacker conduit \u00e0 Belfort et dirig\u00e9 libre sur Paris chez des parents. Devra y rester en rapport avec le commissaire de son quartier. Pas d\u2019incident \u00e0 son d\u00e9part. Monsieur Tschirrart s\u2019est born\u00e9 \u00e0 protester discr\u00e8tement de ses bonnes intentions \u00bb. Et Laurent-Atthalin d\u2019ajouter qu\u2019un eccl\u00e9siastique sous les drapeaux, le P\u00e8re Ley, s.j, directeur de l\u2019imprimerie catholique de Beyrouth \u00ab a \u00e9t\u00e9 mis en subsistance \u00e0 Montreux-Vieux, sans titre canonique, comme auxiliaire du cur\u00e9 de Chavannes, administrateur provisoire de Montreux-Vieux \u00bb.<\/h4>\n<h4 style=\"text-align: justify;\">Quelques jours plus tard, le 3 mars, le m\u00eame Laurent-Atthalin s\u2019adresse de nouveau \u00e0 Putz : Tschirrart \u00e9vacu\u00e9 \u00e0 Paris le 27 f\u00e9vrier suite \u00e0 des \u00ab \u00e9carts de langage indiscutables \u00bb est sans subsistance. Un secours mensuel pourrait lui \u00eatre vers\u00e9 sur le budget du Cercle de Dannemarie.<\/h4>\n<h4 style=\"text-align: justify;\">Cependant, la situation est r\u00e9gl\u00e9e diff\u00e9remment. Le 4 avril suivant, Laurent-Atthalin, encore lui, s\u2019adressant toujours \u00e0 Putz, propose tout bonnement le retour de Tschirrart \u00e0 Montreux-Vieux ; le pr\u00eatre a certes eu des \u00ab \u00e9carts de langage \u00bb mais pas de \u00ab propos hostiles \u00e0 la France \u00bb. Et Tschirrart est autoris\u00e9 \u00e0 revenir en Alsace [10]. Une affaire apparemment banale est trait\u00e9e par le g\u00e9n\u00e9ral Putz commandant du d\u00e9tachement des arm\u00e9es des Vosges, la future VIIe Arm\u00e9e !<\/h4>\n<h5>Pour l\u2019essentiel, les r\u00e9cits pr\u00e9sent\u00e9s trouvent leur source dans le dossier 11723 des ADHR<\/h5>\n<h5>ADHR, 11723. Apr\u00e8s la guerre Camille Tschirrart fut nomm\u00e9 cur\u00e9 de Cernay et devint l\u2019historien de sa paroisse (<em>Etwas Geschichte der Pfarrei Sennheim<\/em>, Alsatia, Thann, 1948).<\/h5>\n","protected":false},"excerpt":{"rendered":"<p>Aventures et m\u00e9saventures v\u00e9cues par quelques pr\u00eatres du territoire occup\u00e9 notamment \u00e0 Montreux-Vieux (Altmunsterol) Suite \u00e0 la pri\u00e8re pour la Paix du 7 f\u00e9vrier 1915, Camille Tschirrart, cur\u00e9 de Montreux-Vieux (Altm\u00fcnsterol ), est expuls\u00e9 d\u2019Alsace. Le 28 f\u00e9vrier, le capitaine &hellip; <a href=\"https:\/\/montreux-vieux.net\/?page_id=11051\">Continuer la lecture <span class=\"meta-nav\">&rarr;<\/span><\/a><\/p>\n","protected":false},"author":1,"featured_media":0,"parent":13028,"menu_order":12,"comment_status":"closed","ping_status":"open","template":"","meta":{"footnotes":""},"class_list":["post-11051","page","type-page","status-publish","hentry"],"_links":{"self":[{"href":"https:\/\/montreux-vieux.net\/index.php?rest_route=\/wp\/v2\/pages\/11051","targetHints":{"allow":["GET"]}}],"collection":[{"href":"https:\/\/montreux-vieux.net\/index.php?rest_route=\/wp\/v2\/pages"}],"about":[{"href":"https:\/\/montreux-vieux.net\/index.php?rest_route=\/wp\/v2\/types\/page"}],"author":[{"embeddable":true,"href":"https:\/\/montreux-vieux.net\/index.php?rest_route=\/wp\/v2\/users\/1"}],"replies":[{"embeddable":true,"href":"https:\/\/montreux-vieux.net\/index.php?rest_route=%2Fwp%2Fv2%2Fcomments&post=11051"}],"version-history":[{"count":2,"href":"https:\/\/montreux-vieux.net\/index.php?rest_route=\/wp\/v2\/pages\/11051\/revisions"}],"predecessor-version":[{"id":13325,"href":"https:\/\/montreux-vieux.net\/index.php?rest_route=\/wp\/v2\/pages\/11051\/revisions\/13325"}],"up":[{"embeddable":true,"href":"https:\/\/montreux-vieux.net\/index.php?rest_route=\/wp\/v2\/pages\/13028"}],"wp:attachment":[{"href":"https:\/\/montreux-vieux.net\/index.php?rest_route=%2Fwp%2Fv2%2Fmedia&parent=11051"}],"curies":[{"name":"wp","href":"https:\/\/api.w.org\/{rel}","templated":true}]}}