{"id":11077,"date":"2018-09-22T16:19:14","date_gmt":"2018-09-22T15:19:14","guid":{"rendered":"http:\/\/montreux-vieux.net\/?page_id=11077"},"modified":"2018-12-27T11:01:10","modified_gmt":"2018-12-27T10:01:10","slug":"le-saviez-vous-decoration-a-montreux-vieux-du-2-e-regiment-de-marche-de-tirailleurs-marocains","status":"publish","type":"page","link":"https:\/\/montreux-vieux.net\/?page_id=11077","title":{"rendered":"Le saviez-vous\u00a0? D\u00e9coration \u00e0 Montreux-Vieux du 2 e r\u00e9giment de marche de tirailleurs marocains"},"content":{"rendered":"<h3 style=\"text-align: center;\">Le saviez-vous&nbsp;? D\u00e9coration \u00e0 Montreux-Vieux du 2 e r\u00e9giment de marche de tirailleurs marocains<\/h3>\n<div id=\"attachment_11074\" style=\"width: 209px\" class=\"wp-caption aligncenter\"><a href=\"http:\/\/montreux-vieux.net\/montreux-vieux.net\/wp-content\/uploads\/2018\/09\/ScreenShot1196.jpg\" target=\"_blank\" rel=\"noopener\"><img loading=\"lazy\" decoding=\"async\" aria-describedby=\"caption-attachment-11074\" class=\"wp-image-11074 size-full\" src=\"http:\/\/montreux-vieux.net\/montreux-vieux.net\/wp-content\/uploads\/2018\/09\/ScreenShot1196.jpg\" alt=\"\" width=\"199\" height=\"311\" srcset=\"https:\/\/montreux-vieux.net\/montreux-vieux.net\/wp-content\/uploads\/2018\/09\/ScreenShot1196.jpg 199w, https:\/\/montreux-vieux.net\/montreux-vieux.net\/wp-content\/uploads\/2018\/09\/ScreenShot1196-192x300.jpg 192w\" sizes=\"auto, (max-width: 199px) 100vw, 199px\" \/><\/a><p id=\"caption-attachment-11074\" class=\"wp-caption-text\">Le G\u00e9n\u00e9ral de Castelnau<\/p><\/div>\n<h4 style=\"text-align: justify;\">Subordination : Initialement isol\u00e9 jusqu\u2019au 13 avril 1918, le 2e RMTM est alors rattach\u00e9 \u00e0 diff\u00e9rentes grandes unit\u00e9s en fonction de sa situation tactique : &#8211; 16e DI, le 14 avril ; &#8211; 132e DI, le 6 juin ; &#8211; 170e DI, le 18 juin ; &#8211; 124e DI, le 20 juin ; &#8211; 132e DI, le 28 juin ; &#8211; 16e DI, le 3 juillet ; &#8211; 65e DI, le 18 juillet. Il est d\u00e9finitivement affect\u00e9 \u00e0 la 2e division marocaine\/ ID 2e DM, le 4 ao\u00fbt 1918.<\/h4>\n<h4 style=\"text-align: justify;\">D\u00e9corations Croix de guerre 1914-1918 avec 2 palmes. Fourrag\u00e8re aux couleurs de la croix de guerre (ordre 133 F du 4 novembre 1918 ; JO du 7 janvier 1919), remise le 8 novembre 1918 \u00e0 Montreux-Vieux par le g\u00e9n\u00e9ral de Castelnau, commandant le GAE.<\/h4>\n<h4 style=\"text-align: justify;\">Citations &#8211; 1 \u00e8re citation \u00e0 l\u2019ordre de la 10e arm\u00e9e pour les combats du 20 et 21 ao\u00fbt 1918 dans l\u2019Aisne, r\u00e9gion de Camelin. &#8211; 2 e citation \u00e0 l\u2019ordre de la 4e arm\u00e9e pour les combats du 26 au 28 septembre 1918 en Champagne, entre la butte du Mesnil et Grateuil.<\/h4>\n<h4 style=\"text-align: justify;\">Inscriptions au drapeau1 PICARDIE 1918 SOMME-PY 1918<\/h4>\n","protected":false},"excerpt":{"rendered":"<p>Le saviez-vous&nbsp;? D\u00e9coration \u00e0 Montreux-Vieux du 2 e r\u00e9giment de marche de tirailleurs marocains Subordination : Initialement isol\u00e9 jusqu\u2019au 13 avril 1918, le 2e RMTM est alors rattach\u00e9 \u00e0 diff\u00e9rentes grandes unit\u00e9s en fonction de sa situation tactique : &#8211; &hellip; <a href=\"https:\/\/montreux-vieux.net\/?page_id=11077\">Continuer la lecture <span class=\"meta-nav\">&rarr;<\/span><\/a><\/p>\n","protected":false},"author":1,"featured_media":0,"parent":12673,"menu_order":22,"comment_status":"closed","ping_status":"open","template":"","meta":{"footnotes":""},"class_list":["post-11077","page","type-page","status-publish","hentry"],"_links":{"self":[{"href":"https:\/\/montreux-vieux.net\/index.php?rest_route=\/wp\/v2\/pages\/11077","targetHints":{"allow":["GET"]}}],"collection":[{"href":"https:\/\/montreux-vieux.net\/index.php?rest_route=\/wp\/v2\/pages"}],"about":[{"href":"https:\/\/montreux-vieux.net\/index.php?rest_route=\/wp\/v2\/types\/page"}],"author":[{"embeddable":true,"href":"https:\/\/montreux-vieux.net\/index.php?rest_route=\/wp\/v2\/users\/1"}],"replies":[{"embeddable":true,"href":"https:\/\/montreux-vieux.net\/index.php?rest_route=%2Fwp%2Fv2%2Fcomments&post=11077"}],"version-history":[{"count":2,"href":"https:\/\/montreux-vieux.net\/index.php?rest_route=\/wp\/v2\/pages\/11077\/revisions"}],"predecessor-version":[{"id":13092,"href":"https:\/\/montreux-vieux.net\/index.php?rest_route=\/wp\/v2\/pages\/11077\/revisions\/13092"}],"up":[{"embeddable":true,"href":"https:\/\/montreux-vieux.net\/index.php?rest_route=\/wp\/v2\/pages\/12673"}],"wp:attachment":[{"href":"https:\/\/montreux-vieux.net\/index.php?rest_route=%2Fwp%2Fv2%2Fmedia&parent=11077"}],"curies":[{"name":"wp","href":"https:\/\/api.w.org\/{rel}","templated":true}]}}