{"id":11183,"date":"2018-10-06T09:32:36","date_gmt":"2018-10-06T08:32:36","guid":{"rendered":"http:\/\/montreux-vieux.net\/?page_id=11183"},"modified":"2019-01-02T11:10:29","modified_gmt":"2019-01-02T10:10:29","slug":"histoire-de-famille-montreusienne","status":"publish","type":"page","link":"https:\/\/montreux-vieux.net\/?page_id=11183","title":{"rendered":"Histoire d&rsquo;une famille montreusienne"},"content":{"rendered":"<h3 style=\"text-align: center;\">Histoire d&rsquo;une famille montreusienne<\/h3>\n<p style=\"text-align: center;\"><a href=\"http:\/\/montreux-vieux.net\/montreux-vieux.net\/wp-content\/uploads\/2018\/10\/ScreenShot1107.jpg\" target=\"_blank\" rel=\"noopener\"><img loading=\"lazy\" decoding=\"async\" class=\"aligncenter wp-image-11181 size-full\" src=\"http:\/\/montreux-vieux.net\/montreux-vieux.net\/wp-content\/uploads\/2018\/10\/ScreenShot1107.jpg\" alt=\"\" width=\"794\" height=\"518\" srcset=\"https:\/\/montreux-vieux.net\/montreux-vieux.net\/wp-content\/uploads\/2018\/10\/ScreenShot1107.jpg 794w, https:\/\/montreux-vieux.net\/montreux-vieux.net\/wp-content\/uploads\/2018\/10\/ScreenShot1107-300x196.jpg 300w, https:\/\/montreux-vieux.net\/montreux-vieux.net\/wp-content\/uploads\/2018\/10\/ScreenShot1107-768x501.jpg 768w, https:\/\/montreux-vieux.net\/montreux-vieux.net\/wp-content\/uploads\/2018\/10\/ScreenShot1107-600x391.jpg 600w\" sizes=\"auto, (max-width: 794px) 100vw, 794px\" \/><\/a><\/p>\n<h4 style=\"text-align: justify;\"><b>Ad\u00e8le Specht<\/b> ; n\u00e9e le 1 3 1871 Barr ; d\u00e9c\u00e9d\u00e9e le &nbsp;10 7 1949 Brazey en Plaine (21) ; mari\u00e9e le 28 10 1898 \u00e0 Montreux Vieux avec Th\u00e9odore Senninger, qui venait d&rsquo;y \u00eatre nomm\u00e9 par les chemins de fer ; il est permis de supposer que les deux jeunes gens se sont rencontr\u00e9s \u00e0 l&rsquo;H\u00f4tel de la Gare \u00e0 Montreux Vieux : en effet, cet h\u00f4tel \u00e9tait tenu par Jonathan Specht, fr\u00e8re d&rsquo;Ad\u00e8le ; il serait bien surprenant que Th\u00e9odore Senninger, employ\u00e9 des chemins de fer, n&rsquo;ait pas eu l&rsquo;occasion de prendre un verre audit h\u00f4tel<br \/>\nApr\u00e8s Montreux-Vieux, Th\u00e9odore Senninger grimpe les \u00e9chelons hi\u00e9rarchiques jusqu&rsquo;\u00e0 devenir \u00ab\u00a0Ladenmeister Direktor\u00a0\u00bb, c&rsquo;est \u00e0 dire chef du chargement des bagages \u00e0 la gare de Mulhouse (le couple habite en banlieue, \u00e0 Riedisheim, o\u00f9 naissent ses filles) ; la ligne Strasbourg-Mulhouse-B\u00e2le est une ligne de grand prestige, la premi\u00e8re ligne internationale du monde (puisque B\u00e2le est en Suisse, quoiqu&rsquo;en fait tout pr\u00e8s de l&rsquo;Alsace) ; la famille profite de cette extraordinaire occasion de jouer \u00e0 saute-fronti\u00e8re (occasion fort rare \u00e0 l&rsquo;\u00e9poque, o\u00f9 les fronti\u00e8res \u00e9taient normalement tr\u00e8s \u00e9tanches) pour offrir \u00e0 ses filles de m\u00e9morables visites au zoo de B\u00e2le, \u00e9tablissement dont la splendeur in\u00e9gal\u00e9e et les m\u00e9rites incomparables demeur\u00e8rent une partie vivante de la tradition orale familiale aussi longtemps que v\u00e9curent les filles de Th\u00e9odore et d&rsquo;Ad\u00e8le, b\u00e9n\u00e9ficiaires \u00e9merveill\u00e9es des visites audit zoo.<\/h4>\n<p>La famille quitte l&rsquo;Alsace en 1908 et va s&rsquo;installer \u00e0 Brazey en Plaine (21), o\u00f9 le cousin d&rsquo;Ad\u00e8le, Alfred Marchal, fils de Fr\u00e9d\u00e9rique Widemann et de G\u00e9d\u00e9on Marchal, vient de fonder un tissage ; Ad\u00e8le, th\u00e9oriquement sans profession, sert d&rsquo;infirmi\u00e8re b\u00e9n\u00e9vole au tissage, et g\u00e8re en outre la \u00ab\u00a0pension\u00a0\u00bb, petite maison \u00e0 l&rsquo;int\u00e9rieur des murs de l&rsquo;usine o\u00f9 \u00e9taient log\u00e9es une dizaine d&rsquo;orphelines employ\u00e9es par l&rsquo;usine, dont une enfant trouv\u00e9e pratiquement \u00e0 l&rsquo;\u00e9tat sauvage (\u00ab\u00a0Maya\u00a0\u00bb, la mascotte de l&rsquo;usine ; elle vivra jusque dans les ann\u00e9es 1970 et obtiendra la m\u00e9daille d&rsquo;or du travail pour 45 ans au Tissage ; ce qui donne vraiment \u00e0 penser qu&rsquo;il aurait fallu faire une analyse sociologique des circonstances qui amenaient quelqu&rsquo;un \u00e0 \u00eatre ouvrier ; on aurait eu de sacr\u00e9es surprises ! mais cela n&rsquo;a pas \u00e9t\u00e9 fait \u00e0 ma connaissance, et c&rsquo;\u00e9tait peut-\u00eatre impossible \u00e0 faire \u00e9tant donn\u00e9 la discr\u00e9tion des ouvriers.)<\/p>\n<p>Le couple Senninger a avec lui la m\u00e8re de Th\u00e9odore, dont les opinions pro-allemandes ne sont aucunement dissimul\u00e9es ; elle dit \u00e0 qui veut l&rsquo;entendre : \u00ab\u00a0Je suis allemande\u00a0\u00bb ; si bien que Th\u00e9odore, au sein de l&rsquo;usine, est consid\u00e9r\u00e9 comme \u00ab\u00a0le Directeur allemand\u00a0\u00bb ; ce qui est tr\u00e8s probl\u00e9matique en France en 1908 et oblige Th\u00e9odore \u00e0 vivre reclus dans sa maison (elle-m\u00eame situ\u00e9e \u00e0 l&rsquo;int\u00e9rieur de l&rsquo;usine) ; heureusement pour lui, l&rsquo;information ne franchit pas les murs de l&rsquo;usine ; ce qui est d&rsquo;ailleurs assez surprenant, car Brazey en Plaine \u00e9tait un tout petit village ; mais il faut tenir compte de la mentalit\u00e9 paysanne (les paysans de Brazey n&rsquo;aimaient ni l&rsquo;usine, ni ses patrons ni ses ouvriers, il y avait donc peu de communication) ainsi que de la mentalit\u00e9 ouvri\u00e8re (une usine de l&rsquo;\u00e9poque \u00e9tait un bagne ; il n&rsquo;\u00e9tait aucunement consid\u00e9r\u00e9 comme normal, du moins dans une r\u00e9gion sans tradition industrielle comme la Bourgogne, d&rsquo;en devenir le bagnard ; donc, chaque ouvrier savait qu&rsquo;il y avait, dans son existence, une rupture ou une anomalie qui l&rsquo;avait men\u00e9 l\u00e0, et pr\u00e9sumait qu&rsquo;il en allait de m\u00eame pour ses coll\u00e8gues ; pour les d\u00e9tails : motus et bouche cousue ; on ne cherchait pas \u00e0 deviner les secrets des autres, et l&rsquo;on comptait bien sur la r\u00e9ciproque).<\/p>\n<p>Pendant la guerre de 14-18, Th\u00e9odore est assign\u00e9 \u00e0 r\u00e9sidence \u00e0 l&rsquo;int\u00e9rieur du Tissage, qui est \u00ab\u00a0militaris\u00e9\u00a0\u00bb, c&rsquo;est \u00e0 dire qu&rsquo;il produit de la gaze (que ses ouvriers appellent la \u00ab\u00a0cingalette\u00a0\u00bb) pour les bless\u00e9s des tranch\u00e9es.<\/p>\n<p>Pendant la seconde guerre mondiale, Brazey conna\u00eet un bref exode. On part \u00e0 pied avec les bagages et les vieux sur des charrettes \u00e0 bras (dans le meilleur des cas). Les plus faibles sont en fait souvent laiss\u00e9s en arri\u00e8re, que s&rsquo;en est dramatique. Tel est le cas de nombreuses familles ouvri\u00e8res. Ad\u00e8le et Th\u00e9odore consid\u00e8rent donc de leur devoir de rester sur place avec les plus vuln\u00e9rables des ouvriers. Ad\u00e8le les rassemble et d\u00e9clare : \u00ab\u00a0Si notre heure est venue, nous mourrons tous ensemble\u00a0\u00bb.<\/p>\n<p>Les Marchal, patrons de l&rsquo;usine, cachent des Alsaciens. Ce sont \u00e9galement des descendants de Th\u00e9ophile Widemann, mais par Fr\u00e9d\u00e9rique, \u00e9pouse de G\u00e9d\u00e9on Marchal.<\/p>\n<p>L&rsquo;usine est occup\u00e9e. Th\u00e9odore, qui a les r\u00e9flexes et la mentalit\u00e9 germaniques m\u00eame s&rsquo;il est le contraire d&rsquo;un nazi, m\u00e8ne les jeunes soldats \u00e0 la baguette et terrorise ceux qui auraient tendance \u00e0 importuner les ouvri\u00e8res. Il refuse de parler allemand avec eux (bien qu&rsquo;il le parle \u00e9videmment parfaitement).<\/p>\n<p>Ad\u00e8le soigne clandestinement les bless\u00e9s de la R\u00e9sistance, toujours \u00e0 l&rsquo;usine ( laquelle \u00e9tait occup\u00e9e par les Allemands, je le rappelle : c&rsquo;\u00e9tait vraiment dangereux ; Ad\u00e8le et Th\u00e9odore auraient fort bien pu \u00eatre pris, avec pour cons\u00e9quence un retour forc\u00e9 au Ban de la Roche, gare de Rothau dans un premier temps, puis descente \u00e0 contre-voie et fin du trajet \u00e0 pied direction Natzwiller ; arriv\u00e9e \u00e0 l&rsquo;endroit que je t&rsquo;ai fait conna\u00eetre, cher lecteur, en tant que cense bien sympathique habit\u00e9e par d&rsquo;inoffensifs fermiers neyouz ; mais, depuis ce temps, les choses ont chang\u00e9 et pas dans le bon sens puisque le Struthof est devenu un camp de concentration) ; l&rsquo;on peut s&rsquo;\u00e9tonner que personne n&rsquo;ait pr\u00e9venu la R\u00e9sistance que ses bless\u00e9s \u00e9taient soign\u00e9s chez \u00ab\u00a0le directeur allemand\u00a0\u00bb ; la v\u00e9rit\u00e9, c&rsquo;est que les paysans n&rsquo;en savaient rien (comme je l&rsquo;ai dit, le Brazey du Tissage et le Brazey des paysans \u00e9taient deux mondes \u00e9tanches) et que les ouvriers savaient fort bien qu&rsquo;aucune d\u00e9nonciation n&rsquo;\u00e9tait \u00e0 attendre de la part du couple Senninger ; l&rsquo;usine ( bien qu&rsquo; occup\u00e9e par l&rsquo;ennemi et de plus dirig\u00e9e par le \u00ab\u00a0Directeur allemand\u00a0\u00bb) , se r\u00e9v\u00e9la un excellent refuge pour ces bless\u00e9s ; \u00e0 quoi cela aurait-il servi de les terroriser en leur r\u00e9v\u00e9lant qu&rsquo;ils \u00e9taient en plein dans la gueule du loup ?<\/p>\n<p>Th\u00e9odore Senninger obtint la nationalit\u00e9 fran\u00e7aise \u00e0 la lib\u00e9ration.<\/p>\n<h5>source:&nbsp;http:\/\/badonpierre.free.fr\/salmpierre\/tome3u.html<\/h5>\n","protected":false},"excerpt":{"rendered":"<p>Histoire d&rsquo;une famille montreusienne Ad\u00e8le Specht ; n\u00e9e le 1 3 1871 Barr ; d\u00e9c\u00e9d\u00e9e le &nbsp;10 7 1949 Brazey en Plaine (21) ; mari\u00e9e le 28 10 1898 \u00e0 Montreux Vieux avec Th\u00e9odore Senninger, qui venait d&rsquo;y \u00eatre nomm\u00e9 &hellip; <a href=\"https:\/\/montreux-vieux.net\/?page_id=11183\">Continuer la lecture <span class=\"meta-nav\">&rarr;<\/span><\/a><\/p>\n","protected":false},"author":1,"featured_media":0,"parent":13095,"menu_order":12,"comment_status":"closed","ping_status":"open","template":"","meta":{"footnotes":""},"class_list":["post-11183","page","type-page","status-publish","hentry"],"_links":{"self":[{"href":"https:\/\/montreux-vieux.net\/index.php?rest_route=\/wp\/v2\/pages\/11183","targetHints":{"allow":["GET"]}}],"collection":[{"href":"https:\/\/montreux-vieux.net\/index.php?rest_route=\/wp\/v2\/pages"}],"about":[{"href":"https:\/\/montreux-vieux.net\/index.php?rest_route=\/wp\/v2\/types\/page"}],"author":[{"embeddable":true,"href":"https:\/\/montreux-vieux.net\/index.php?rest_route=\/wp\/v2\/users\/1"}],"replies":[{"embeddable":true,"href":"https:\/\/montreux-vieux.net\/index.php?rest_route=%2Fwp%2Fv2%2Fcomments&post=11183"}],"version-history":[{"count":3,"href":"https:\/\/montreux-vieux.net\/index.php?rest_route=\/wp\/v2\/pages\/11183\/revisions"}],"predecessor-version":[{"id":13288,"href":"https:\/\/montreux-vieux.net\/index.php?rest_route=\/wp\/v2\/pages\/11183\/revisions\/13288"}],"up":[{"embeddable":true,"href":"https:\/\/montreux-vieux.net\/index.php?rest_route=\/wp\/v2\/pages\/13095"}],"wp:attachment":[{"href":"https:\/\/montreux-vieux.net\/index.php?rest_route=%2Fwp%2Fv2%2Fmedia&parent=11183"}],"curies":[{"name":"wp","href":"https:\/\/api.w.org\/{rel}","templated":true}]}}