{"id":11191,"date":"2018-10-06T10:18:38","date_gmt":"2018-10-06T09:18:38","guid":{"rendered":"http:\/\/montreux-vieux.net\/?page_id=11191"},"modified":"2019-01-02T13:43:27","modified_gmt":"2019-01-02T12:43:27","slug":"le-saviez-vous-francois-barnabe-porte-disparu-le-jour-de-son-incorporation","status":"publish","type":"page","link":"https:\/\/montreux-vieux.net\/?page_id=11191","title":{"rendered":"Le saviez-vous \u00a0? Fran\u00e7ois Barnab\u00e9 port\u00e9 disparu le jour de son incorporation"},"content":{"rendered":"<h3 style=\"text-align: center;\">Le saviez-vous &nbsp;? Fran\u00e7ois Barnab\u00e9 port\u00e9 disparu le jour de son incorporation<\/h3>\n<p style=\"text-align: center;\"><a href=\"http:\/\/montreux-vieux.net\/montreux-vieux.net\/wp-content\/uploads\/2018\/10\/ScreenShot1254.jpg\" target=\"_blank\" rel=\"noopener\"><img loading=\"lazy\" decoding=\"async\" class=\"aligncenter wp-image-11189 size-full\" src=\"http:\/\/montreux-vieux.net\/montreux-vieux.net\/wp-content\/uploads\/2018\/10\/ScreenShot1254.jpg\" alt=\"\" width=\"193\" height=\"192\" srcset=\"https:\/\/montreux-vieux.net\/montreux-vieux.net\/wp-content\/uploads\/2018\/10\/ScreenShot1254.jpg 193w, https:\/\/montreux-vieux.net\/montreux-vieux.net\/wp-content\/uploads\/2018\/10\/ScreenShot1254-150x150.jpg 150w\" sizes=\"auto, (max-width: 193px) 100vw, 193px\" \/><\/a><\/p>\n<h4 style=\"text-align: justify;\">Pendant la R\u00e9volution, Fran\u00e7ois BARNAB\u00c9 demeurant \u00e0 Montreux-Vieux, \u00e9poux de Marguerite GROSJEAN, sera port\u00e9 sur la liste des \u00e9migr\u00e9s du Haut-Rhin pour avoir disparu de son domicile le jour de son incorporation dans l&rsquo;arm\u00e9e r\u00e9publicaine en 1794. Il put toutefois r\u00e9int\u00e9grer son foyer l&rsquo;ann\u00e9e suivante.<\/h4>\n<h4 style=\"text-align: justify;\">Suite \u00e0 un d\u00e9sir formellement exprim\u00e9 de son vivant par Denis BARNAB\u00c9, c\u00e9libataire demeurant \u00e0 Chavannes-sur-l&rsquo;Etang, la famille Fran\u00e7ois BARNAB\u00c9 fit \u00e9riger en 1898 la croix de pierre qui se trouve au bord de la route reliant Lutran \u00e0 Valdieu \u00e0 proximit\u00e9 de l&rsquo;\u00e9cole. Sculpt\u00e9 par l&rsquo;entreprise Muller de Dannemarie, ce calvaire rempla\u00e7a une ancienne croix de mission en bois qui \u00e9tait en mauvais \u00e9tat. C&rsquo;est le cur\u00e9-doyen HALM de Dannemarie qui proc\u00e9da \u00e0 sa b\u00e9n\u00e9diction le 18 septembre de la m\u00eame ann\u00e9e en pr\u00e9sence des paroissiens, de leur charg\u00e9 d&rsquo;\u00e2mes l&rsquo;abb\u00e9 HUMBERT et des cur\u00e9s des environs (Registre des annotations de la paroisse).<\/h4>\n<h4 style=\"text-align: justify;\">Apr\u00e8s la Premi\u00e8re Guerre mondiale, la famille Emile BARNAB\u00c9-GAUTHERAT fit don \u00e0 l&rsquo;\u00e9glise de Lutran d&rsquo;une p\u00e9ta qui se trouve toujours dans la partie droite de la nef (Registre des annotations de la paroisse).<\/h4>\n<h5>sources:&nbsp;https:\/\/www.crhf.net\/fr\/index.php?t=bases&amp;d=bases%2Fnotices&amp;c=notices&amp;f=selection&amp;p=&amp;order=nom1&amp;order2=1&amp;uid=288<\/h5>\n","protected":false},"excerpt":{"rendered":"<p>Le saviez-vous &nbsp;? Fran\u00e7ois Barnab\u00e9 port\u00e9 disparu le jour de son incorporation Pendant la R\u00e9volution, Fran\u00e7ois BARNAB\u00c9 demeurant \u00e0 Montreux-Vieux, \u00e9poux de Marguerite GROSJEAN, sera port\u00e9 sur la liste des \u00e9migr\u00e9s du Haut-Rhin pour avoir disparu de son domicile le &hellip; <a href=\"https:\/\/montreux-vieux.net\/?page_id=11191\">Continuer la lecture <span class=\"meta-nav\">&rarr;<\/span><\/a><\/p>\n","protected":false},"author":1,"featured_media":0,"parent":12673,"menu_order":72,"comment_status":"closed","ping_status":"open","template":"","meta":{"footnotes":""},"class_list":["post-11191","page","type-page","status-publish","hentry"],"_links":{"self":[{"href":"https:\/\/montreux-vieux.net\/index.php?rest_route=\/wp\/v2\/pages\/11191","targetHints":{"allow":["GET"]}}],"collection":[{"href":"https:\/\/montreux-vieux.net\/index.php?rest_route=\/wp\/v2\/pages"}],"about":[{"href":"https:\/\/montreux-vieux.net\/index.php?rest_route=\/wp\/v2\/types\/page"}],"author":[{"embeddable":true,"href":"https:\/\/montreux-vieux.net\/index.php?rest_route=\/wp\/v2\/users\/1"}],"replies":[{"embeddable":true,"href":"https:\/\/montreux-vieux.net\/index.php?rest_route=%2Fwp%2Fv2%2Fcomments&post=11191"}],"version-history":[{"count":3,"href":"https:\/\/montreux-vieux.net\/index.php?rest_route=\/wp\/v2\/pages\/11191\/revisions"}],"predecessor-version":[{"id":13335,"href":"https:\/\/montreux-vieux.net\/index.php?rest_route=\/wp\/v2\/pages\/11191\/revisions\/13335"}],"up":[{"embeddable":true,"href":"https:\/\/montreux-vieux.net\/index.php?rest_route=\/wp\/v2\/pages\/12673"}],"wp:attachment":[{"href":"https:\/\/montreux-vieux.net\/index.php?rest_route=%2Fwp%2Fv2%2Fmedia&parent=11191"}],"curies":[{"name":"wp","href":"https:\/\/api.w.org\/{rel}","templated":true}]}}

Le saviez-vous  ? François Barnabé porté disparu le jour de son incorporation

<h3 style="text-align: center;">Le saviez-vous &nbsp;? François Barnabé porté disparu le jour de son incorporation</h3>
<p style="text-align: center;"><a href="http://montreux-vieux.net/montreux-vieux.net/wp-content/uploads/2018/10/ScreenShot1254.jpg" target="_blank" rel="noopener"><img loading="lazy" decoding="async" class="aligncenter wp-image-11189 size-full" src="http://montreux-vieux.net/montreux-vieux.net/wp-content/uploads/2018/10/ScreenShot1254.jpg" alt="" width="193" height="192" srcset="https://montreux-vieux.net/montreux-vieux.net/wp-content/uploads/2018/10/ScreenShot1254.jpg 193w, https://montreux-vieux.net/montreux-vieux.net/wp-content/uploads/2018/10/ScreenShot1254-150x150.jpg 150w" sizes="auto, (max-width: 193px) 100vw, 193px" /></a></p>
<h4 style="text-align: justify;">Pendant la Révolution, François BARNABÉ demeurant à Montreux-Vieux, époux de Marguerite GROSJEAN, sera porté sur la liste des émigrés du Haut-Rhin pour avoir disparu de son domicile le jour de son incorporation dans l&rsquo;armée républicaine en 1794. Il put toutefois réintégrer son foyer l&rsquo;année suivante.</h4>
<h4 style="text-align: justify;">Suite à un désir formellement exprimé de son vivant par Denis BARNABÉ, célibataire demeurant à Chavannes-sur-l&rsquo;Etang, la famille François BARNABÉ fit ériger en 1898 la croix de pierre qui se trouve au bord de la route reliant Lutran à Valdieu à proximité de l&rsquo;école. Sculpté par l&rsquo;entreprise Muller de Dannemarie, ce calvaire remplaça une ancienne croix de mission en bois qui était en mauvais état. C&rsquo;est le curé-doyen HALM de Dannemarie qui procéda à sa bénédiction le 18 septembre de la même année en présence des paroissiens, de leur chargé d&rsquo;âmes l&rsquo;abbé HUMBERT et des curés des environs (Registre des annotations de la paroisse).</h4>
<h4 style="text-align: justify;">Après la Première Guerre mondiale, la famille Emile BARNABÉ-GAUTHERAT fit don à l&rsquo;église de Lutran d&rsquo;une péta qui se trouve toujours dans la partie droite de la nef (Registre des annotations de la paroisse).</h4>
<h5>sources:&nbsp;https://www.crhf.net/fr/index.php?t=bases&amp;d=bases%2Fnotices&amp;c=notices&amp;f=selection&amp;p=&amp;order=nom1&amp;order2=1&amp;uid=288</h5>

<p>Le saviez-vous &nbsp;? François Barnabé porté disparu le jour de son incorporation Pendant la Révolution, François BARNABÉ demeurant à Montreux-Vieux, époux de Marguerite GROSJEAN, sera porté sur la liste des émigrés du Haut-Rhin pour avoir disparu de son domicile le &hellip; <a href="https://montreux-vieux.net/?page_id=11191">Continuer la lecture <span class="meta-nav">&rarr;</span></a></p>
