{"id":11252,"date":"2018-10-11T10:01:56","date_gmt":"2018-10-11T09:01:56","guid":{"rendered":"http:\/\/montreux-vieux.net\/?page_id=11252"},"modified":"2025-11-03T10:28:30","modified_gmt":"2025-11-03T09:28:30","slug":"reiset-de-une-famille-noble-de-haute-alsace-etablie-a-montreux-vieux","status":"publish","type":"page","link":"https:\/\/montreux-vieux.net\/?page_id=11252","title":{"rendered":"Reiset (de) une famille noble de Haute Alsace \u00e9tablie \u00e0 Montreux-Vieux"},"content":{"rendered":"<h3 style=\"text-align: center;\">Reiset (de) une famille noble de Haute Alsace \u00e9tablie \u00e0 Montreux-Vieux<\/h3>\n<div id=\"attachment_11250\" style=\"width: 264px\" class=\"wp-caption aligncenter\"><a href=\"http:\/\/montreux-vieux.net\/montreux-vieux.net\/wp-content\/uploads\/2018\/10\/ScreenShot1279.jpg\" target=\"_blank\" rel=\"noopener\"><img loading=\"lazy\" decoding=\"async\" aria-describedby=\"caption-attachment-11250\" class=\"wp-image-11250 size-full\" src=\"http:\/\/montreux-vieux.net\/montreux-vieux.net\/wp-content\/uploads\/2018\/10\/ScreenShot1279.jpg\" alt=\"\" width=\"254\" height=\"177\"><\/a><p id=\"caption-attachment-11250\" class=\"wp-caption-text\">Le Ch\u00e2teau de Ferrette<\/p><\/div>\n<h4 style=\"text-align: justify;\">Reiset (de), famille noble de la Haute&nbsp;Alsace, originaire de Lorraine, \u00e9tablie &nbsp;d\u00e8s le XIVe si\u00e8cle en Bourgogne, vint se fixer dans le comt\u00e9 de Ferrette, en 1470. Henry, \u00a0\u00bb escuier d&rsquo;Escuirie \u00a0\u00bb de Philippe le Bon, duc de Bourgogne, lui pr\u00eata hommage dans un acte du 11 novembre 1429 \u00a0\u00bb&nbsp;de ses chastel, terre et seigneurie de Saint-Loup\u00a0\u00bb, &nbsp;et, lorsque le .comt\u00e9 de Ferrette avait \u00e9t\u00e9 engag\u00e9, de 1469 \u00e0 1474, \u00e0 Charles-le-T\u00e9m\u00e9raire par l&rsquo;archiduc Sigismond d&rsquo;Autriche, il vint s&rsquo;\u00e9tablir dans ce comt\u00e9. Sa post\u00e9rit\u00e9 occupa plus tard en Alsace les charges les plus honorables et s&rsquo;allia aux meilleures familles du pays. De Reiset porte pour armes d&rsquo;azur au croissant d&rsquo;argent, surmont\u00e9 d&rsquo;un tr\u00e8fle d&rsquo;or et soutenu d&rsquo;un mont de trois coupeaux du mime. Sa devise \u00e9tait ;&nbsp;Faire sans dire, &nbsp;Claude, arri\u00e8re-petit&nbsp;fils de Guillaume qui vivait en 1544 au ch\u00e2teau de Ferrette et est qualifi\u00e9 do noble et d&rsquo;\u00e9euyer dans un titre authentique mentionn\u00e9 par d&rsquo;Hozier, \u00e9tait grand&nbsp;bailli de <span class=\"highlightedText\">Montreux<\/span> et de Rougemont, quand il acquit, en 1685, le fief de Chavanatte, situ\u00e9 \u00e0 une lieue du ch\u00e2teau de Florimont : ce ch\u00e2teau avait pass\u00e9, \u00e0 l&rsquo;extinction de son seigneur Jean-Henri de Chavanatte, \u00e0 la famille de Reinach. Claude fut un des principaux fondateurs de la Confr\u00e9rie dite du Saint-Sacrement, \u00e9tablie \u00e0 <span class=\"highlightedText\">Montreux-Vieux<\/span> en 1696, \u00e0 laquelle le.pape Beno\u00eet XIV accorda, le 8 avril 1758, de grandes indulgences. (Voy. Pri\u00e8res \u00e0 tusa\u00e7e de la Confr\u00e9rie de <span class=\"highlightedText\">Montreux<\/span> en Alsace, Paris, Maillet \u00e9diteur 1861). Il \u00e9pousa Anne Esther de Moug\u00e9 qui lui donna deux fils, Nicolas&nbsp;Humbcrt et Fran\u00e7ois-Joconde, bailli de Florimont, chef de la branche cadette de D\u00e9lie. Son fr\u00e8re, Anselme, entra dans l&rsquo;ordre des capucins de Toulouse et se fit une grande r\u00e9putation comme pr\u00e9dicateur et \u00e9crivain asc\u00e9tique. On a de lui entre autres ouvrages ; Entretiens de Th\u00e9ophile et d&rsquo;Olympie, imprim\u00e9 \u00e0 Toulouse en 1683.<\/h4>\n<h5>sources: Dictionnaire de biographie des hommes c\u00e9k\u00e8bres de l&rsquo;Alsace: depuis les temps&nbsp;<span id=\"documentAuthorText\">Sitzmann, \u00c9douard (1836-1918). Auteur du texte<\/span><\/h5>\n<p>&nbsp;<\/p>\n\n\n<figure class=\"wp-block-image size-large\"><img loading=\"lazy\" decoding=\"async\" width=\"646\" height=\"1024\" src=\"https:\/\/montreux-vieux.net\/montreux-vieux.net\/wp-content\/uploads\/2025\/11\/Dictionnaire_de_biographie_des_hommes_.Sitzmann_Edouard_bpt6k56969583_548-646x1024.jpeg\" alt=\"\" class=\"wp-image-28357\" srcset=\"https:\/\/montreux-vieux.net\/montreux-vieux.net\/wp-content\/uploads\/2025\/11\/Dictionnaire_de_biographie_des_hommes_.Sitzmann_Edouard_bpt6k56969583_548-646x1024.jpeg 646w, https:\/\/montreux-vieux.net\/montreux-vieux.net\/wp-content\/uploads\/2025\/11\/Dictionnaire_de_biographie_des_hommes_.Sitzmann_Edouard_bpt6k56969583_548-189x300.jpeg 189w, https:\/\/montreux-vieux.net\/montreux-vieux.net\/wp-content\/uploads\/2025\/11\/Dictionnaire_de_biographie_des_hommes_.Sitzmann_Edouard_bpt6k56969583_548-768x1217.jpeg 768w, https:\/\/montreux-vieux.net\/montreux-vieux.net\/wp-content\/uploads\/2025\/11\/Dictionnaire_de_biographie_des_hommes_.Sitzmann_Edouard_bpt6k56969583_548-969x1536.jpeg 969w, https:\/\/montreux-vieux.net\/montreux-vieux.net\/wp-content\/uploads\/2025\/11\/Dictionnaire_de_biographie_des_hommes_.Sitzmann_Edouard_bpt6k56969583_548.jpeg 988w\" sizes=\"auto, (max-width: 646px) 100vw, 646px\" \/><\/figure>\n","protected":false},"excerpt":{"rendered":"<p>Reiset (de) une famille noble de Haute Alsace \u00e9tablie \u00e0 Montreux-Vieux Reiset (de), famille noble de la Haute&nbsp;Alsace, originaire de Lorraine, \u00e9tablie &nbsp;d\u00e8s le XIVe si\u00e8cle en Bourgogne, vint se fixer dans le comt\u00e9 de Ferrette, en 1470. Henry, \u00a0\u00bb &hellip; <a href=\"https:\/\/montreux-vieux.net\/?page_id=11252\">Continuer la lecture <span class=\"meta-nav\">&rarr;<\/span><\/a><\/p>\n","protected":false},"author":1,"featured_media":0,"parent":4091,"menu_order":30,"comment_status":"closed","ping_status":"open","template":"","meta":{"footnotes":""},"class_list":["post-11252","page","type-page","status-publish","hentry"],"_links":{"self":[{"href":"https:\/\/montreux-vieux.net\/index.php?rest_route=\/wp\/v2\/pages\/11252","targetHints":{"allow":["GET"]}}],"collection":[{"href":"https:\/\/montreux-vieux.net\/index.php?rest_route=\/wp\/v2\/pages"}],"about":[{"href":"https:\/\/montreux-vieux.net\/index.php?rest_route=\/wp\/v2\/types\/page"}],"author":[{"embeddable":true,"href":"https:\/\/montreux-vieux.net\/index.php?rest_route=\/wp\/v2\/users\/1"}],"replies":[{"embeddable":true,"href":"https:\/\/montreux-vieux.net\/index.php?rest_route=%2Fwp%2Fv2%2Fcomments&post=11252"}],"version-history":[{"count":3,"href":"https:\/\/montreux-vieux.net\/index.php?rest_route=\/wp\/v2\/pages\/11252\/revisions"}],"predecessor-version":[{"id":28358,"href":"https:\/\/montreux-vieux.net\/index.php?rest_route=\/wp\/v2\/pages\/11252\/revisions\/28358"}],"up":[{"embeddable":true,"href":"https:\/\/montreux-vieux.net\/index.php?rest_route=\/wp\/v2\/pages\/4091"}],"wp:attachment":[{"href":"https:\/\/montreux-vieux.net\/index.php?rest_route=%2Fwp%2Fv2%2Fmedia&parent=11252"}],"curies":[{"name":"wp","href":"https:\/\/api.w.org\/{rel}","templated":true}]}}