{"id":11281,"date":"2018-10-12T12:53:10","date_gmt":"2018-10-12T11:53:10","guid":{"rendered":"http:\/\/montreux-vieux.net\/?page_id=11281"},"modified":"2019-01-02T11:21:36","modified_gmt":"2019-01-02T10:21:36","slug":"autorisation-de-deux-postes-daiguillage-commandes-par-la-meme-interface","status":"publish","type":"page","link":"https:\/\/montreux-vieux.net\/?page_id=11281","title":{"rendered":"Autorisation de deux postes d&rsquo;aiguillage command\u00e9s par la m\u00eame interface"},"content":{"rendered":"<h3 style=\"text-align: center;\">Autorisation de deux postes d&rsquo;aiguillage command\u00e9s par la m\u00eame interface<\/h3>\n<p style=\"text-align: center;\"><a href=\"http:\/\/montreux-vieux.net\/montreux-vieux.net\/wp-content\/uploads\/2018\/10\/ScreenShot1290.jpg\" target=\"_blank\" rel=\"noopener\"><img loading=\"lazy\" decoding=\"async\" class=\"aligncenter wp-image-11279 size-full\" src=\"http:\/\/montreux-vieux.net\/montreux-vieux.net\/wp-content\/uploads\/2018\/10\/ScreenShot1290.jpg\" alt=\"\" width=\"297\" height=\"201\"><\/a><\/p>\n<div class=\"field field-name-body field-type-text-with-summary field-label-hidden\">\n<div class=\"field-items\">\n<div class=\"field-item even\">\n<h4 style=\"text-align: justify;\">&nbsp;Le 28 juillet2011, l\u2019EPSF a autoris\u00e9 la mise en exploitation commerciale de deux postes d\u2019aiguillage qui sont command\u00e9s par la m\u00eame interface MISTRAL depuis le poste 2 d\u2019Altkirch.<\/h4>\n<h4 style=\"text-align: justify;\">Le PIPC, r\u00e9alis\u00e9 par THALES, de Petit Croix commande le raccordement avec la communication existante de la LGV RR \u00e0 la ligne classique et la communication cr\u00e9\u00e9e \u00e0 la sortie du raccordement de Petit Croix. Ce poste commande 12 itin\u00e9raires, il comporte 15 objets (6 signaux, 9 aiguilles).<\/h4>\n<h4 style=\"text-align: justify;\">Le PIPC, \u00e9galement, r\u00e9alis\u00e9 par THALES, de Montreux-Vieux commande la communication existante \u00e0 l\u2019entr\u00e9e de la gare de Montreux-Vieux et l\u2019acc\u00e8s \u00e0 la base maintenance. Ce nouveau poste int\u00e8gre les installations de s\u00e9curit\u00e9 command\u00e9es actuellement par le PRS de Montreux-Vieux qui sera supprim\u00e9. Ce poste commande 12 itin\u00e9raires, il comporte 12 objets (8 signaux et 4 aiguilles).<\/h4>\n<h5>sources&nbsp;http:\/\/www.securite-ferroviaire.fr\/actualites\/autorisation-de-deux-postes-daiguillage-commandes-par-la-meme-interface<\/h5>\n<\/div>\n<\/div>\n<\/div>\n","protected":false},"excerpt":{"rendered":"<p>Autorisation de deux postes d&rsquo;aiguillage command\u00e9s par la m\u00eame interface &nbsp;Le 28 juillet2011, l\u2019EPSF a autoris\u00e9 la mise en exploitation commerciale de deux postes d\u2019aiguillage qui sont command\u00e9s par la m\u00eame interface MISTRAL depuis le poste 2 d\u2019Altkirch. Le PIPC, &hellip; <a href=\"https:\/\/montreux-vieux.net\/?page_id=11281\">Continuer la lecture <span class=\"meta-nav\">&rarr;<\/span><\/a><\/p>\n","protected":false},"author":1,"featured_media":0,"parent":13007,"menu_order":30,"comment_status":"closed","ping_status":"open","template":"","meta":{"footnotes":""},"class_list":["post-11281","page","type-page","status-publish","hentry"],"_links":{"self":[{"href":"https:\/\/montreux-vieux.net\/index.php?rest_route=\/wp\/v2\/pages\/11281","targetHints":{"allow":["GET"]}}],"collection":[{"href":"https:\/\/montreux-vieux.net\/index.php?rest_route=\/wp\/v2\/pages"}],"about":[{"href":"https:\/\/montreux-vieux.net\/index.php?rest_route=\/wp\/v2\/types\/page"}],"author":[{"embeddable":true,"href":"https:\/\/montreux-vieux.net\/index.php?rest_route=\/wp\/v2\/users\/1"}],"replies":[{"embeddable":true,"href":"https:\/\/montreux-vieux.net\/index.php?rest_route=%2Fwp%2Fv2%2Fcomments&post=11281"}],"version-history":[{"count":2,"href":"https:\/\/montreux-vieux.net\/index.php?rest_route=\/wp\/v2\/pages\/11281\/revisions"}],"predecessor-version":[{"id":13294,"href":"https:\/\/montreux-vieux.net\/index.php?rest_route=\/wp\/v2\/pages\/11281\/revisions\/13294"}],"up":[{"embeddable":true,"href":"https:\/\/montreux-vieux.net\/index.php?rest_route=\/wp\/v2\/pages\/13007"}],"wp:attachment":[{"href":"https:\/\/montreux-vieux.net\/index.php?rest_route=%2Fwp%2Fv2%2Fmedia&parent=11281"}],"curies":[{"name":"wp","href":"https:\/\/api.w.org\/{rel}","templated":true}]}}