{"id":11326,"date":"2018-10-16T13:34:47","date_gmt":"2018-10-16T12:34:47","guid":{"rendered":"http:\/\/montreux-vieux.net\/?page_id=11326"},"modified":"2019-01-02T13:15:51","modified_gmt":"2019-01-02T12:15:51","slug":"le-saviez-vous-essai-de-transports-de-fleurs-par-montreux-vieux","status":"publish","type":"page","link":"https:\/\/montreux-vieux.net\/?page_id=11326","title":{"rendered":"Le saviez-vous\u00a0? Essai de transports de fleurs par Montreux-Vieux"},"content":{"rendered":"<h3 style=\"text-align: center;\">Le saviez-vous&nbsp;? Essai de transports de fleurs par Montreux-Vieux<\/h3>\n<p style=\"text-align: center;\"><a href=\"http:\/\/montreux-vieux.net\/montreux-vieux.net\/wp-content\/uploads\/2018\/10\/ScreenShot1310.jpg\" target=\"_blank\" rel=\"noopener\"><img loading=\"lazy\" decoding=\"async\" class=\"aligncenter wp-image-11324 size-full\" src=\"http:\/\/montreux-vieux.net\/montreux-vieux.net\/wp-content\/uploads\/2018\/10\/ScreenShot1310.jpg\" alt=\"\" width=\"559\" height=\"313\" srcset=\"https:\/\/montreux-vieux.net\/montreux-vieux.net\/wp-content\/uploads\/2018\/10\/ScreenShot1310.jpg 559w, https:\/\/montreux-vieux.net\/montreux-vieux.net\/wp-content\/uploads\/2018\/10\/ScreenShot1310-300x168.jpg 300w\" sizes=\"auto, (max-width: 559px) 100vw, 559px\" \/><\/a><\/p>\n<h4 style=\"text-align: justify;\">Un essai de transports de &nbsp;fleurs par wagons frigorifiques de Nice au &nbsp;Nord et en Allemagne par Montreux-Vieux fronti\u00e8re allemande a eu lieu du 15 au 30 avril 1914. Apparemment concluant d&rsquo;autres se sont succ\u00e9d\u00e9s.<\/h4>\n<h6>Sources&nbsp;: Bulletin mensuel, Volumes 54 \u00e0 56 Soci\u00e9t\u00e9 centrale d&rsquo;agriculture, d&rsquo;horticulture et d&rsquo;acclimatation de Nice et des Alpes-Maritimes 1914<\/h6>\n","protected":false},"excerpt":{"rendered":"<p>Le saviez-vous&nbsp;? Essai de transports de fleurs par Montreux-Vieux Un essai de transports de &nbsp;fleurs par wagons frigorifiques de Nice au &nbsp;Nord et en Allemagne par Montreux-Vieux fronti\u00e8re allemande a eu lieu du 15 au 30 avril 1914. Apparemment concluant &hellip; <a href=\"https:\/\/montreux-vieux.net\/?page_id=11326\">Continuer la lecture <span class=\"meta-nav\">&rarr;<\/span><\/a><\/p>\n","protected":false},"author":1,"featured_media":0,"parent":13007,"menu_order":34,"comment_status":"closed","ping_status":"open","template":"","meta":{"footnotes":""},"class_list":["post-11326","page","type-page","status-publish","hentry"],"_links":{"self":[{"href":"https:\/\/montreux-vieux.net\/index.php?rest_route=\/wp\/v2\/pages\/11326","targetHints":{"allow":["GET"]}}],"collection":[{"href":"https:\/\/montreux-vieux.net\/index.php?rest_route=\/wp\/v2\/pages"}],"about":[{"href":"https:\/\/montreux-vieux.net\/index.php?rest_route=\/wp\/v2\/types\/page"}],"author":[{"embeddable":true,"href":"https:\/\/montreux-vieux.net\/index.php?rest_route=\/wp\/v2\/users\/1"}],"replies":[{"embeddable":true,"href":"https:\/\/montreux-vieux.net\/index.php?rest_route=%2Fwp%2Fv2%2Fcomments&post=11326"}],"version-history":[{"count":2,"href":"https:\/\/montreux-vieux.net\/index.php?rest_route=\/wp\/v2\/pages\/11326\/revisions"}],"predecessor-version":[{"id":13321,"href":"https:\/\/montreux-vieux.net\/index.php?rest_route=\/wp\/v2\/pages\/11326\/revisions\/13321"}],"up":[{"embeddable":true,"href":"https:\/\/montreux-vieux.net\/index.php?rest_route=\/wp\/v2\/pages\/13007"}],"wp:attachment":[{"href":"https:\/\/montreux-vieux.net\/index.php?rest_route=%2Fwp%2Fv2%2Fmedia&parent=11326"}],"curies":[{"name":"wp","href":"https:\/\/api.w.org\/{rel}","templated":true}]}}