{"id":11374,"date":"2018-10-18T13:43:48","date_gmt":"2018-10-18T12:43:48","guid":{"rendered":"http:\/\/montreux-vieux.net\/?page_id=11374"},"modified":"2019-01-02T13:13:15","modified_gmt":"2019-01-02T12:13:15","slug":"le-saviez-vous-la-population-de-balschwiller-et-ueberkumen-evacuee-sur-la-region-de-montreux-vieux-durant-la-guerre-1914-1918","status":"publish","type":"page","link":"https:\/\/montreux-vieux.net\/?page_id=11374","title":{"rendered":"Le Saviez-vous ? La population de Balschwiller et Ueberkumen \u00e9vacu\u00e9e sur la r\u00e9gion de Montreux-Vieux durant la guerre 1914 &#8211; 1918"},"content":{"rendered":"<h3 style=\"text-align: center;\">La population de Balschwiller et Ueberkumen \u00e9vacu\u00e9e sur la r\u00e9gion de Montreux-Vieux durant la guerre 1914 &#8211; 1918<\/h3>\n<p style=\"text-align: center;\"><a href=\"http:\/\/montreux-vieux.net\/montreux-vieux.net\/wp-content\/uploads\/2018\/10\/ScreenShot1231.jpg\" target=\"_blank\" rel=\"noopener\"><img loading=\"lazy\" decoding=\"async\" class=\"aligncenter wp-image-11372 size-full\" src=\"http:\/\/montreux-vieux.net\/montreux-vieux.net\/wp-content\/uploads\/2018\/10\/ScreenShot1231.jpg\" alt=\"\" width=\"297\" height=\"457\"><\/a><\/p>\n<h4 style=\"text-align: justify;\">Lorsque la premi\u00e8re guerre mondiale s\u2019abattit sur notre r\u00e9gion. : BALSCHWILLER et UEBERKUMEN furent occup\u00e9s d\u00e9finitivement par les troupes fran\u00e7aises au mois de septembre 1914. Le front passait par la route de BURNHAUPT : les deux villages \u00e9taient donc situ\u00e9s \u00e0 proximit\u00e9 imm\u00e9diate des tranch\u00e9es et formaient une importante position strat\u00e9gique dans cette partie du front du Sundgau. Ils subirent de nombreux bombardements d\u2019artillerie surtout en 1914, en 1915 et en 1916. La population fut \u00e9vacu\u00e9e dans la r\u00e9gion de MONTREUX-VIEUX. La reconstruction dura plusieurs ann\u00e9es : l\u2019\u00e9glise paroissiale fut reconstruite, ce qui ne fut pas le cas pour la chapelle St-Nicolas.<\/h4>\n","protected":false},"excerpt":{"rendered":"<p>La population de Balschwiller et Ueberkumen \u00e9vacu\u00e9e sur la r\u00e9gion de Montreux-Vieux durant la guerre 1914 &#8211; 1918 Lorsque la premi\u00e8re guerre mondiale s\u2019abattit sur notre r\u00e9gion. : BALSCHWILLER et UEBERKUMEN furent occup\u00e9s d\u00e9finitivement par les troupes fran\u00e7aises au mois &hellip; <a href=\"https:\/\/montreux-vieux.net\/?page_id=11374\">Continuer la lecture <span class=\"meta-nav\">&rarr;<\/span><\/a><\/p>\n","protected":false},"author":1,"featured_media":0,"parent":12673,"menu_order":66,"comment_status":"closed","ping_status":"open","template":"","meta":{"footnotes":""},"class_list":["post-11374","page","type-page","status-publish","hentry"],"_links":{"self":[{"href":"https:\/\/montreux-vieux.net\/index.php?rest_route=\/wp\/v2\/pages\/11374","targetHints":{"allow":["GET"]}}],"collection":[{"href":"https:\/\/montreux-vieux.net\/index.php?rest_route=\/wp\/v2\/pages"}],"about":[{"href":"https:\/\/montreux-vieux.net\/index.php?rest_route=\/wp\/v2\/types\/page"}],"author":[{"embeddable":true,"href":"https:\/\/montreux-vieux.net\/index.php?rest_route=\/wp\/v2\/users\/1"}],"replies":[{"embeddable":true,"href":"https:\/\/montreux-vieux.net\/index.php?rest_route=%2Fwp%2Fv2%2Fcomments&post=11374"}],"version-history":[{"count":2,"href":"https:\/\/montreux-vieux.net\/index.php?rest_route=\/wp\/v2\/pages\/11374\/revisions"}],"predecessor-version":[{"id":13320,"href":"https:\/\/montreux-vieux.net\/index.php?rest_route=\/wp\/v2\/pages\/11374\/revisions\/13320"}],"up":[{"embeddable":true,"href":"https:\/\/montreux-vieux.net\/index.php?rest_route=\/wp\/v2\/pages\/12673"}],"wp:attachment":[{"href":"https:\/\/montreux-vieux.net\/index.php?rest_route=%2Fwp%2Fv2%2Fmedia&parent=11374"}],"curies":[{"name":"wp","href":"https:\/\/api.w.org\/{rel}","templated":true}]}}