{"id":11432,"date":"2018-10-21T12:51:59","date_gmt":"2018-10-21T11:51:59","guid":{"rendered":"http:\/\/montreux-vieux.net\/?page_id=11432"},"modified":"2019-01-02T17:10:32","modified_gmt":"2019-01-02T16:10:32","slug":"on-pouvait-lire-un-passeport-sanitaire-en-1892","status":"publish","type":"page","link":"https:\/\/montreux-vieux.net\/?page_id=11432","title":{"rendered":"On pouvait lire: Un passeport sanitaire en 1892"},"content":{"rendered":"<h3 style=\"text-align: center;\">On pouvait lire: Un passeport sanitaire en 1892<\/h3>\n<p><a href=\"http:\/\/montreux-vieux.net\/montreux-vieux.net\/wp-content\/uploads\/2018\/10\/ScreenShot1337.jpg\" target=\"_blank\" rel=\"noopener\"><img loading=\"lazy\" decoding=\"async\" class=\"aligncenter wp-image-11430 size-medium\" src=\"http:\/\/montreux-vieux.net\/montreux-vieux.net\/wp-content\/uploads\/2018\/10\/ScreenShot1337-177x300.jpg\" alt=\"\" width=\"177\" height=\"300\" srcset=\"https:\/\/montreux-vieux.net\/montreux-vieux.net\/wp-content\/uploads\/2018\/10\/ScreenShot1337-177x300.jpg 177w, https:\/\/montreux-vieux.net\/montreux-vieux.net\/wp-content\/uploads\/2018\/10\/ScreenShot1337.jpg 335w\" sizes=\"auto, (max-width: 177px) 100vw, 177px\" \/><\/a><\/p>\n<h4 style=\"text-align: justify;\">Le voyageur est tenu de pr\u00e9senter ce bulletin au maire&nbsp;de la localit\u00e9 dans laquelle il se rendra, et, l\u00e0, il subira une&nbsp;nouvelle inspection et sera observ\u00e9 pendant le nombre de&nbsp;jours correspondant \u00e0 l&rsquo;incubation du chol\u00e9ra. La visite des&nbsp;bagages est faite avec le plus grand soin par les employ\u00e9s&nbsp;de la douane, assist\u00e9s d&rsquo;un infirmier du poste. Les malles&nbsp;seront ouvertes, les linges &lsquo;sales et tous les objets pouvant&nbsp;\u00eatre contamin\u00e9s ne seront rendus \u00e0 leur propri\u00e9taire qu&rsquo;apr\u00e8s avoir subi la d\u00e9sinfection au moyen de l&rsquo;\u00e9tuve \u00e0&nbsp;vapeur.<\/h4>\n<h4 style=\"text-align: justify;\">Belfort, 4 septembre 1892: Le docteur Ricklin dirige le&nbsp;service m\u00e9dical \u00e0&nbsp;<strong>Montreux-Vieux<\/strong>&nbsp;Les appareils \u00e0 d\u00e9sinfection sont pr\u00eats. A Petit-Croix, les trains provenant de&nbsp;Paris subissent une inspection. Pour les trains provenant&nbsp;d&rsquo;Alsace, chaque voyageur passe dans une petite chambre&nbsp;garnie de trois tables, il subit un interrogatoire minutieux,&nbsp;par deux m\u00e9decins. Il y a trois types de passeport sanitaire,&nbsp;format postal un jaune pour les voyageurs, portant avertissement des p\u00e9nalit\u00e9s encourues en cas de non-remise de&nbsp;la carte au point de destination un bleu pour le maire un&nbsp;rouge pour le pr\u00e9fet de police \u00e0 Paris. Ces cartes portent un&nbsp;num\u00e9ro correspondant et, en outre, le signalement des voyageurs. L&rsquo;appareil de d\u00e9sinfection \u00e0 vapeur fonctionne en permanence. Une baraque d&rsquo;isolement, en planches, est en&nbsp;voie de construction \u00e0 200 m\u00e8tres de la gare, en pleins champs. Plusieurs cartes ont d\u00e9j\u00e0 \u00e9t\u00e9 distribu\u00e9es.<\/h4>\n<h6>sources:&nbsp;16 Septembre 1892 &nbsp;LA PROVINCE MEDICALE N? 38 453<\/h6>\n","protected":false},"excerpt":{"rendered":"<p>On pouvait lire: Un passeport sanitaire en 1892 Le voyageur est tenu de pr\u00e9senter ce bulletin au maire&nbsp;de la localit\u00e9 dans laquelle il se rendra, et, l\u00e0, il subira une&nbsp;nouvelle inspection et sera observ\u00e9 pendant le nombre de&nbsp;jours correspondant \u00e0 &hellip; <a href=\"https:\/\/montreux-vieux.net\/?page_id=11432\">Continuer la lecture <span class=\"meta-nav\">&rarr;<\/span><\/a><\/p>\n","protected":false},"author":1,"featured_media":0,"parent":13013,"menu_order":34,"comment_status":"closed","ping_status":"open","template":"","meta":{"footnotes":""},"class_list":["post-11432","page","type-page","status-publish","hentry"],"_links":{"self":[{"href":"https:\/\/montreux-vieux.net\/index.php?rest_route=\/wp\/v2\/pages\/11432","targetHints":{"allow":["GET"]}}],"collection":[{"href":"https:\/\/montreux-vieux.net\/index.php?rest_route=\/wp\/v2\/pages"}],"about":[{"href":"https:\/\/montreux-vieux.net\/index.php?rest_route=\/wp\/v2\/types\/page"}],"author":[{"embeddable":true,"href":"https:\/\/montreux-vieux.net\/index.php?rest_route=\/wp\/v2\/users\/1"}],"replies":[{"embeddable":true,"href":"https:\/\/montreux-vieux.net\/index.php?rest_route=%2Fwp%2Fv2%2Fcomments&post=11432"}],"version-history":[{"count":3,"href":"https:\/\/montreux-vieux.net\/index.php?rest_route=\/wp\/v2\/pages\/11432\/revisions"}],"predecessor-version":[{"id":13388,"href":"https:\/\/montreux-vieux.net\/index.php?rest_route=\/wp\/v2\/pages\/11432\/revisions\/13388"}],"up":[{"embeddable":true,"href":"https:\/\/montreux-vieux.net\/index.php?rest_route=\/wp\/v2\/pages\/13013"}],"wp:attachment":[{"href":"https:\/\/montreux-vieux.net\/index.php?rest_route=%2Fwp%2Fv2%2Fmedia&parent=11432"}],"curies":[{"name":"wp","href":"https:\/\/api.w.org\/{rel}","templated":true}]}}