{"id":11504,"date":"2018-10-29T15:55:08","date_gmt":"2018-10-29T14:55:08","guid":{"rendered":"http:\/\/montreux-vieux.net\/?page_id=11504"},"modified":"2019-01-02T17:15:47","modified_gmt":"2019-01-02T16:15:47","slug":"la-medaille-dargent-au-facteur-superieur-poore-jean-de-montreux-vieux","status":"publish","type":"page","link":"https:\/\/montreux-vieux.net\/?page_id=11504","title":{"rendered":"La m\u00e9daille d&rsquo;argent au facteur sup\u00e9rieur Poore Jean de Montreux-Vieux"},"content":{"rendered":"<h3 style=\"text-align: center;\">La m\u00e9daille d&rsquo;argent au facteur sup\u00e9rieur Poore Jean de Montreux-Vieux<\/h3>\n<h4 style=\"text-align: justify;\">Du Contingent sp\u00e9cial \u00e0 l&rsquo;Alsace et Lorraine, la m\u00e9daille d&rsquo;argent de la Poste &nbsp;et T\u00e9l\u00e9graphes est d\u00e9cern\u00e9e \u00e0 Poore &nbsp;(Jean), &nbsp;facteur sup\u00e9rieur \u00e0&nbsp;Montreux-Vieux en 1920. Le nom est peut-\u00eatre \u00ab\u00a0Poure.\u00a0\u00bb<\/h4>\n<p style=\"text-align: center;\"><a href=\"http:\/\/montreux-vieux.net\/montreux-vieux.net\/wp-content\/uploads\/2017\/10\/Photos-div-2017-Germaine-21-octobre-2017-012.jpg\" target=\"_blank\" rel=\"noopener\"><img loading=\"lazy\" decoding=\"async\" class=\"aligncenter wp-image-9906 size-full\" src=\"http:\/\/montreux-vieux.net\/montreux-vieux.net\/wp-content\/uploads\/2017\/10\/Photos-div-2017-Germaine-21-octobre-2017-012.jpg\" alt=\"\" width=\"650\" height=\"488\" srcset=\"https:\/\/montreux-vieux.net\/montreux-vieux.net\/wp-content\/uploads\/2017\/10\/Photos-div-2017-Germaine-21-octobre-2017-012.jpg 650w, https:\/\/montreux-vieux.net\/montreux-vieux.net\/wp-content\/uploads\/2017\/10\/Photos-div-2017-Germaine-21-octobre-2017-012-300x225.jpg 300w, https:\/\/montreux-vieux.net\/montreux-vieux.net\/wp-content\/uploads\/2017\/10\/Photos-div-2017-Germaine-21-octobre-2017-012-600x450.jpg 600w\" sizes=\"auto, (max-width: 650px) 100vw, 650px\" \/><\/a><\/p>\n<h6>Sources :Bulletin mensuel des postes et t\u00e9l\u00e9graphes France. Minist\u00e8re des postes n\u00b025 de 1920<\/h6>\n<p>&nbsp;<\/p>\n","protected":false},"excerpt":{"rendered":"<p>La m\u00e9daille d&rsquo;argent au facteur sup\u00e9rieur Poore Jean de Montreux-Vieux Du Contingent sp\u00e9cial \u00e0 l&rsquo;Alsace et Lorraine, la m\u00e9daille d&rsquo;argent de la Poste &nbsp;et T\u00e9l\u00e9graphes est d\u00e9cern\u00e9e \u00e0 Poore &nbsp;(Jean), &nbsp;facteur sup\u00e9rieur \u00e0&nbsp;Montreux-Vieux en 1920. Le nom est peut-\u00eatre \u00ab\u00a0Poure.\u00a0\u00bb &hellip; <a href=\"https:\/\/montreux-vieux.net\/?page_id=11504\">Continuer la lecture <span class=\"meta-nav\">&rarr;<\/span><\/a><\/p>\n","protected":false},"author":1,"featured_media":0,"parent":13095,"menu_order":24,"comment_status":"closed","ping_status":"open","template":"","meta":{"footnotes":""},"class_list":["post-11504","page","type-page","status-publish","hentry"],"_links":{"self":[{"href":"https:\/\/montreux-vieux.net\/index.php?rest_route=\/wp\/v2\/pages\/11504","targetHints":{"allow":["GET"]}}],"collection":[{"href":"https:\/\/montreux-vieux.net\/index.php?rest_route=\/wp\/v2\/pages"}],"about":[{"href":"https:\/\/montreux-vieux.net\/index.php?rest_route=\/wp\/v2\/types\/page"}],"author":[{"embeddable":true,"href":"https:\/\/montreux-vieux.net\/index.php?rest_route=\/wp\/v2\/users\/1"}],"replies":[{"embeddable":true,"href":"https:\/\/montreux-vieux.net\/index.php?rest_route=%2Fwp%2Fv2%2Fcomments&post=11504"}],"version-history":[{"count":2,"href":"https:\/\/montreux-vieux.net\/index.php?rest_route=\/wp\/v2\/pages\/11504\/revisions"}],"predecessor-version":[{"id":13390,"href":"https:\/\/montreux-vieux.net\/index.php?rest_route=\/wp\/v2\/pages\/11504\/revisions\/13390"}],"up":[{"embeddable":true,"href":"https:\/\/montreux-vieux.net\/index.php?rest_route=\/wp\/v2\/pages\/13095"}],"wp:attachment":[{"href":"https:\/\/montreux-vieux.net\/index.php?rest_route=%2Fwp%2Fv2%2Fmedia&parent=11504"}],"curies":[{"name":"wp","href":"https:\/\/api.w.org\/{rel}","templated":true}]}}

La médaille d&rsquo;argent au facteur supérieur Poore Jean de Montreux-Vieux

<h3 style="text-align: center;">La médaille d&rsquo;argent au facteur supérieur Poore Jean de Montreux-Vieux</h3>
<h4 style="text-align: justify;">Du Contingent spécial à l&rsquo;Alsace et Lorraine, la médaille d&rsquo;argent de la Poste &nbsp;et Télégraphes est décernée à Poore &nbsp;(Jean), &nbsp;facteur supérieur à&nbsp;Montreux-Vieux en 1920. Le nom est peut-être « Poure. »</h4>
<p style="text-align: center;"><a href="http://montreux-vieux.net/montreux-vieux.net/wp-content/uploads/2017/10/Photos-div-2017-Germaine-21-octobre-2017-012.jpg" target="_blank" rel="noopener"><img loading="lazy" decoding="async" class="aligncenter wp-image-9906 size-full" src="http://montreux-vieux.net/montreux-vieux.net/wp-content/uploads/2017/10/Photos-div-2017-Germaine-21-octobre-2017-012.jpg" alt="" width="650" height="488" srcset="https://montreux-vieux.net/montreux-vieux.net/wp-content/uploads/2017/10/Photos-div-2017-Germaine-21-octobre-2017-012.jpg 650w, https://montreux-vieux.net/montreux-vieux.net/wp-content/uploads/2017/10/Photos-div-2017-Germaine-21-octobre-2017-012-300x225.jpg 300w, https://montreux-vieux.net/montreux-vieux.net/wp-content/uploads/2017/10/Photos-div-2017-Germaine-21-octobre-2017-012-600x450.jpg 600w" sizes="auto, (max-width: 650px) 100vw, 650px" /></a></p>
<h6>Sources :Bulletin mensuel des postes et télégraphes France. Ministère des postes n°25 de 1920</h6>
<p>&nbsp;</p>

<p>La médaille d&rsquo;argent au facteur supérieur Poore Jean de Montreux-Vieux Du Contingent spécial à l&rsquo;Alsace et Lorraine, la médaille d&rsquo;argent de la Poste &nbsp;et Télégraphes est décernée à Poore &nbsp;(Jean), &nbsp;facteur supérieur à&nbsp;Montreux-Vieux en 1920. Le nom est peut-être « Poure. » &hellip; <a href="https://montreux-vieux.net/?page_id=11504">Continuer la lecture <span class="meta-nav">&rarr;</span></a></p>
