{"id":11527,"date":"2018-10-30T17:34:58","date_gmt":"2018-10-30T16:34:58","guid":{"rendered":"http:\/\/montreux-vieux.net\/?page_id=11527"},"modified":"2019-01-02T16:56:26","modified_gmt":"2019-01-02T15:56:26","slug":"arrestation-m-dell-aloise-ferblantier","status":"publish","type":"page","link":"https:\/\/montreux-vieux.net\/?page_id=11527","title":{"rendered":"Arrestation. M. Dell Aloise ferblantier"},"content":{"rendered":"<h3 style=\"text-align: center;\">Arrestation. M. Dell Aloise ferblantier<\/h3>\n<h4 style=\"text-align: justify;\">Sous Beaucourt &nbsp;dans l&rsquo;Organe des R\u00e9publicains radicaux et radicaux-socialistes du pays de Montb\u00e9liard du 18 novembre 1906 on pouvait lire:<\/h4>\n<p><a href=\"http:\/\/montreux-vieux.net\/montreux-vieux.net\/wp-content\/uploads\/2018\/10\/ScreenShot1316.jpg\" target=\"_blank\" rel=\"noopener\"><img loading=\"lazy\" decoding=\"async\" class=\"aligncenter wp-image-11524 size-full\" src=\"http:\/\/montreux-vieux.net\/montreux-vieux.net\/wp-content\/uploads\/2018\/10\/ScreenShot1316.jpg\" alt=\"\" width=\"342\" height=\"219\" srcset=\"https:\/\/montreux-vieux.net\/montreux-vieux.net\/wp-content\/uploads\/2018\/10\/ScreenShot1316.jpg 342w, https:\/\/montreux-vieux.net\/montreux-vieux.net\/wp-content\/uploads\/2018\/10\/ScreenShot1316-300x192.jpg 300w\" sizes=\"auto, (max-width: 342px) 100vw, 342px\" \/><\/a><\/p>\n<h4 style=\"text-align: justify;\">Arrestation. M. Dell Aloise ferblantier, qui s&rsquo;\u00e9tait rendu chez un oncle en Alsace, a \u00e9t\u00e9 mis en \u00e9tat d&rsquo;arrestation par la gendarmerie allemande, \u00e0 la gare de Montreux-Vieux.&nbsp;Dell est rest\u00e9 emprisonn\u00e9 pendant dix huit heures ; il n&rsquo;a \u00e9t\u00e9 mis en libert\u00e9 qu&rsquo;en versant une caution de 600 marks.&nbsp;Dell est fran\u00e7ais, il a fait son service militaire en France, et son p\u00e8re a opt\u00e9 aussit\u00f4t apr\u00e8s la guerre de 1870-1871.<\/h4>\n","protected":false},"excerpt":{"rendered":"<p>Arrestation. M. Dell Aloise ferblantier Sous Beaucourt &nbsp;dans l&rsquo;Organe des R\u00e9publicains radicaux et radicaux-socialistes du pays de Montb\u00e9liard du 18 novembre 1906 on pouvait lire: Arrestation. M. Dell Aloise ferblantier, qui s&rsquo;\u00e9tait rendu chez un oncle en Alsace, a \u00e9t\u00e9 &hellip; <a href=\"https:\/\/montreux-vieux.net\/?page_id=11527\">Continuer la lecture <span class=\"meta-nav\">&rarr;<\/span><\/a><\/p>\n","protected":false},"author":1,"featured_media":0,"parent":13044,"menu_order":72,"comment_status":"closed","ping_status":"open","template":"","meta":{"footnotes":""},"class_list":["post-11527","page","type-page","status-publish","hentry"],"_links":{"self":[{"href":"https:\/\/montreux-vieux.net\/index.php?rest_route=\/wp\/v2\/pages\/11527","targetHints":{"allow":["GET"]}}],"collection":[{"href":"https:\/\/montreux-vieux.net\/index.php?rest_route=\/wp\/v2\/pages"}],"about":[{"href":"https:\/\/montreux-vieux.net\/index.php?rest_route=\/wp\/v2\/types\/page"}],"author":[{"embeddable":true,"href":"https:\/\/montreux-vieux.net\/index.php?rest_route=\/wp\/v2\/users\/1"}],"replies":[{"embeddable":true,"href":"https:\/\/montreux-vieux.net\/index.php?rest_route=%2Fwp%2Fv2%2Fcomments&post=11527"}],"version-history":[{"count":2,"href":"https:\/\/montreux-vieux.net\/index.php?rest_route=\/wp\/v2\/pages\/11527\/revisions"}],"predecessor-version":[{"id":13381,"href":"https:\/\/montreux-vieux.net\/index.php?rest_route=\/wp\/v2\/pages\/11527\/revisions\/13381"}],"up":[{"embeddable":true,"href":"https:\/\/montreux-vieux.net\/index.php?rest_route=\/wp\/v2\/pages\/13044"}],"wp:attachment":[{"href":"https:\/\/montreux-vieux.net\/index.php?rest_route=%2Fwp%2Fv2%2Fmedia&parent=11527"}],"curies":[{"name":"wp","href":"https:\/\/api.w.org\/{rel}","templated":true}]}}