{"id":11543,"date":"2018-10-31T11:04:02","date_gmt":"2018-10-31T10:04:02","guid":{"rendered":"http:\/\/montreux-vieux.net\/?page_id=11543"},"modified":"2019-01-02T17:18:53","modified_gmt":"2019-01-02T16:18:53","slug":"manoeuvre-a-la-frontiere-francaise-en-1899","status":"publish","type":"page","link":"https:\/\/montreux-vieux.net\/?page_id=11543","title":{"rendered":"Manoeuvre \u00e0 la fronti\u00e8re fran\u00e7aise en 1899"},"content":{"rendered":"<h3 style=\"text-align: center;\">Manoeuvre \u00e0 la fronti\u00e8re fran\u00e7aise en 1899<\/h3>\n<p><a href=\"http:\/\/montreux-vieux.net\/montreux-vieux.net\/wp-content\/uploads\/2018\/10\/ScreenShot1364.jpg\" target=\"_blank\" rel=\"noopener\"><img loading=\"lazy\" decoding=\"async\" class=\"aligncenter wp-image-11541 size-full\" src=\"http:\/\/montreux-vieux.net\/montreux-vieux.net\/wp-content\/uploads\/2018\/10\/ScreenShot1364.jpg\" sizes=\"auto, (max-width: 594px) 100vw, 594px\" srcset=\"http:\/\/montreux-vieux.net\/montreux-vieux.net\/wp-content\/uploads\/2018\/10\/ScreenShot1364.jpg 594w, http:\/\/montreux-vieux.net\/montreux-vieux.net\/wp-content\/uploads\/2018\/10\/ScreenShot1364-300x182.jpg 300w\" alt=\"\" width=\"594\" height=\"361\"><\/a><\/p>\n<h4 style=\"text-align: justify;\">Belfort. &nbsp;Aujourd\u2019hui les troupes allemandes des garnisons de Colmar, Mulhouse&nbsp;et Fribourg ont manoeuvr\u00e9 sur la fronti\u00e8re.&nbsp;Transport\u00e9es par chemin de fer jusqu\u2019\u00e0&nbsp;Altkirch, elles ont fait \u00e0 pied le trajet de&nbsp;cette localit\u00e9 jusqu\u2019\u00e0&nbsp;<strong>Montreux-Vieux<\/strong>&nbsp;o\u00f9&nbsp;l\u2019\u00e9tat-major a cantonn\u00e9.<\/h4>\n<h6>&nbsp;Sources: Gil Blas mercredi 1<sup>er<\/sup> f\u00e9vrier 1899<\/h6>\n","protected":false},"excerpt":{"rendered":"<p>Manoeuvre \u00e0 la fronti\u00e8re fran\u00e7aise en 1899 Belfort. &nbsp;Aujourd\u2019hui les troupes allemandes des garnisons de Colmar, Mulhouse&nbsp;et Fribourg ont manoeuvr\u00e9 sur la fronti\u00e8re.&nbsp;Transport\u00e9es par chemin de fer jusqu\u2019\u00e0&nbsp;Altkirch, elles ont fait \u00e0 pied le trajet de&nbsp;cette localit\u00e9 jusqu\u2019\u00e0&nbsp;Montreux-Vieux&nbsp;o\u00f9&nbsp;l\u2019\u00e9tat-major a cantonn\u00e9. &hellip; <a href=\"https:\/\/montreux-vieux.net\/?page_id=11543\">Continuer la lecture <span class=\"meta-nav\">&rarr;<\/span><\/a><\/p>\n","protected":false},"author":1,"featured_media":0,"parent":12673,"menu_order":74,"comment_status":"closed","ping_status":"open","template":"","meta":{"footnotes":""},"class_list":["post-11543","page","type-page","status-publish","hentry"],"_links":{"self":[{"href":"https:\/\/montreux-vieux.net\/index.php?rest_route=\/wp\/v2\/pages\/11543","targetHints":{"allow":["GET"]}}],"collection":[{"href":"https:\/\/montreux-vieux.net\/index.php?rest_route=\/wp\/v2\/pages"}],"about":[{"href":"https:\/\/montreux-vieux.net\/index.php?rest_route=\/wp\/v2\/types\/page"}],"author":[{"embeddable":true,"href":"https:\/\/montreux-vieux.net\/index.php?rest_route=\/wp\/v2\/users\/1"}],"replies":[{"embeddable":true,"href":"https:\/\/montreux-vieux.net\/index.php?rest_route=%2Fwp%2Fv2%2Fcomments&post=11543"}],"version-history":[{"count":2,"href":"https:\/\/montreux-vieux.net\/index.php?rest_route=\/wp\/v2\/pages\/11543\/revisions"}],"predecessor-version":[{"id":13393,"href":"https:\/\/montreux-vieux.net\/index.php?rest_route=\/wp\/v2\/pages\/11543\/revisions\/13393"}],"up":[{"embeddable":true,"href":"https:\/\/montreux-vieux.net\/index.php?rest_route=\/wp\/v2\/pages\/12673"}],"wp:attachment":[{"href":"https:\/\/montreux-vieux.net\/index.php?rest_route=%2Fwp%2Fv2%2Fmedia&parent=11543"}],"curies":[{"name":"wp","href":"https:\/\/api.w.org\/{rel}","templated":true}]}}