{"id":11600,"date":"2018-11-01T16:40:39","date_gmt":"2018-11-01T15:40:39","guid":{"rendered":"http:\/\/montreux-vieux.net\/?page_id=11600"},"modified":"2018-12-31T15:36:45","modified_gmt":"2018-12-31T14:36:45","slug":"un-blesse-grave-a-la-frontiere-franco-allemande-apres-un-bal","status":"publish","type":"page","link":"https:\/\/montreux-vieux.net\/?page_id=11600","title":{"rendered":"Un bless\u00e9 grave \u00e0 la fronti\u00e8re franco-allemande apr\u00e8s un bal."},"content":{"rendered":"<h3 style=\"text-align: center;\">Un bless\u00e9 grave \u00e0 la fronti\u00e8re franco-allemande apr\u00e8s un bal.<\/h3>\n<p style=\"text-align: center;\"><img loading=\"lazy\" decoding=\"async\" class=\"aligncenter wp-image-11597 size-medium\" src=\"http:\/\/montreux-vieux.net\/montreux-vieux.net\/wp-content\/uploads\/2018\/11\/ScreenShot1297-186x300.jpg\" alt=\"\" width=\"186\" height=\"300\" srcset=\"https:\/\/montreux-vieux.net\/montreux-vieux.net\/wp-content\/uploads\/2018\/11\/ScreenShot1297-186x300.jpg 186w, https:\/\/montreux-vieux.net\/montreux-vieux.net\/wp-content\/uploads\/2018\/11\/ScreenShot1297.jpg 383w\" sizes=\"auto, (max-width: 186px) 100vw, 186px\" \/><\/p>\n<h4 style=\"text-align: justify;\">Strasbourg, 20 d\u00e9cembre 1911 , Du correspondant particulier du Matin (par t\u00e9l\u00e9phone). Plusieurs journaux annoncent&nbsp;que les autorit\u00e9s fran\u00e7aises et allemandes&nbsp;ont ouvert une enqu\u00eate au sujet d&rsquo;un incident de fronti\u00e8re qui remonte il la nuit de&nbsp;dimanche \u00e0 lundi.<\/h4>\n<h4 style=\"text-align: justify;\">Nombre de fonctionnaires allemands des&nbsp;douanes et des chemins de fer s&rsquo;\u00e9taient rendus de&nbsp;<strong>MontreuxVieux<\/strong>&nbsp;\u00e0&nbsp;<strong>Montreux-Ch\u00e2teau,<\/strong>&nbsp;qui est en territoire fran\u00e7ais, il y avait ce soir l\u00e0 bal dans une auberge&nbsp;&lsquo;de&nbsp;<strong>Montreux-Ch\u00e2teau.<\/strong><\/h4>\n<h4 style=\"text-align: justify;\">D&rsquo;apr\u00e8s la version allemande, les jeunes&nbsp;gens du village fran\u00e7ais, parmi lesquels se&nbsp;.trouvaient quelques soldats en cong\u00e9, franchirent la fronti\u00e8re, guett\u00e8rent le retour des&nbsp;fonctionnaires et attaqu\u00e8rent ceux-ci sur le&nbsp;territoire annexe.&nbsp;Un jeune employ\u00e9 des chemins de fer fut&nbsp;gri\u00e8vement bless\u00e9 et transport\u00e9 sans connaissance \u00e0&nbsp;<strong>Montreux-Vieux.<\/strong><\/h4>\n<h4 style=\"text-align: justify;\">La police allemande avisa tout de suite&nbsp;les gendarmes fran\u00e7ais, qui auraient d\u00e9j\u00e0&nbsp;proc\u00e9d\u00e9 \u00e0 une enqu\u00eate. Il serait int\u00e9ressant&nbsp;de conna\u00eetre la version fran\u00e7aise sur cet incident de fronti\u00e8re.<\/h4>\n<h6>Le Matin 21 12 1911<\/h6>\n","protected":false},"excerpt":{"rendered":"<p>Un bless\u00e9 grave \u00e0 la fronti\u00e8re franco-allemande apr\u00e8s un bal. Strasbourg, 20 d\u00e9cembre 1911 , Du correspondant particulier du Matin (par t\u00e9l\u00e9phone). Plusieurs journaux annoncent&nbsp;que les autorit\u00e9s fran\u00e7aises et allemandes&nbsp;ont ouvert une enqu\u00eate au sujet d&rsquo;un incident de fronti\u00e8re qui &hellip; <a href=\"https:\/\/montreux-vieux.net\/?page_id=11600\">Continuer la lecture <span class=\"meta-nav\">&rarr;<\/span><\/a><\/p>\n","protected":false},"author":1,"featured_media":0,"parent":13130,"menu_order":12,"comment_status":"closed","ping_status":"open","template":"","meta":{"footnotes":""},"class_list":["post-11600","page","type-page","status-publish","hentry"],"_links":{"self":[{"href":"https:\/\/montreux-vieux.net\/index.php?rest_route=\/wp\/v2\/pages\/11600","targetHints":{"allow":["GET"]}}],"collection":[{"href":"https:\/\/montreux-vieux.net\/index.php?rest_route=\/wp\/v2\/pages"}],"about":[{"href":"https:\/\/montreux-vieux.net\/index.php?rest_route=\/wp\/v2\/types\/page"}],"author":[{"embeddable":true,"href":"https:\/\/montreux-vieux.net\/index.php?rest_route=\/wp\/v2\/users\/1"}],"replies":[{"embeddable":true,"href":"https:\/\/montreux-vieux.net\/index.php?rest_route=%2Fwp%2Fv2%2Fcomments&post=11600"}],"version-history":[{"count":2,"href":"https:\/\/montreux-vieux.net\/index.php?rest_route=\/wp\/v2\/pages\/11600\/revisions"}],"predecessor-version":[{"id":13228,"href":"https:\/\/montreux-vieux.net\/index.php?rest_route=\/wp\/v2\/pages\/11600\/revisions\/13228"}],"up":[{"embeddable":true,"href":"https:\/\/montreux-vieux.net\/index.php?rest_route=\/wp\/v2\/pages\/13130"}],"wp:attachment":[{"href":"https:\/\/montreux-vieux.net\/index.php?rest_route=%2Fwp%2Fv2%2Fmedia&parent=11600"}],"curies":[{"name":"wp","href":"https:\/\/api.w.org\/{rel}","templated":true}]}}

Un blessé grave à la frontière franco-allemande après un bal.

<h3 style="text-align: center;">Un blessé grave à la frontière franco-allemande après un bal.</h3>
<p style="text-align: center;"><img loading="lazy" decoding="async" class="aligncenter wp-image-11597 size-medium" src="http://montreux-vieux.net/montreux-vieux.net/wp-content/uploads/2018/11/ScreenShot1297-186x300.jpg" alt="" width="186" height="300" srcset="https://montreux-vieux.net/montreux-vieux.net/wp-content/uploads/2018/11/ScreenShot1297-186x300.jpg 186w, https://montreux-vieux.net/montreux-vieux.net/wp-content/uploads/2018/11/ScreenShot1297.jpg 383w" sizes="auto, (max-width: 186px) 100vw, 186px" /></p>
<h4 style="text-align: justify;">Strasbourg, 20 décembre 1911 , Du correspondant particulier du Matin (par téléphone). Plusieurs journaux annoncent&nbsp;que les autorités françaises et allemandes&nbsp;ont ouvert une enquête au sujet d&rsquo;un incident de frontière qui remonte il la nuit de&nbsp;dimanche à lundi.</h4>
<h4 style="text-align: justify;">Nombre de fonctionnaires allemands des&nbsp;douanes et des chemins de fer s&rsquo;étaient rendus de&nbsp;<strong>MontreuxVieux</strong>&nbsp;à&nbsp;<strong>Montreux-Château,</strong>&nbsp;qui est en territoire français, il y avait ce soir là bal dans une auberge&nbsp;&lsquo;de&nbsp;<strong>Montreux-Château.</strong></h4>
<h4 style="text-align: justify;">D&rsquo;après la version allemande, les jeunes&nbsp;gens du village français, parmi lesquels se&nbsp;.trouvaient quelques soldats en congé, franchirent la frontière, guettèrent le retour des&nbsp;fonctionnaires et attaquèrent ceux-ci sur le&nbsp;territoire annexe.&nbsp;Un jeune employé des chemins de fer fut&nbsp;grièvement blessé et transporté sans connaissance à&nbsp;<strong>Montreux-Vieux.</strong></h4>
<h4 style="text-align: justify;">La police allemande avisa tout de suite&nbsp;les gendarmes français, qui auraient déjà&nbsp;procédé à une enquête. Il serait intéressant&nbsp;de connaître la version française sur cet incident de frontière.</h4>
<h6>Le Matin 21 12 1911</h6>

<p>Un blessé grave à la frontière franco-allemande après un bal. Strasbourg, 20 décembre 1911 , Du correspondant particulier du Matin (par téléphone). Plusieurs journaux annoncent&nbsp;que les autorités françaises et allemandes&nbsp;ont ouvert une enquête au sujet d&rsquo;un incident de frontière qui &hellip; <a href="https://montreux-vieux.net/?page_id=11600">Continuer la lecture <span class="meta-nav">&rarr;</span></a></p>
