{"id":11610,"date":"2018-11-02T09:49:25","date_gmt":"2018-11-02T08:49:25","guid":{"rendered":"http:\/\/montreux-vieux.net\/?page_id=11610"},"modified":"2019-01-03T10:04:58","modified_gmt":"2019-01-03T09:04:58","slug":"reception-a-lhotel-de-ville","status":"publish","type":"page","link":"https:\/\/montreux-vieux.net\/?page_id=11610","title":{"rendered":"R\u00e9ception \u00e0 l&rsquo;H\u00f4tel de ville"},"content":{"rendered":"<h3 style=\"text-align: center;\">A l\u2019H\u00f4tel de Ville de Paris<\/h3>\n<h4><a href=\"http:\/\/montreux-vieux.net\/montreux-vieux.net\/wp-content\/uploads\/2018\/11\/ScreenShot015.jpg\" target=\"_blank\" rel=\"noopener\"><img loading=\"lazy\" decoding=\"async\" class=\"aligncenter wp-image-11607 size-full\" src=\"http:\/\/montreux-vieux.net\/montreux-vieux.net\/wp-content\/uploads\/2018\/11\/ScreenShot015.jpg\" sizes=\"auto, (max-width: 742px) 100vw, 742px\" srcset=\"http:\/\/montreux-vieux.net\/montreux-vieux.net\/wp-content\/uploads\/2018\/11\/ScreenShot015.jpg 742w, http:\/\/montreux-vieux.net\/montreux-vieux.net\/wp-content\/uploads\/2018\/11\/ScreenShot015-300x254.jpg 300w, http:\/\/montreux-vieux.net\/montreux-vieux.net\/wp-content\/uploads\/2018\/11\/ScreenShot015-600x507.jpg 600w\" alt=\"\" width=\"742\" height=\"627\"><\/a><\/h4>\n<h4 style=\"text-align: justify;\">Les maires d\u2019Alsace ont \u00e9t\u00e9 re\u00e7us hier&nbsp;matin \u00e0 l\u2019h\u00f4tel de Ville par M. Cherioux,&nbsp;vice-pr\u00e9sident du conseil municipal, qui leur&nbsp;a souhait\u00e9 une cordiale bienvenue dont M.&nbsp;Violard, maire de&nbsp;<strong>Montreux-<\/strong>&nbsp;<strong>Vieux,<\/strong>&nbsp;l\u2019a tr\u00e8s&nbsp;chaleureusement remerci\u00e9.<\/h4>\n<h4 style=\"text-align: justify;\">Apr\u00e8s avoir visit\u00e9 le palais municipal, les&nbsp;maires d\u2019Alsace ont \u00e9t\u00e9 pri\u00e9s \u00e0 d\u00e9jeuner par&nbsp;le bureau de l\u2019assembl\u00e9e communale. Assistaient \u00e9galement \u00e0 ce repas extr\u00eamement&nbsp;cordial MM. l\u2019abb\u00e9, Wetterl\u00e9 et Georges&nbsp;Weill, d\u00e9put\u00e9s d\u2019Alsace-Lorraine Autrand&nbsp;pr\u00e9fet de la Seine, Baux, pr\u00e9fet de police&nbsp;Louis Pfiuch, pr\u00e9sident du conseil g\u00e9n\u00e9ral.&nbsp;Au dessert, M. Ch\u00e9rioux, qui pr\u00e9sidait, a&nbsp;perte un toast dans lequel il a salu\u00e9 dans&nbsp;b retour de l\u2019Alsace et de la Loraine \u00e0 la&nbsp;m\u00e8re patrie \u00ab&nbsp; le pr\u00e9sage des magnifiques&nbsp;destin\u00e9es qui sont r\u00e9serv\u00e9es \u00e0 la France&nbsp;enfin restaur\u00e9e dans son unit\u00e9&nbsp;\u00bb&nbsp;&nbsp;Vin des allocutions tr\u00e8s applaudies, MM.&nbsp;Georges d\u00e9put\u00e9 de Metz, et Hincky,&nbsp;maire de Masevaux, ont, ainsi que M Lebi\u00e0no, conseiller communal de Li\u00e8ge, qu\u2019une&nbsp;heureuse rencontre avait amen\u00e9 \u00e0 la table municipale, chaleureusement remerci\u00e9.(Sources&nbsp;:Le Matin 17 11 1918)<\/h4>\n<h4 style=\"text-align: justify;\">Pour comprendre cet article il faut savoir que le conseil municipal de Paris a fait distribuer aux enfants de Montreux-Vieux de magnifiques jouets \u00e0 l\u2019occasion de la f\u00eate du 5 janvier 1915 <a href=\"http:\/\/montreux-vieux.net\/?page_id=2432\" target=\"_blank\" rel=\"noopener\">http:\/\/montreux-vieux.net\/?page_id=2432<\/a><\/h4>\n","protected":false},"excerpt":{"rendered":"<p>A l\u2019H\u00f4tel de Ville de Paris Les maires d\u2019Alsace ont \u00e9t\u00e9 re\u00e7us hier&nbsp;matin \u00e0 l\u2019h\u00f4tel de Ville par M. Cherioux,&nbsp;vice-pr\u00e9sident du conseil municipal, qui leur&nbsp;a souhait\u00e9 une cordiale bienvenue dont M.&nbsp;Violard, maire de&nbsp;Montreux-&nbsp;Vieux,&nbsp;l\u2019a tr\u00e8s&nbsp;chaleureusement remerci\u00e9. Apr\u00e8s avoir visit\u00e9 le palais &hellip; <a href=\"https:\/\/montreux-vieux.net\/?page_id=11610\">Continuer la lecture <span class=\"meta-nav\">&rarr;<\/span><\/a><\/p>\n","protected":false},"author":1,"featured_media":0,"parent":13095,"menu_order":28,"comment_status":"closed","ping_status":"open","template":"","meta":{"footnotes":""},"class_list":["post-11610","page","type-page","status-publish","hentry"],"_links":{"self":[{"href":"https:\/\/montreux-vieux.net\/index.php?rest_route=\/wp\/v2\/pages\/11610","targetHints":{"allow":["GET"]}}],"collection":[{"href":"https:\/\/montreux-vieux.net\/index.php?rest_route=\/wp\/v2\/pages"}],"about":[{"href":"https:\/\/montreux-vieux.net\/index.php?rest_route=\/wp\/v2\/types\/page"}],"author":[{"embeddable":true,"href":"https:\/\/montreux-vieux.net\/index.php?rest_route=\/wp\/v2\/users\/1"}],"replies":[{"embeddable":true,"href":"https:\/\/montreux-vieux.net\/index.php?rest_route=%2Fwp%2Fv2%2Fcomments&post=11610"}],"version-history":[{"count":2,"href":"https:\/\/montreux-vieux.net\/index.php?rest_route=\/wp\/v2\/pages\/11610\/revisions"}],"predecessor-version":[{"id":13402,"href":"https:\/\/montreux-vieux.net\/index.php?rest_route=\/wp\/v2\/pages\/11610\/revisions\/13402"}],"up":[{"embeddable":true,"href":"https:\/\/montreux-vieux.net\/index.php?rest_route=\/wp\/v2\/pages\/13095"}],"wp:attachment":[{"href":"https:\/\/montreux-vieux.net\/index.php?rest_route=%2Fwp%2Fv2%2Fmedia&parent=11610"}],"curies":[{"name":"wp","href":"https:\/\/api.w.org\/{rel}","templated":true}]}}

Réception à l&rsquo;Hôtel de ville

<h3 style="text-align: center;">A l’Hôtel de Ville de Paris</h3>
<h4><a href="http://montreux-vieux.net/montreux-vieux.net/wp-content/uploads/2018/11/ScreenShot015.jpg" target="_blank" rel="noopener"><img loading="lazy" decoding="async" class="aligncenter wp-image-11607 size-full" src="http://montreux-vieux.net/montreux-vieux.net/wp-content/uploads/2018/11/ScreenShot015.jpg" sizes="auto, (max-width: 742px) 100vw, 742px" srcset="http://montreux-vieux.net/montreux-vieux.net/wp-content/uploads/2018/11/ScreenShot015.jpg 742w, http://montreux-vieux.net/montreux-vieux.net/wp-content/uploads/2018/11/ScreenShot015-300x254.jpg 300w, http://montreux-vieux.net/montreux-vieux.net/wp-content/uploads/2018/11/ScreenShot015-600x507.jpg 600w" alt="" width="742" height="627"></a></h4>
<h4 style="text-align: justify;">Les maires d’Alsace ont été reçus hier&nbsp;matin à l’hôtel de Ville par M. Cherioux,&nbsp;vice-président du conseil municipal, qui leur&nbsp;a souhaité une cordiale bienvenue dont M.&nbsp;Violard, maire de&nbsp;<strong>Montreux-</strong>&nbsp;<strong>Vieux,</strong>&nbsp;l’a très&nbsp;chaleureusement remercié.</h4>
<h4 style="text-align: justify;">Après avoir visité le palais municipal, les&nbsp;maires d’Alsace ont été priés à déjeuner par&nbsp;le bureau de l’assemblée communale. Assistaient également à ce repas extrêmement&nbsp;cordial MM. l’abbé, Wetterlé et Georges&nbsp;Weill, députés d’Alsace-Lorraine Autrand&nbsp;préfet de la Seine, Baux, préfet de police&nbsp;Louis Pfiuch, président du conseil général.&nbsp;Au dessert, M. Chérioux, qui présidait, a&nbsp;perte un toast dans lequel il a salué dans&nbsp;b retour de l’Alsace et de la Loraine à la&nbsp;mère patrie «&nbsp; le présage des magnifiques&nbsp;destinées qui sont réservées à la France&nbsp;enfin restaurée dans son unité&nbsp;»&nbsp;&nbsp;Vin des allocutions très applaudies, MM.&nbsp;Georges député de Metz, et Hincky,&nbsp;maire de Masevaux, ont, ainsi que M Lebiàno, conseiller communal de Liège, qu’une&nbsp;heureuse rencontre avait amené à la table municipale, chaleureusement remercié.(Sources&nbsp;:Le Matin 17 11 1918)</h4>
<h4 style="text-align: justify;">Pour comprendre cet article il faut savoir que le conseil municipal de Paris a fait distribuer aux enfants de Montreux-Vieux de magnifiques jouets à l’occasion de la fête du 5 janvier 1915 <a href="http://montreux-vieux.net/?page_id=2432" target="_blank" rel="noopener">http://montreux-vieux.net/?page_id=2432</a></h4>

<p>A l’Hôtel de Ville de Paris Les maires d’Alsace ont été reçus hier&nbsp;matin à l’hôtel de Ville par M. Cherioux,&nbsp;vice-président du conseil municipal, qui leur&nbsp;a souhaité une cordiale bienvenue dont M.&nbsp;Violard, maire de&nbsp;Montreux-&nbsp;Vieux,&nbsp;l’a très&nbsp;chaleureusement remercié. Après avoir visité le palais &hellip; <a href="https://montreux-vieux.net/?page_id=11610">Continuer la lecture <span class="meta-nav">&rarr;</span></a></p>
