{"id":11646,"date":"2018-11-02T15:16:08","date_gmt":"2018-11-02T14:16:08","guid":{"rendered":"http:\/\/montreux-vieux.net\/?page_id=11646"},"modified":"2019-01-02T09:38:48","modified_gmt":"2019-01-02T08:38:48","slug":"tue-dune-balle-dans-le-dos-a-montreux-vieux","status":"publish","type":"page","link":"https:\/\/montreux-vieux.net\/?page_id=11646","title":{"rendered":"Tu\u00e9 d&rsquo;une balle dans le dos \u00e0 Montreux-Vieux"},"content":{"rendered":"<h3 style=\"text-align: center;\">Tu\u00e9 d&rsquo;une balle dans le dos \u00e0 Montreux-Vieux<\/h3>\n<p><a href=\"http:\/\/montreux-vieux.net\/montreux-vieux.net\/wp-content\/uploads\/2018\/09\/ScreenShot1130.jpg\" target=\"_blank\" rel=\"noopener\"><img loading=\"lazy\" decoding=\"async\" class=\"aligncenter wp-image-11013 size-full\" src=\"http:\/\/montreux-vieux.net\/montreux-vieux.net\/wp-content\/uploads\/2018\/09\/ScreenShot1130.jpg\" alt=\"\" width=\"995\" height=\"629\" srcset=\"https:\/\/montreux-vieux.net\/montreux-vieux.net\/wp-content\/uploads\/2018\/09\/ScreenShot1130.jpg 995w, https:\/\/montreux-vieux.net\/montreux-vieux.net\/wp-content\/uploads\/2018\/09\/ScreenShot1130-300x190.jpg 300w, https:\/\/montreux-vieux.net\/montreux-vieux.net\/wp-content\/uploads\/2018\/09\/ScreenShot1130-768x485.jpg 768w, https:\/\/montreux-vieux.net\/montreux-vieux.net\/wp-content\/uploads\/2018\/09\/ScreenShot1130-600x379.jpg 600w\" sizes=\"auto, (max-width: 995px) 100vw, 995px\" \/><\/a><\/p>\n<h4 style=\"text-align: justify;\">On \u00e9crit de&nbsp;<strong>Montreux-Vieux,<\/strong>&nbsp;la station fronti\u00e8re allemande du c\u00f4t\u00e9 de la ligne de Belfort, &nbsp;\u00ab Voici un fait qui s&rsquo;est pass\u00e9 jeudi dernier dans&nbsp;notre commune. Un employ\u00e9 de la maison Japy,&nbsp;de Beaucourt, p\u00e8re de famille, apr\u00e8s de nombreuses libations faites dans un cabaretde l&rsquo;endroit, se trouva hors d&rsquo;\u00e9tat de payer ses consommations. Le patron de l&rsquo;\u00e9tablissement s&rsquo;adressa \u00e0&nbsp;la police, qui d\u00e9couvrit que cet individu \u00e9tait enoutre en contravention avec la douane. Pendant&nbsp;que le gendarme Giebel le menait au bureau du receveur, il chercha \u00e0 prendre la fuite, et le gendarme, voyant l&rsquo;inutilit\u00e9 de ses efforts pour atteindre le fugitif, lui envoya une balle dans le&nbsp;dos \u00e0 vingt pas de distance. Le malheureux succombait un quart d&rsquo;beure apr\u00e8s. \u00bb<\/h4>\n<h6>Sources: L\u2019univers 19 mai 1882<\/h6>\n","protected":false},"excerpt":{"rendered":"<p>Tu\u00e9 d&rsquo;une balle dans le dos \u00e0 Montreux-Vieux On \u00e9crit de&nbsp;Montreux-Vieux,&nbsp;la station fronti\u00e8re allemande du c\u00f4t\u00e9 de la ligne de Belfort, &nbsp;\u00ab Voici un fait qui s&rsquo;est pass\u00e9 jeudi dernier dans&nbsp;notre commune. Un employ\u00e9 de la maison Japy,&nbsp;de Beaucourt, p\u00e8re &hellip; <a href=\"https:\/\/montreux-vieux.net\/?page_id=11646\">Continuer la lecture <span class=\"meta-nav\">&rarr;<\/span><\/a><\/p>\n","protected":false},"author":1,"featured_media":0,"parent":13044,"menu_order":42,"comment_status":"closed","ping_status":"open","template":"","meta":{"footnotes":""},"class_list":["post-11646","page","type-page","status-publish","hentry"],"_links":{"self":[{"href":"https:\/\/montreux-vieux.net\/index.php?rest_route=\/wp\/v2\/pages\/11646","targetHints":{"allow":["GET"]}}],"collection":[{"href":"https:\/\/montreux-vieux.net\/index.php?rest_route=\/wp\/v2\/pages"}],"about":[{"href":"https:\/\/montreux-vieux.net\/index.php?rest_route=\/wp\/v2\/types\/page"}],"author":[{"embeddable":true,"href":"https:\/\/montreux-vieux.net\/index.php?rest_route=\/wp\/v2\/users\/1"}],"replies":[{"embeddable":true,"href":"https:\/\/montreux-vieux.net\/index.php?rest_route=%2Fwp%2Fv2%2Fcomments&post=11646"}],"version-history":[{"count":2,"href":"https:\/\/montreux-vieux.net\/index.php?rest_route=\/wp\/v2\/pages\/11646\/revisions"}],"predecessor-version":[{"id":13257,"href":"https:\/\/montreux-vieux.net\/index.php?rest_route=\/wp\/v2\/pages\/11646\/revisions\/13257"}],"up":[{"embeddable":true,"href":"https:\/\/montreux-vieux.net\/index.php?rest_route=\/wp\/v2\/pages\/13044"}],"wp:attachment":[{"href":"https:\/\/montreux-vieux.net\/index.php?rest_route=%2Fwp%2Fv2%2Fmedia&parent=11646"}],"curies":[{"name":"wp","href":"https:\/\/api.w.org\/{rel}","templated":true}]}}