{"id":11670,"date":"2018-11-03T10:35:55","date_gmt":"2018-11-03T09:35:55","guid":{"rendered":"http:\/\/montreux-vieux.net\/?page_id=11670"},"modified":"2019-01-02T16:58:31","modified_gmt":"2019-01-02T15:58:31","slug":"une-tete-emerge-de-dessous-de-la-banquette","status":"publish","type":"page","link":"https:\/\/montreux-vieux.net\/?page_id=11670","title":{"rendered":"Une t\u00eate \u00e9merge de dessous de la banquette."},"content":{"rendered":"<h3 style=\"text-align: center;\">Une t\u00eate \u00e9merge de dessous de la banquette.<\/h3>\n<p><a href=\"http:\/\/montreux-vieux.net\/montreux-vieux.net\/wp-content\/uploads\/2018\/11\/ScreenShot1373.jpg\" target=\"_blank\" rel=\"noopener\"><img loading=\"lazy\" decoding=\"async\" class=\"aligncenter wp-image-11668 size-full\" src=\"http:\/\/montreux-vieux.net\/montreux-vieux.net\/wp-content\/uploads\/2018\/11\/ScreenShot1373.jpg\" alt=\"\" width=\"816\" height=\"518\" srcset=\"https:\/\/montreux-vieux.net\/montreux-vieux.net\/wp-content\/uploads\/2018\/11\/ScreenShot1373.jpg 816w, https:\/\/montreux-vieux.net\/montreux-vieux.net\/wp-content\/uploads\/2018\/11\/ScreenShot1373-300x190.jpg 300w, https:\/\/montreux-vieux.net\/montreux-vieux.net\/wp-content\/uploads\/2018\/11\/ScreenShot1373-768x488.jpg 768w, https:\/\/montreux-vieux.net\/montreux-vieux.net\/wp-content\/uploads\/2018\/11\/ScreenShot1373-600x381.jpg 600w\" sizes=\"auto, (max-width: 816px) 100vw, 816px\" \/><\/a><\/p>\n<h4 style=\"text-align: justify;\">Dimanche soir, au moment o\u00f9 le train venant de&nbsp;<strong>Montreux-<\/strong>&nbsp;<strong>Vieux<\/strong>&nbsp;entrait en gare de Mulhouse, la&nbsp;police saisit au collet un Italien qui descendait de&nbsp;voiture. Ce voyageur venait de France avec deux&nbsp;compagnons; ces derniers n&rsquo;\u00e9tant pas munis de&nbsp;passeports avaient \u00e9t\u00e9 renvoy\u00e9s au del\u00e0 de la fronti\u00e8re. L&rsquo;Italien avait voulu tromper la vigilance du&nbsp;commissaire de&nbsp;<strong>Montreux-Vieux<\/strong>&nbsp;en se couchant de&nbsp;tout son long sous la banquette do son compartiment. Ce moyen e\u00fbt r\u00e9ussi si, \u00e0 Altkirch, des voyageurs n&rsquo;\u00e9taient pas mont\u00e9 dans le coup\u00e9 renfermant&nbsp;notre homme. Ces voyageurs voyant tout \u00e0 coup&nbsp;\u00e9merger une t\u00eate de dessous la banquette, prirent&nbsp;peur et pouss\u00e8rent de hauts cris. Le chef de gare d&rsquo;AItkirch t\u00e9l\u00e9graphia \u00e0 Mulhouse o\u00f9 la police vint&nbsp;cueillir l&rsquo;Italien.<\/h4>\n<h6>Le Temps 23 janvier 1889<\/h6>\n","protected":false},"excerpt":{"rendered":"<p>Une t\u00eate \u00e9merge de dessous de la banquette. Dimanche soir, au moment o\u00f9 le train venant de&nbsp;Montreux-&nbsp;Vieux&nbsp;entrait en gare de Mulhouse, la&nbsp;police saisit au collet un Italien qui descendait de&nbsp;voiture. Ce voyageur venait de France avec deux&nbsp;compagnons; ces derniers n&rsquo;\u00e9tant &hellip; <a href=\"https:\/\/montreux-vieux.net\/?page_id=11670\">Continuer la lecture <span class=\"meta-nav\">&rarr;<\/span><\/a><\/p>\n","protected":false},"author":1,"featured_media":0,"parent":13013,"menu_order":32,"comment_status":"closed","ping_status":"open","template":"","meta":{"footnotes":""},"class_list":["post-11670","page","type-page","status-publish","hentry"],"_links":{"self":[{"href":"https:\/\/montreux-vieux.net\/index.php?rest_route=\/wp\/v2\/pages\/11670","targetHints":{"allow":["GET"]}}],"collection":[{"href":"https:\/\/montreux-vieux.net\/index.php?rest_route=\/wp\/v2\/pages"}],"about":[{"href":"https:\/\/montreux-vieux.net\/index.php?rest_route=\/wp\/v2\/types\/page"}],"author":[{"embeddable":true,"href":"https:\/\/montreux-vieux.net\/index.php?rest_route=\/wp\/v2\/users\/1"}],"replies":[{"embeddable":true,"href":"https:\/\/montreux-vieux.net\/index.php?rest_route=%2Fwp%2Fv2%2Fcomments&post=11670"}],"version-history":[{"count":2,"href":"https:\/\/montreux-vieux.net\/index.php?rest_route=\/wp\/v2\/pages\/11670\/revisions"}],"predecessor-version":[{"id":13383,"href":"https:\/\/montreux-vieux.net\/index.php?rest_route=\/wp\/v2\/pages\/11670\/revisions\/13383"}],"up":[{"embeddable":true,"href":"https:\/\/montreux-vieux.net\/index.php?rest_route=\/wp\/v2\/pages\/13013"}],"wp:attachment":[{"href":"https:\/\/montreux-vieux.net\/index.php?rest_route=%2Fwp%2Fv2%2Fmedia&parent=11670"}],"curies":[{"name":"wp","href":"https:\/\/api.w.org\/{rel}","templated":true}]}}