{"id":11695,"date":"2018-11-04T09:33:47","date_gmt":"2018-11-04T08:33:47","guid":{"rendered":"http:\/\/montreux-vieux.net\/?page_id=11695"},"modified":"2019-01-03T10:40:13","modified_gmt":"2019-01-03T09:40:13","slug":"arrestation-de-lincendiaire-de-la-gare-de-marchandises","status":"publish","type":"page","link":"https:\/\/montreux-vieux.net\/?page_id=11695","title":{"rendered":"Arrestation de l&rsquo;incendiaire de la gare de marchandises"},"content":{"rendered":"<h3 style=\"text-align: center;\">Arrestation de l&rsquo;incendiaire de la gare de marchandises<\/h3>\n<p style=\"text-align: center;\"><a href=\"http:\/\/montreux-vieux.net\/montreux-vieux.net\/wp-content\/uploads\/2018\/11\/Num\u00e9riser0057.jpg\" target=\"_blank\" rel=\"noopener\"><img loading=\"lazy\" decoding=\"async\" class=\"aligncenter wp-image-11692 size-large\" src=\"http:\/\/montreux-vieux.net\/montreux-vieux.net\/wp-content\/uploads\/2018\/11\/Num\u00e9riser0057-1024x654.jpg\" alt=\"\" width=\"640\" height=\"409\" srcset=\"https:\/\/montreux-vieux.net\/montreux-vieux.net\/wp-content\/uploads\/2018\/11\/Num\u00e9riser0057-1024x654.jpg 1024w, https:\/\/montreux-vieux.net\/montreux-vieux.net\/wp-content\/uploads\/2018\/11\/Num\u00e9riser0057-300x192.jpg 300w, https:\/\/montreux-vieux.net\/montreux-vieux.net\/wp-content\/uploads\/2018\/11\/Num\u00e9riser0057-768x491.jpg 768w, https:\/\/montreux-vieux.net\/montreux-vieux.net\/wp-content\/uploads\/2018\/11\/Num\u00e9riser0057-600x383.jpg 600w, https:\/\/montreux-vieux.net\/montreux-vieux.net\/wp-content\/uploads\/2018\/11\/Num\u00e9riser0057.jpg 1085w\" sizes=\"auto, (max-width: 640px) 100vw, 640px\" \/><\/a><\/p>\n<h4 style=\"text-align: justify;\">Belfort, 20 avril.<br \/>\nLes gendarmes de la brigade de Dannemarie de service \u00e0 la gare fronti\u00e8re allemande de&nbsp;<strong>Montreux-Vieux<\/strong>&nbsp;\u2014 Alt-Munsterol \u2014&nbsp;ont proc\u00e9d\u00e9 hier \u00e0 l&rsquo;arrestation d&rsquo;un employ\u00e9&nbsp;de la gare, \u00e0 la grande stup\u00e9faction de ses&nbsp;coll\u00e8gues.<\/h4>\n<h4 style=\"text-align: justify;\">Ce fonctionnaire est accus\u00e9 d&rsquo;\u00eatre l&rsquo;auteur&nbsp;de l&rsquo;incendie qui a \u00e9clat\u00e9 dans une partie de&nbsp;la gare des marchandises dans la nuit de&nbsp;lundi, et dont on constata les causes, dues in- contestablement \u00e0 la malveillance.&nbsp;L&rsquo;incendiaire a \u00e9t\u00e9 dirig\u00e9 sur Mulhouse.<\/h4>\n<h6>sourcs:Le XIXe si\u00e8cle : journal quotidien politique et litt\u00e9raire 22 avril 1893<\/h6>\n","protected":false},"excerpt":{"rendered":"<p>Arrestation de l&rsquo;incendiaire de la gare de marchandises Belfort, 20 avril. Les gendarmes de la brigade de Dannemarie de service \u00e0 la gare fronti\u00e8re allemande de&nbsp;Montreux-Vieux&nbsp;\u2014 Alt-Munsterol \u2014&nbsp;ont proc\u00e9d\u00e9 hier \u00e0 l&rsquo;arrestation d&rsquo;un employ\u00e9&nbsp;de la gare, \u00e0 la grande stup\u00e9faction &hellip; <a href=\"https:\/\/montreux-vieux.net\/?page_id=11695\">Continuer la lecture <span class=\"meta-nav\">&rarr;<\/span><\/a><\/p>\n","protected":false},"author":1,"featured_media":0,"parent":13013,"menu_order":44,"comment_status":"closed","ping_status":"open","template":"","meta":{"footnotes":""},"class_list":["post-11695","page","type-page","status-publish","hentry"],"_links":{"self":[{"href":"https:\/\/montreux-vieux.net\/index.php?rest_route=\/wp\/v2\/pages\/11695","targetHints":{"allow":["GET"]}}],"collection":[{"href":"https:\/\/montreux-vieux.net\/index.php?rest_route=\/wp\/v2\/pages"}],"about":[{"href":"https:\/\/montreux-vieux.net\/index.php?rest_route=\/wp\/v2\/types\/page"}],"author":[{"embeddable":true,"href":"https:\/\/montreux-vieux.net\/index.php?rest_route=\/wp\/v2\/users\/1"}],"replies":[{"embeddable":true,"href":"https:\/\/montreux-vieux.net\/index.php?rest_route=%2Fwp%2Fv2%2Fcomments&post=11695"}],"version-history":[{"count":2,"href":"https:\/\/montreux-vieux.net\/index.php?rest_route=\/wp\/v2\/pages\/11695\/revisions"}],"predecessor-version":[{"id":13410,"href":"https:\/\/montreux-vieux.net\/index.php?rest_route=\/wp\/v2\/pages\/11695\/revisions\/13410"}],"up":[{"embeddable":true,"href":"https:\/\/montreux-vieux.net\/index.php?rest_route=\/wp\/v2\/pages\/13013"}],"wp:attachment":[{"href":"https:\/\/montreux-vieux.net\/index.php?rest_route=%2Fwp%2Fv2%2Fmedia&parent=11695"}],"curies":[{"name":"wp","href":"https:\/\/api.w.org\/{rel}","templated":true}]}}