{"id":11719,"date":"2018-11-04T16:19:33","date_gmt":"2018-11-04T15:19:33","guid":{"rendered":"http:\/\/montreux-vieux.net\/?page_id=11719"},"modified":"2019-01-02T10:55:02","modified_gmt":"2019-01-02T09:55:02","slug":"des-voyageurs-geles-sans-hotel-des-heures-entieres-a-montreux-vieux","status":"publish","type":"page","link":"https:\/\/montreux-vieux.net\/?page_id=11719","title":{"rendered":"Des voyageurs gel\u00e9s, sans h\u00f4tel, des heures enti\u00e8res \u00e0 Montreux-Vieux"},"content":{"rendered":"<h3 style=\"text-align: center;\">Des voyageurs gel\u00e9s, sans h\u00f4tel, des heures enti\u00e8res \u00e0 Montreux-Vieux<\/h3>\n<p><a href=\"http:\/\/montreux-vieux.net\/montreux-vieux.net\/wp-content\/uploads\/2018\/11\/ScreenShot1379.jpg\" target=\"_blank\" rel=\"noopener\"><img loading=\"lazy\" decoding=\"async\" class=\"aligncenter wp-image-11715 size-medium\" src=\"http:\/\/montreux-vieux.net\/montreux-vieux.net\/wp-content\/uploads\/2018\/11\/ScreenShot1379-241x300.jpg\" alt=\"\" width=\"241\" height=\"300\" srcset=\"https:\/\/montreux-vieux.net\/montreux-vieux.net\/wp-content\/uploads\/2018\/11\/ScreenShot1379-241x300.jpg 241w, https:\/\/montreux-vieux.net\/montreux-vieux.net\/wp-content\/uploads\/2018\/11\/ScreenShot1379.jpg 464w\" sizes=\"auto, (max-width: 241px) 100vw, 241px\" \/><\/a><\/p>\n<h4 style=\"text-align: justify;\">Belfort, 3 janvier.<br \/>\nJe vous ai t\u00e9l\u00e9graphi\u00e9 ces jours derniers&nbsp;qu&rsquo;\u00e0 leur arriv\u00e9e \u00e0 la premi\u00e8re gare allemande,&nbsp;<strong>Montreux-Vieux,<\/strong>&nbsp;les compartiments des trains&nbsp;venant de Paris sont si d\u00e9pourvus de chauffage, que le personnel de la gare a d\u00fb prodiguer \u00e0 plusieurs reprises des soins m\u00e9dicaux&nbsp;\u00e0 des voyageurs presque gei\u00e9s.<\/h4>\n<h4 style=\"text-align: justify;\">La compagnie de l&rsquo;Est ne se contente pas de&nbsp;cette incurie. Depuis l&rsquo;apparition des grands&nbsp;froids, les trains directs ont des retards tellement consid\u00e9rables que la correspondance \u00e0&nbsp;<strong>Montreux-Vieux<\/strong>&nbsp;est manqu\u00e9e. Cela s&rsquo;est produit chaque jour depuis le 29 d\u00e9cembre. Il&nbsp;en r\u00e9sulte que les voyageurs sont condamn\u00e9s&nbsp;\u00e0 rester en panne dans le village, d\u00e9pourvu&nbsp;d&rsquo;h\u00f4tel, des heures enti\u00e8res dans la journ\u00e9e,&nbsp;et au dernier train d&rsquo;y passer la nuit.<\/h4>\n<h4 style=\"text-align: justify;\">Cependant, notez que la tol\u00e9rance des retards va jusqu&rsquo;\u00e0 quarante minutes et souvent&nbsp;une heure, lorsque le train est annonc\u00e9 de&nbsp;Belfort.&nbsp;Le 31 d\u00e9cembre et le 1er janvier, certains&nbsp;trains ont eu plus d&rsquo;une heure et demie de&nbsp;retard. Et l&rsquo;affluence des voyageurs est consid\u00e9rable.<\/h4>\n<h6><strong>Sources: Le XIXe si\u00e8cle : journal quotidien politique et litt\u00e9raire 05 janvier 1894<\/strong><\/h6>\n<h4 style=\"text-align: justify;\">Belfort, 30 d\u00e9cembre.<br \/>\nPlusieurs voyageurs arrivant \u00e0&nbsp;<strong>Montreux.,Vieux,<\/strong>&nbsp;de Paris, ont d\u00fb \u00eatre soign\u00e9s par la&nbsp;personnel de la gare, \u00e0 la suite d&rsquo;accidents&nbsp;dus au manque de chauffage des voitures de&nbsp;la Compagnie Est fran\u00e7aise.&nbsp;Les plaintes des voyageurs sont unanimes.<\/h4>\n<h6><strong>Sources: Le XIXe si\u00e8cle : journal quotidien politique et litt\u00e9raire 01 janvier 1894<\/strong><\/h6>\n","protected":false},"excerpt":{"rendered":"<p>Des voyageurs gel\u00e9s, sans h\u00f4tel, des heures enti\u00e8res \u00e0 Montreux-Vieux Belfort, 3 janvier. Je vous ai t\u00e9l\u00e9graphi\u00e9 ces jours derniers&nbsp;qu&rsquo;\u00e0 leur arriv\u00e9e \u00e0 la premi\u00e8re gare allemande,&nbsp;Montreux-Vieux,&nbsp;les compartiments des trains&nbsp;venant de Paris sont si d\u00e9pourvus de chauffage, que le personnel &hellip; <a href=\"https:\/\/montreux-vieux.net\/?page_id=11719\">Continuer la lecture <span class=\"meta-nav\">&rarr;<\/span><\/a><\/p>\n","protected":false},"author":1,"featured_media":0,"parent":13007,"menu_order":28,"comment_status":"closed","ping_status":"open","template":"","meta":{"footnotes":""},"class_list":["post-11719","page","type-page","status-publish","hentry"],"_links":{"self":[{"href":"https:\/\/montreux-vieux.net\/index.php?rest_route=\/wp\/v2\/pages\/11719","targetHints":{"allow":["GET"]}}],"collection":[{"href":"https:\/\/montreux-vieux.net\/index.php?rest_route=\/wp\/v2\/pages"}],"about":[{"href":"https:\/\/montreux-vieux.net\/index.php?rest_route=\/wp\/v2\/types\/page"}],"author":[{"embeddable":true,"href":"https:\/\/montreux-vieux.net\/index.php?rest_route=\/wp\/v2\/users\/1"}],"replies":[{"embeddable":true,"href":"https:\/\/montreux-vieux.net\/index.php?rest_route=%2Fwp%2Fv2%2Fcomments&post=11719"}],"version-history":[{"count":2,"href":"https:\/\/montreux-vieux.net\/index.php?rest_route=\/wp\/v2\/pages\/11719\/revisions"}],"predecessor-version":[{"id":13284,"href":"https:\/\/montreux-vieux.net\/index.php?rest_route=\/wp\/v2\/pages\/11719\/revisions\/13284"}],"up":[{"embeddable":true,"href":"https:\/\/montreux-vieux.net\/index.php?rest_route=\/wp\/v2\/pages\/13007"}],"wp:attachment":[{"href":"https:\/\/montreux-vieux.net\/index.php?rest_route=%2Fwp%2Fv2%2Fmedia&parent=11719"}],"curies":[{"name":"wp","href":"https:\/\/api.w.org\/{rel}","templated":true}]}}