{"id":11793,"date":"2018-11-06T09:41:28","date_gmt":"2018-11-06T08:41:28","guid":{"rendered":"http:\/\/montreux-vieux.net\/?page_id=11793"},"modified":"2019-01-05T14:16:42","modified_gmt":"2019-01-05T13:16:42","slug":"le-saviez-vous-le-procedure-de-divorce-au-journal-officiel-autrefois","status":"publish","type":"page","link":"https:\/\/montreux-vieux.net\/?page_id=11793","title":{"rendered":"Le saviez-vous ? Le proc\u00e9dure de divorce au Journal officiel autrefois"},"content":{"rendered":"<h3 style=\"text-align: center;\">Le saviez-vous ? Le proc\u00e9dure de divorce au Journal officiel autrefois<\/h3>\n<p><a href=\"http:\/\/montreux-vieux.net\/montreux-vieux.net\/wp-content\/uploads\/2018\/11\/ScreenShot1386.jpg\" target=\"_blank\" rel=\"noopener\"><img loading=\"lazy\" decoding=\"async\" class=\"aligncenter wp-image-11790 size-full\" src=\"http:\/\/montreux-vieux.net\/montreux-vieux.net\/wp-content\/uploads\/2018\/11\/ScreenShot1386.jpg\" alt=\"\" width=\"308\" height=\"155\" srcset=\"https:\/\/montreux-vieux.net\/montreux-vieux.net\/wp-content\/uploads\/2018\/11\/ScreenShot1386.jpg 308w, https:\/\/montreux-vieux.net\/montreux-vieux.net\/wp-content\/uploads\/2018\/11\/ScreenShot1386-300x151.jpg 300w\" sizes=\"auto, (max-width: 308px) 100vw, 308px\" \/><\/a><\/p>\n<h4 style=\"text-align: justify;\">Le greffier du tribunal de premi\u00e8re instance.&nbsp;Signification publique.<\/h4>\n<h4 style=\"text-align: justify;\">Le sieur Aim\u00e9-Jules Lapre, employ\u00e9 de chemin de fer, demeurant. \u00e0&nbsp;<strong>Montreux-Vieux<\/strong>&nbsp;(Haut-Rhin), demandeur, repr\u00e9sent\u00e9 par Me&nbsp;Bir, avocat \u00e0 Mulhouse, a intent\u00e9 une de-mande en divorce contre la dame Aim\u00e9-Jules&nbsp;Lapre, n\u00e9e Elisabeth Gissinger demeurant de&nbsp;droit \u00e0&nbsp;<strong>Montreux-Vieux.<\/strong>&nbsp;actuellement sans domicile ni r\u00e9sidence connus, d\u00e9fenderesse, et&nbsp;demande \u00e0 ce qu&rsquo;il plaise au tribunal:<br \/>\n1\u00b0 Prononcer le divorce d&rsquo;entre les \u00e9poux&nbsp;Lapre, aux torts et griefs exclusifs de la d\u00e9fenderesse ;<br \/>\n2\u00b0 Ordonne que le jugement \u00e0 intervenir&nbsp;sera transcrit sur les registres de l&rsquo;\u00e9tat civil&nbsp;de la ville de Paris, 118 arrondissement, et&nbsp;que mention en sera faite sur l&rsquo;acte de mariage des \u00e9poux Lapre;<br \/>\n30 Commettre un huissier pour la signification \u00e0 la d\u00e9fenderesse du jugement \u00e0 inter-<br \/>\nvenir ;<br \/>\n4\u00b0 Condamner la d\u00e9fenderesse en tous les&nbsp;d\u00e9pens.<\/h4>\n<h4 style=\"text-align: justify;\">Le demandeur convoque la d\u00e9fenderesse \u00e0&nbsp;compara\u00eetre devant la premi\u00e8re chambre civile du tribunal de premi\u00e8re instance de Mulhouse, chambre 25, \u00e0 l&rsquo;audience publique du&nbsp;11 avril 1927. \u00e0 neuf heures du matin, avec la&nbsp;sommation de se faire repr\u00e9senter par un avocat inscrit au tableau dudit tribunal.<\/h4>\n<h4 style=\"text-align: justify;\">Cette sommation est faite aux fins de signiication par voie de notification publique.<\/h4>\n<h6>(IR 7\/27).&nbsp;Mulhouse, le 15 f\u00e9vrier 1927.&nbsp;JO&nbsp; 20 f\u00e9vrier 1927<\/h6>\n<p>&nbsp;<\/p>\n","protected":false},"excerpt":{"rendered":"<p>Le saviez-vous ? Le proc\u00e9dure de divorce au Journal officiel autrefois Le greffier du tribunal de premi\u00e8re instance.&nbsp;Signification publique. Le sieur Aim\u00e9-Jules Lapre, employ\u00e9 de chemin de fer, demeurant. \u00e0&nbsp;Montreux-Vieux&nbsp;(Haut-Rhin), demandeur, repr\u00e9sent\u00e9 par Me&nbsp;Bir, avocat \u00e0 Mulhouse, a intent\u00e9 une &hellip; <a href=\"https:\/\/montreux-vieux.net\/?page_id=11793\">Continuer la lecture <span class=\"meta-nav\">&rarr;<\/span><\/a><\/p>\n","protected":false},"author":1,"featured_media":0,"parent":13095,"menu_order":44,"comment_status":"closed","ping_status":"open","template":"","meta":{"footnotes":""},"class_list":["post-11793","page","type-page","status-publish","hentry"],"_links":{"self":[{"href":"https:\/\/montreux-vieux.net\/index.php?rest_route=\/wp\/v2\/pages\/11793","targetHints":{"allow":["GET"]}}],"collection":[{"href":"https:\/\/montreux-vieux.net\/index.php?rest_route=\/wp\/v2\/pages"}],"about":[{"href":"https:\/\/montreux-vieux.net\/index.php?rest_route=\/wp\/v2\/types\/page"}],"author":[{"embeddable":true,"href":"https:\/\/montreux-vieux.net\/index.php?rest_route=\/wp\/v2\/users\/1"}],"replies":[{"embeddable":true,"href":"https:\/\/montreux-vieux.net\/index.php?rest_route=%2Fwp%2Fv2%2Fcomments&post=11793"}],"version-history":[{"count":4,"href":"https:\/\/montreux-vieux.net\/index.php?rest_route=\/wp\/v2\/pages\/11793\/revisions"}],"predecessor-version":[{"id":13439,"href":"https:\/\/montreux-vieux.net\/index.php?rest_route=\/wp\/v2\/pages\/11793\/revisions\/13439"}],"up":[{"embeddable":true,"href":"https:\/\/montreux-vieux.net\/index.php?rest_route=\/wp\/v2\/pages\/13095"}],"wp:attachment":[{"href":"https:\/\/montreux-vieux.net\/index.php?rest_route=%2Fwp%2Fv2%2Fmedia&parent=11793"}],"curies":[{"name":"wp","href":"https:\/\/api.w.org\/{rel}","templated":true}]}}