{"id":11840,"date":"2018-11-07T15:34:27","date_gmt":"2018-11-07T14:34:27","guid":{"rendered":"http:\/\/montreux-vieux.net\/?page_id=11840"},"modified":"2019-01-03T13:49:42","modified_gmt":"2019-01-03T12:49:42","slug":"emprunt-communal-pour-lalimentation-en-eau-potable","status":"publish","type":"page","link":"https:\/\/montreux-vieux.net\/?page_id=11840","title":{"rendered":"Emprunt communal pour l&rsquo;alimentation en eau potable"},"content":{"rendered":"<h3 style=\"text-align: center;\">Emprunt communal pour l&rsquo;alimentation en eau potable<\/h3>\n<h4 style=\"text-align: justify;\"><a href=\"http:\/\/montreux-vieux.net\/montreux-vieux.net\/wp-content\/uploads\/2018\/11\/ScreenShot362.jpg\" target=\"_blank\" rel=\"noopener\"><img loading=\"lazy\" decoding=\"async\" class=\"aligncenter wp-image-11837 size-medium\" src=\"http:\/\/montreux-vieux.net\/montreux-vieux.net\/wp-content\/uploads\/2018\/11\/ScreenShot362-227x300.jpg\" alt=\"\" width=\"227\" height=\"300\" srcset=\"https:\/\/montreux-vieux.net\/montreux-vieux.net\/wp-content\/uploads\/2018\/11\/ScreenShot362-227x300.jpg 227w, https:\/\/montreux-vieux.net\/montreux-vieux.net\/wp-content\/uploads\/2018\/11\/ScreenShot362.jpg 432w\" sizes=\"auto, (max-width: 227px) 100vw, 227px\" \/><\/a><\/h4>\n<h4 style=\"text-align: justify;\">Par d\u00e9cret en date du 12 juillet 1931,&nbsp;pris sur le rapport du pr\u00e9sident du conseil &nbsp;la commune de&nbsp;<strong>Montreux-<\/strong>&nbsp;<strong>Vieux<\/strong>&nbsp;(Haut-Rhin) est autoris\u00e9e \u00e0 contracter, aupr\u00e8s&nbsp;du Cr\u00e9dit foncier de France, un emprunt&nbsp;de 345.000 fr., remboursable en trente &nbsp;annuit\u00e9s, dont le produit &nbsp;est destin\u00e9. aau financement&nbsp;de travaux d&rsquo;aliment en&nbsp;eau potable.<\/h4>\n<h6 style=\"text-align: justify;\"><strong>Sources: JO du 22 juillet 1937<\/strong><\/h6>\n","protected":false},"excerpt":{"rendered":"<p>Emprunt communal pour l&rsquo;alimentation en eau potable Par d\u00e9cret en date du 12 juillet 1931,&nbsp;pris sur le rapport du pr\u00e9sident du conseil &nbsp;la commune de&nbsp;Montreux-&nbsp;Vieux&nbsp;(Haut-Rhin) est autoris\u00e9e \u00e0 contracter, aupr\u00e8s&nbsp;du Cr\u00e9dit foncier de France, un emprunt&nbsp;de 345.000 fr., remboursable en &hellip; <a href=\"https:\/\/montreux-vieux.net\/?page_id=11840\">Continuer la lecture <span class=\"meta-nav\">&rarr;<\/span><\/a><\/p>\n","protected":false},"author":1,"featured_media":0,"parent":13097,"menu_order":14,"comment_status":"closed","ping_status":"open","template":"","meta":{"footnotes":""},"class_list":["post-11840","page","type-page","status-publish","hentry"],"_links":{"self":[{"href":"https:\/\/montreux-vieux.net\/index.php?rest_route=\/wp\/v2\/pages\/11840","targetHints":{"allow":["GET"]}}],"collection":[{"href":"https:\/\/montreux-vieux.net\/index.php?rest_route=\/wp\/v2\/pages"}],"about":[{"href":"https:\/\/montreux-vieux.net\/index.php?rest_route=\/wp\/v2\/types\/page"}],"author":[{"embeddable":true,"href":"https:\/\/montreux-vieux.net\/index.php?rest_route=\/wp\/v2\/users\/1"}],"replies":[{"embeddable":true,"href":"https:\/\/montreux-vieux.net\/index.php?rest_route=%2Fwp%2Fv2%2Fcomments&post=11840"}],"version-history":[{"count":2,"href":"https:\/\/montreux-vieux.net\/index.php?rest_route=\/wp\/v2\/pages\/11840\/revisions"}],"predecessor-version":[{"id":13446,"href":"https:\/\/montreux-vieux.net\/index.php?rest_route=\/wp\/v2\/pages\/11840\/revisions\/13446"}],"up":[{"embeddable":true,"href":"https:\/\/montreux-vieux.net\/index.php?rest_route=\/wp\/v2\/pages\/13097"}],"wp:attachment":[{"href":"https:\/\/montreux-vieux.net\/index.php?rest_route=%2Fwp%2Fv2%2Fmedia&parent=11840"}],"curies":[{"name":"wp","href":"https:\/\/api.w.org\/{rel}","templated":true}]}}