{"id":11879,"date":"2018-11-09T10:17:56","date_gmt":"2018-11-09T09:17:56","guid":{"rendered":"http:\/\/montreux-vieux.net\/?page_id=11879"},"modified":"2019-01-03T10:43:20","modified_gmt":"2019-01-03T09:43:20","slug":"tue-a-montreux-vieux-par-un-gendarme-prussien","status":"publish","type":"page","link":"https:\/\/montreux-vieux.net\/?page_id=11879","title":{"rendered":"Tu\u00e9 \u00e0 Montreux-Vieux par un gendarme prussien"},"content":{"rendered":"<h3 style=\"text-align: center;\">Tu\u00e9 \u00e0 Montreux-Vieux par un gendarme prussien<\/h3>\n<p><a href=\"http:\/\/montreux-vieux.net\/montreux-vieux.net\/wp-content\/uploads\/2018\/11\/ScreenShot1402.jpg\" target=\"_blank\" rel=\"noopener\"><img loading=\"lazy\" decoding=\"async\" class=\"aligncenter wp-image-11877 size-full\" src=\"http:\/\/montreux-vieux.net\/montreux-vieux.net\/wp-content\/uploads\/2018\/11\/ScreenShot1402.jpg\" alt=\"\" width=\"181\" height=\"297\"><\/a><\/p>\n<h4 style=\"text-align: justify;\">M. Sire (Charles), habitant Belfort, s&rsquo;\u00e9tant rendu \u00e0&nbsp;<strong>Montreux-Vieux<\/strong>&nbsp;(territoire&nbsp;prussien) pour y voir un de ses amis, a&nbsp;\u00e9t\u00e9 tu\u00e9 par un gendarme prussien pour&nbsp;un motif des plus futiles.<\/h4>\n<h6><strong>Sources: Le XIXe si\u00e8cle : journal quotidien politique et litt\u00e9raire&nbsp; 15 mai 1882<\/strong><\/h6>\n","protected":false},"excerpt":{"rendered":"<p>Tu\u00e9 \u00e0 Montreux-Vieux par un gendarme prussien M. Sire (Charles), habitant Belfort, s&rsquo;\u00e9tant rendu \u00e0&nbsp;Montreux-Vieux&nbsp;(territoire&nbsp;prussien) pour y voir un de ses amis, a&nbsp;\u00e9t\u00e9 tu\u00e9 par un gendarme prussien pour&nbsp;un motif des plus futiles. Sources: Le XIXe si\u00e8cle : journal quotidien &hellip; <a href=\"https:\/\/montreux-vieux.net\/?page_id=11879\">Continuer la lecture <span class=\"meta-nav\">&rarr;<\/span><\/a><\/p>\n","protected":false},"author":1,"featured_media":0,"parent":13044,"menu_order":80,"comment_status":"closed","ping_status":"open","template":"","meta":{"footnotes":""},"class_list":["post-11879","page","type-page","status-publish","hentry"],"_links":{"self":[{"href":"https:\/\/montreux-vieux.net\/index.php?rest_route=\/wp\/v2\/pages\/11879","targetHints":{"allow":["GET"]}}],"collection":[{"href":"https:\/\/montreux-vieux.net\/index.php?rest_route=\/wp\/v2\/pages"}],"about":[{"href":"https:\/\/montreux-vieux.net\/index.php?rest_route=\/wp\/v2\/types\/page"}],"author":[{"embeddable":true,"href":"https:\/\/montreux-vieux.net\/index.php?rest_route=\/wp\/v2\/users\/1"}],"replies":[{"embeddable":true,"href":"https:\/\/montreux-vieux.net\/index.php?rest_route=%2Fwp%2Fv2%2Fcomments&post=11879"}],"version-history":[{"count":2,"href":"https:\/\/montreux-vieux.net\/index.php?rest_route=\/wp\/v2\/pages\/11879\/revisions"}],"predecessor-version":[{"id":13413,"href":"https:\/\/montreux-vieux.net\/index.php?rest_route=\/wp\/v2\/pages\/11879\/revisions\/13413"}],"up":[{"embeddable":true,"href":"https:\/\/montreux-vieux.net\/index.php?rest_route=\/wp\/v2\/pages\/13044"}],"wp:attachment":[{"href":"https:\/\/montreux-vieux.net\/index.php?rest_route=%2Fwp%2Fv2%2Fmedia&parent=11879"}],"curies":[{"name":"wp","href":"https:\/\/api.w.org\/{rel}","templated":true}]}}