{"id":11926,"date":"2018-11-13T10:17:53","date_gmt":"2018-11-13T09:17:53","guid":{"rendered":"http:\/\/montreux-vieux.net\/?page_id=11926"},"modified":"2019-06-10T09:27:52","modified_gmt":"2019-06-10T08:27:52","slug":"arrestation-irreguliere-dun-espion-a-montreux-vieux","status":"publish","type":"page","link":"https:\/\/montreux-vieux.net\/?page_id=11926","title":{"rendered":"Arrestation \u00ab\u00a0irr\u00e9guli\u00e8re\u00a0\u00bb d&rsquo;un espion \u00e0 Montreux-Vieux"},"content":{"rendered":"<h3 style=\"text-align: center;\">Arrestation \u00ab\u00a0irr\u00e9guli\u00e8re\u00a0\u00bb d&rsquo;un espion \u00e0 Montreux-Vieux<\/h3>\n<p><a href=\"http:\/\/montreux-vieux.net\/montreux-vieux.net\/wp-content\/uploads\/2018\/09\/ScreenShot1179.jpg\" target=\"_blank\" rel=\"noopener noreferrer\"><img loading=\"lazy\" decoding=\"async\" class=\"aligncenter wp-image-11069 size-full\" src=\"http:\/\/montreux-vieux.net\/montreux-vieux.net\/wp-content\/uploads\/2018\/09\/ScreenShot1179.jpg\" alt=\"\" width=\"838\" height=\"496\" srcset=\"https:\/\/montreux-vieux.net\/montreux-vieux.net\/wp-content\/uploads\/2018\/09\/ScreenShot1179.jpg 838w, https:\/\/montreux-vieux.net\/montreux-vieux.net\/wp-content\/uploads\/2018\/09\/ScreenShot1179-300x178.jpg 300w, https:\/\/montreux-vieux.net\/montreux-vieux.net\/wp-content\/uploads\/2018\/09\/ScreenShot1179-768x455.jpg 768w, https:\/\/montreux-vieux.net\/montreux-vieux.net\/wp-content\/uploads\/2018\/09\/ScreenShot1179-600x355.jpg 600w\" sizes=\"auto, (max-width: 838px) 100vw, 838px\" \/><\/a><\/p>\n<h4 style=\"text-align: justify;\">Le \u00ab Journal \u00bb re\u00e7oit do son correspondant\u00a0particulier la d\u00e9p\u00eache suivante, que nous\u00a0(reproduisons sous toutes r\u00e9serves :\u00a0\u00ab Mulhouse, 14 novembre. \u2014 Les Journaux\u00a0mulhousiens signalent une \u00e9trange arrestation op\u00e9r\u00e9e A la fronti\u00e8re. Il y a quatre ans,\u00a0le tribunal des \u00e9chevins infligea une l\u00e9g\u00e8re\u00a0peine de prison \u00e0 un d\u00e9bitant nomme\u00a0Hoffschilder. Le condamn\u00e9, au lieu de purger sa peine, alla se fixer a Belfort, ou il\u00a0tint l&rsquo;estaminet du \u00a0\u00bb Rendez-vous des Alsaciens en Territoire fran\u00e7ais \u00ab\u00a0, dans l\u2019avenue du Lyc\u00e9e. Il para\u00eet que\u00a0Hoffschilder\u00a0 fut signal\u00e9 r\u00e9cemment \u00a0aux autorit\u00e9s allemandes comme se livrant au racolage des Alsaciens pour la l\u00e9gion. On dit\u00a0de plus qu\u2019il \u00e9tait agent appoint\u00e9 au service \u00ab\u00a0au contre-espionnage fran\u00e7ais\u00a0\u00bb de Belfort.. La\u00a0police de Mulhouse d\u00e9cida alors de s\u2019emparer \u00abHoffschilder\u00a0\u00bb . Il y a deux Jours, se pr\u00e9sentaient au \u00ab Rendez-vous des Alsaciens\u00a0\u00bb\u00a0deux Individus se disant originaires do Mulhouse. Ils \u00a0pay\u00e8rent \u00e0 boire au d\u00e9bitant , l&rsquo;invit\u00e8rent \u00e0 un d\u00eener fin, et quand \u00abarriva le\u00a0soir, Hoffschilder \u00e9tait compl\u00e8tement pris de boisson. Sur les instances de ses nouveaux\u00a0amis, il consentit \u00e0 les accompagner \u00a0par la\u00a0train jusqu\u2019\u00e0 Petit-Croix, derni\u00e8re station\u00a0fran\u00e7aise. Mais l&rsquo;imprudent s&rsquo;endormit en\u00a0cours de route, et ne se r\u00e9veilla qu\u2019\u00e0\u00a0<strong>Montreux-Vieux,<\/strong>\u00a0o\u00f9 il fut arr\u00eat\u00e9 et amen\u00e9, le m\u00eame \u00a0soir encore, \u00e0 Mulhouse.<br \/>\nLes circonstances ayant pr\u00e9c\u00e9d\u00e9 cette arrestation semblent \u00ables plus irr\u00e9guli\u00e8res\u00a0\u00bb, et il\u00a0n&rsquo;est pas douteux que les autorit\u00e9s fran\u00e7aises ne prescrivent une enqu\u00eate pour tirer cette affaire au clair. Si des individus venus \u00e0 Belfort \u00e9taient vraiment des agents ou \u00ab\u00a0des\u00a0salari\u00e9s \u00ab\u00a0de la police allemande, leur intervention semble des plus condamnable\u00bb, car\u00a0ils auront commis une violation \u00abdu territoire\u00a0fran\u00e7ais. \u00bb<\/h4>\n","protected":false},"excerpt":{"rendered":"<p>Arrestation \u00ab\u00a0irr\u00e9guli\u00e8re\u00a0\u00bb d&rsquo;un espion \u00e0 Montreux-Vieux Le \u00ab Journal \u00bb re\u00e7oit do son correspondant\u00a0particulier la d\u00e9p\u00eache suivante, que nous\u00a0(reproduisons sous toutes r\u00e9serves :\u00a0\u00ab Mulhouse, 14 novembre. \u2014 Les Journaux\u00a0mulhousiens signalent une \u00e9trange arrestation op\u00e9r\u00e9e A la fronti\u00e8re. Il y a &hellip; <a href=\"https:\/\/montreux-vieux.net\/?page_id=11926\">Continuer la lecture <span class=\"meta-nav\">&rarr;<\/span><\/a><\/p>\n","protected":false},"author":1,"featured_media":0,"parent":13044,"menu_order":88,"comment_status":"closed","ping_status":"open","template":"","meta":{"footnotes":""},"class_list":["post-11926","page","type-page","status-publish","hentry"],"_links":{"self":[{"href":"https:\/\/montreux-vieux.net\/index.php?rest_route=\/wp\/v2\/pages\/11926","targetHints":{"allow":["GET"]}}],"collection":[{"href":"https:\/\/montreux-vieux.net\/index.php?rest_route=\/wp\/v2\/pages"}],"about":[{"href":"https:\/\/montreux-vieux.net\/index.php?rest_route=\/wp\/v2\/types\/page"}],"author":[{"embeddable":true,"href":"https:\/\/montreux-vieux.net\/index.php?rest_route=\/wp\/v2\/users\/1"}],"replies":[{"embeddable":true,"href":"https:\/\/montreux-vieux.net\/index.php?rest_route=%2Fwp%2Fv2%2Fcomments&post=11926"}],"version-history":[{"count":3,"href":"https:\/\/montreux-vieux.net\/index.php?rest_route=\/wp\/v2\/pages\/11926\/revisions"}],"predecessor-version":[{"id":16867,"href":"https:\/\/montreux-vieux.net\/index.php?rest_route=\/wp\/v2\/pages\/11926\/revisions\/16867"}],"up":[{"embeddable":true,"href":"https:\/\/montreux-vieux.net\/index.php?rest_route=\/wp\/v2\/pages\/13044"}],"wp:attachment":[{"href":"https:\/\/montreux-vieux.net\/index.php?rest_route=%2Fwp%2Fv2%2Fmedia&parent=11926"}],"curies":[{"name":"wp","href":"https:\/\/api.w.org\/{rel}","templated":true}]}}

Arrestation « irrégulière » d&rsquo;un espion à Montreux-Vieux

<h3 style="text-align: center;">Arrestation « irrégulière » d&rsquo;un espion à Montreux-Vieux</h3>
<p><a href="http://montreux-vieux.net/montreux-vieux.net/wp-content/uploads/2018/09/ScreenShot1179.jpg" target="_blank" rel="noopener noreferrer"><img loading="lazy" decoding="async" class="aligncenter wp-image-11069 size-full" src="http://montreux-vieux.net/montreux-vieux.net/wp-content/uploads/2018/09/ScreenShot1179.jpg" alt="" width="838" height="496" srcset="https://montreux-vieux.net/montreux-vieux.net/wp-content/uploads/2018/09/ScreenShot1179.jpg 838w, https://montreux-vieux.net/montreux-vieux.net/wp-content/uploads/2018/09/ScreenShot1179-300x178.jpg 300w, https://montreux-vieux.net/montreux-vieux.net/wp-content/uploads/2018/09/ScreenShot1179-768x455.jpg 768w, https://montreux-vieux.net/montreux-vieux.net/wp-content/uploads/2018/09/ScreenShot1179-600x355.jpg 600w" sizes="auto, (max-width: 838px) 100vw, 838px" /></a></p>
<h4 style="text-align: justify;">Le « Journal » reçoit do son correspondant particulier la dépêche suivante, que nous (reproduisons sous toutes réserves : « Mulhouse, 14 novembre. — Les Journaux mulhousiens signalent une étrange arrestation opérée A la frontière. Il y a quatre ans, le tribunal des échevins infligea une légère peine de prison à un débitant nomme Hoffschilder. Le condamné, au lieu de purger sa peine, alla se fixer a Belfort, ou il tint l&rsquo;estaminet du  » Rendez-vous des Alsaciens en Territoire français « , dans l’avenue du Lycée. Il paraît que Hoffschilder  fut signalé récemment  aux autorités allemandes comme se livrant au racolage des Alsaciens pour la légion. On dit de plus qu’il était agent appointé au service « au contre-espionnage français » de Belfort.. La police de Mulhouse décida alors de s’emparer «Hoffschilder » . Il y a deux Jours, se présentaient au « Rendez-vous des Alsaciens » deux Individus se disant originaires do Mulhouse. Ils  payèrent à boire au débitant , l&rsquo;invitèrent à un dîner fin, et quand «arriva le soir, Hoffschilder était complètement pris de boisson. Sur les instances de ses nouveaux amis, il consentit à les accompagner  par la train jusqu’à Petit-Croix, dernière station française. Mais l&rsquo;imprudent s&rsquo;endormit en cours de route, et ne se réveilla qu’à <strong>Montreux-Vieux,</strong> où il fut arrêté et amené, le même  soir encore, à Mulhouse.<br />
Les circonstances ayant précédé cette arrestation semblent «les plus irrégulières », et il n&rsquo;est pas douteux que les autorités françaises ne prescrivent une enquête pour tirer cette affaire au clair. Si des individus venus à Belfort étaient vraiment des agents ou « des salariés « de la police allemande, leur intervention semble des plus condamnable», car ils auront commis une violation «du territoire français. »</h4>

<p>Arrestation « irrégulière » d&rsquo;un espion à Montreux-Vieux Le « Journal » reçoit do son correspondant particulier la dépêche suivante, que nous (reproduisons sous toutes réserves : « Mulhouse, 14 novembre. — Les Journaux mulhousiens signalent une étrange arrestation opérée A la frontière. Il y a &hellip; <a href="https://montreux-vieux.net/?page_id=11926">Continuer la lecture <span class="meta-nav">&rarr;</span></a></p>
