{"id":11938,"date":"2018-11-16T10:30:39","date_gmt":"2018-11-16T09:30:39","guid":{"rendered":"http:\/\/montreux-vieux.net\/?page_id=11938"},"modified":"2019-01-03T13:43:30","modified_gmt":"2019-01-03T12:43:30","slug":"des-assesseurs-du-gouvernement-pour-les-commissaires-davricourt-et-montreux-vieux","status":"publish","type":"page","link":"https:\/\/montreux-vieux.net\/?page_id=11938","title":{"rendered":"Des assesseurs du gouvernement pour les commissaires d&rsquo;Avricourt et Montreux-Vieux"},"content":{"rendered":"<h3 style=\"text-align: center;\">Des assesseurs du gouvernement pour les commissaires d&rsquo;Avricourt et Montreux-Vieux<\/h3>\n<p><a href=\"http:\/\/montreux-vieux.net\/montreux-vieux.net\/wp-content\/uploads\/2018\/11\/451_0011.jpg\" target=\"_blank\" rel=\"noopener\"><img loading=\"lazy\" decoding=\"async\" class=\"aligncenter wp-image-11936 size-medium\" src=\"http:\/\/montreux-vieux.net\/montreux-vieux.net\/wp-content\/uploads\/2018\/11\/451_0011-300x229.jpg\" alt=\"\" width=\"300\" height=\"229\" srcset=\"https:\/\/montreux-vieux.net\/montreux-vieux.net\/wp-content\/uploads\/2018\/11\/451_0011-300x229.jpg 300w, https:\/\/montreux-vieux.net\/montreux-vieux.net\/wp-content\/uploads\/2018\/11\/451_0011-768x587.jpg 768w, https:\/\/montreux-vieux.net\/montreux-vieux.net\/wp-content\/uploads\/2018\/11\/451_0011-600x459.jpg 600w, https:\/\/montreux-vieux.net\/montreux-vieux.net\/wp-content\/uploads\/2018\/11\/451_0011.jpg 1020w\" sizes=\"auto, (max-width: 300px) 100vw, 300px\" \/><\/a><\/p>\n<h4 style=\"text-align: justify;\">&#8211; Les commissaires sp\u00e9ciaux d&rsquo;Avricourt et de&nbsp;<strong>Montreux-Vieux<\/strong>&nbsp;ont \u00e0 leur t\u00eate des assesseurs&nbsp;du gouvernement qui sont entr\u00e9s en fonctions&nbsp;ce matin. &#8211;<\/h4>\n<h6><strong>Sources: Le Rappel 5&nbsp; mars 1891<\/strong><\/h6>\n","protected":false},"excerpt":{"rendered":"<p>Des assesseurs du gouvernement pour les commissaires d&rsquo;Avricourt et Montreux-Vieux &#8211; Les commissaires sp\u00e9ciaux d&rsquo;Avricourt et de&nbsp;Montreux-Vieux&nbsp;ont \u00e0 leur t\u00eate des assesseurs&nbsp;du gouvernement qui sont entr\u00e9s en fonctions&nbsp;ce matin. &#8211; Sources: Le Rappel 5&nbsp; mars 1891<\/p>\n","protected":false},"author":1,"featured_media":0,"parent":13013,"menu_order":48,"comment_status":"closed","ping_status":"open","template":"","meta":{"footnotes":""},"class_list":["post-11938","page","type-page","status-publish","hentry"],"_links":{"self":[{"href":"https:\/\/montreux-vieux.net\/index.php?rest_route=\/wp\/v2\/pages\/11938","targetHints":{"allow":["GET"]}}],"collection":[{"href":"https:\/\/montreux-vieux.net\/index.php?rest_route=\/wp\/v2\/pages"}],"about":[{"href":"https:\/\/montreux-vieux.net\/index.php?rest_route=\/wp\/v2\/types\/page"}],"author":[{"embeddable":true,"href":"https:\/\/montreux-vieux.net\/index.php?rest_route=\/wp\/v2\/users\/1"}],"replies":[{"embeddable":true,"href":"https:\/\/montreux-vieux.net\/index.php?rest_route=%2Fwp%2Fv2%2Fcomments&post=11938"}],"version-history":[{"count":2,"href":"https:\/\/montreux-vieux.net\/index.php?rest_route=\/wp\/v2\/pages\/11938\/revisions"}],"predecessor-version":[{"id":13441,"href":"https:\/\/montreux-vieux.net\/index.php?rest_route=\/wp\/v2\/pages\/11938\/revisions\/13441"}],"up":[{"embeddable":true,"href":"https:\/\/montreux-vieux.net\/index.php?rest_route=\/wp\/v2\/pages\/13013"}],"wp:attachment":[{"href":"https:\/\/montreux-vieux.net\/index.php?rest_route=%2Fwp%2Fv2%2Fmedia&parent=11938"}],"curies":[{"name":"wp","href":"https:\/\/api.w.org\/{rel}","templated":true}]}}

<h3 style="text-align: center;">Des assesseurs du gouvernement pour les commissaires d&rsquo;Avricourt et Montreux-Vieux</h3>
<p><a href="http://montreux-vieux.net/montreux-vieux.net/wp-content/uploads/2018/11/451_0011.jpg" target="_blank" rel="noopener"><img loading="lazy" decoding="async" class="aligncenter wp-image-11936 size-medium" src="http://montreux-vieux.net/montreux-vieux.net/wp-content/uploads/2018/11/451_0011-300x229.jpg" alt="" width="300" height="229" srcset="https://montreux-vieux.net/montreux-vieux.net/wp-content/uploads/2018/11/451_0011-300x229.jpg 300w, https://montreux-vieux.net/montreux-vieux.net/wp-content/uploads/2018/11/451_0011-768x587.jpg 768w, https://montreux-vieux.net/montreux-vieux.net/wp-content/uploads/2018/11/451_0011-600x459.jpg 600w, https://montreux-vieux.net/montreux-vieux.net/wp-content/uploads/2018/11/451_0011.jpg 1020w" sizes="auto, (max-width: 300px) 100vw, 300px" /></a></p>
<h4 style="text-align: justify;">&#8211; Les commissaires spéciaux d&rsquo;Avricourt et de&nbsp;<strong>Montreux-Vieux</strong>&nbsp;ont à leur tête des assesseurs&nbsp;du gouvernement qui sont entrés en fonctions&nbsp;ce matin. &#8211;</h4>
<h6><strong>Sources: Le Rappel 5&nbsp; mars 1891</strong></h6>

<p>Des assesseurs du gouvernement pour les commissaires d&rsquo;Avricourt et Montreux-Vieux &#8211; Les commissaires spéciaux d&rsquo;Avricourt et de&nbsp;Montreux-Vieux&nbsp;ont à leur tête des assesseurs&nbsp;du gouvernement qui sont entrés en fonctions&nbsp;ce matin. &#8211; Sources: Le Rappel 5&nbsp; mars 1891</p>
