{"id":11973,"date":"2018-11-18T10:15:59","date_gmt":"2018-11-18T09:15:59","guid":{"rendered":"http:\/\/montreux-vieux.net\/?page_id=11973"},"modified":"2018-12-31T15:48:35","modified_gmt":"2018-12-31T14:48:35","slug":"lincident-a-la-frontiere-du-peintre-steck","status":"publish","type":"page","link":"https:\/\/montreux-vieux.net\/?page_id=11973","title":{"rendered":"L&rsquo;incident \u00e0 la fronti\u00e8re du peintre Steck"},"content":{"rendered":"<h3 style=\"text-align: center;\">L&rsquo;incident \u00e0 la fronti\u00e8re du peintre Steck<\/h3>\n<h4 style=\"text-align: justify;\"><a href=\"http:\/\/montreux-vieux.net\/montreux-vieux.net\/wp-content\/uploads\/2018\/11\/Une-noce-\u00e0-la-fronti\u00e8re-1.jpg\" target=\"_blank\" rel=\"noopener\"><img loading=\"lazy\" decoding=\"async\" class=\"aligncenter wp-image-11970 size-full\" src=\"http:\/\/montreux-vieux.net\/montreux-vieux.net\/wp-content\/uploads\/2018\/11\/Une-noce-\u00e0-la-fronti\u00e8re-1.jpg\" alt=\"\" width=\"811\" height=\"514\" srcset=\"https:\/\/montreux-vieux.net\/montreux-vieux.net\/wp-content\/uploads\/2018\/11\/Une-noce-\u00e0-la-fronti\u00e8re-1.jpg 811w, https:\/\/montreux-vieux.net\/montreux-vieux.net\/wp-content\/uploads\/2018\/11\/Une-noce-\u00e0-la-fronti\u00e8re-1-300x190.jpg 300w, https:\/\/montreux-vieux.net\/montreux-vieux.net\/wp-content\/uploads\/2018\/11\/Une-noce-\u00e0-la-fronti\u00e8re-1-768x487.jpg 768w, https:\/\/montreux-vieux.net\/montreux-vieux.net\/wp-content\/uploads\/2018\/11\/Une-noce-\u00e0-la-fronti\u00e8re-1-600x380.jpg 600w\" sizes=\"auto, (max-width: 811px) 100vw, 811px\" \/><\/a><\/h4>\n<h4 style=\"text-align: justify;\">Un incident assez grave s&rsquo;est produit il y a trois jours sur la route qui&nbsp;va de&nbsp;<strong>Montreux-Vieux<\/strong>&nbsp;\u00e0 Chavannes-&nbsp;les-Grands, au del\u00e0 de la fronti\u00e8re,&nbsp;sur territoire alsacien :<br \/>\nUn peintre alsacien, nomm\u00e9 Steck, habitant sur le territoire fran\u00e7ais, <strong>Montreux-<\/strong>&nbsp;<strong>Ch\u00e2teau<\/strong>, fut surpris par deux gendarmes,&nbsp;au moment o\u00f9 il p\u00e9n\u00e9trait sur le territoire&nbsp;allemand, et mis en \u00e9tat d&rsquo;arrestation, parce&nbsp;qu&rsquo;il s&rsquo;\u00e9tait soustrait au service militaire en&nbsp;Allemagne. Steck se d\u00e9fendit avec son couteau et les gendarmes firent usage de leurs&nbsp;armes. Dans le cours de la lutte, le gendarme Hoffmann eut la figure \u00e9rafl\u00e9e par&nbsp;la balle de son propre revolver. Steck a \u00e9t\u00e9&nbsp;gri\u00e8vement bless\u00e9 par plusieurs coups de&nbsp;sabre. Une enqu\u00eate a \u00e9t\u00e9 ouverte.&nbsp;D&rsquo;apr\u00e8s d&rsquo;autres renseignements, le&nbsp;peintre Steck aurait \u00e9t\u00e9 arr\u00eat\u00e9 lors&nbsp;qu&rsquo;il se trouvait encore sur le territoire&nbsp;fran\u00e7ais.&nbsp;Il y a lieu, pour notre gouvernement, de faire une enqu\u00eate et peut-\u00eatre de r\u00e9clamer pr\u00e8s des autorit\u00e9s&nbsp;allemandes.<\/h4>\n<h6>Sources: L\u2019univers 30 juin 1896<\/h6>\n","protected":false},"excerpt":{"rendered":"<p>L&rsquo;incident \u00e0 la fronti\u00e8re du peintre Steck Un incident assez grave s&rsquo;est produit il y a trois jours sur la route qui&nbsp;va de&nbsp;Montreux-Vieux&nbsp;\u00e0 Chavannes-&nbsp;les-Grands, au del\u00e0 de la fronti\u00e8re,&nbsp;sur territoire alsacien : Un peintre alsacien, nomm\u00e9 Steck, habitant sur le &hellip; <a href=\"https:\/\/montreux-vieux.net\/?page_id=11973\">Continuer la lecture <span class=\"meta-nav\">&rarr;<\/span><\/a><\/p>\n","protected":false},"author":1,"featured_media":0,"parent":13130,"menu_order":24,"comment_status":"closed","ping_status":"open","template":"","meta":{"footnotes":""},"class_list":["post-11973","page","type-page","status-publish","hentry"],"_links":{"self":[{"href":"https:\/\/montreux-vieux.net\/index.php?rest_route=\/wp\/v2\/pages\/11973","targetHints":{"allow":["GET"]}}],"collection":[{"href":"https:\/\/montreux-vieux.net\/index.php?rest_route=\/wp\/v2\/pages"}],"about":[{"href":"https:\/\/montreux-vieux.net\/index.php?rest_route=\/wp\/v2\/types\/page"}],"author":[{"embeddable":true,"href":"https:\/\/montreux-vieux.net\/index.php?rest_route=\/wp\/v2\/users\/1"}],"replies":[{"embeddable":true,"href":"https:\/\/montreux-vieux.net\/index.php?rest_route=%2Fwp%2Fv2%2Fcomments&post=11973"}],"version-history":[{"count":2,"href":"https:\/\/montreux-vieux.net\/index.php?rest_route=\/wp\/v2\/pages\/11973\/revisions"}],"predecessor-version":[{"id":13232,"href":"https:\/\/montreux-vieux.net\/index.php?rest_route=\/wp\/v2\/pages\/11973\/revisions\/13232"}],"up":[{"embeddable":true,"href":"https:\/\/montreux-vieux.net\/index.php?rest_route=\/wp\/v2\/pages\/13130"}],"wp:attachment":[{"href":"https:\/\/montreux-vieux.net\/index.php?rest_route=%2Fwp%2Fv2%2Fmedia&parent=11973"}],"curies":[{"name":"wp","href":"https:\/\/api.w.org\/{rel}","templated":true}]}}

L&rsquo;incident à la frontière du peintre Steck

<h3 style="text-align: center;">L&rsquo;incident à la frontière du peintre Steck</h3>
<h4 style="text-align: justify;"><a href="http://montreux-vieux.net/montreux-vieux.net/wp-content/uploads/2018/11/Une-noce-à-la-frontière-1.jpg" target="_blank" rel="noopener"><img loading="lazy" decoding="async" class="aligncenter wp-image-11970 size-full" src="http://montreux-vieux.net/montreux-vieux.net/wp-content/uploads/2018/11/Une-noce-à-la-frontière-1.jpg" alt="" width="811" height="514" srcset="https://montreux-vieux.net/montreux-vieux.net/wp-content/uploads/2018/11/Une-noce-à-la-frontière-1.jpg 811w, https://montreux-vieux.net/montreux-vieux.net/wp-content/uploads/2018/11/Une-noce-à-la-frontière-1-300x190.jpg 300w, https://montreux-vieux.net/montreux-vieux.net/wp-content/uploads/2018/11/Une-noce-à-la-frontière-1-768x487.jpg 768w, https://montreux-vieux.net/montreux-vieux.net/wp-content/uploads/2018/11/Une-noce-à-la-frontière-1-600x380.jpg 600w" sizes="auto, (max-width: 811px) 100vw, 811px" /></a></h4>
<h4 style="text-align: justify;">Un incident assez grave s&rsquo;est produit il y a trois jours sur la route qui&nbsp;va de&nbsp;<strong>Montreux-Vieux</strong>&nbsp;à Chavannes-&nbsp;les-Grands, au delà de la frontière,&nbsp;sur territoire alsacien :<br />
Un peintre alsacien, nommé Steck, habitant sur le territoire français, <strong>Montreux-</strong>&nbsp;<strong>Château</strong>, fut surpris par deux gendarmes,&nbsp;au moment où il pénétrait sur le territoire&nbsp;allemand, et mis en état d&rsquo;arrestation, parce&nbsp;qu&rsquo;il s&rsquo;était soustrait au service militaire en&nbsp;Allemagne. Steck se défendit avec son couteau et les gendarmes firent usage de leurs&nbsp;armes. Dans le cours de la lutte, le gendarme Hoffmann eut la figure éraflée par&nbsp;la balle de son propre revolver. Steck a été&nbsp;grièvement blessé par plusieurs coups de&nbsp;sabre. Une enquête a été ouverte.&nbsp;D&rsquo;après d&rsquo;autres renseignements, le&nbsp;peintre Steck aurait été arrêté lors&nbsp;qu&rsquo;il se trouvait encore sur le territoire&nbsp;français.&nbsp;Il y a lieu, pour notre gouvernement, de faire une enquête et peut-être de réclamer près des autorités&nbsp;allemandes.</h4>
<h6>Sources: L’univers 30 juin 1896</h6>

<p>L&rsquo;incident à la frontière du peintre Steck Un incident assez grave s&rsquo;est produit il y a trois jours sur la route qui&nbsp;va de&nbsp;Montreux-Vieux&nbsp;à Chavannes-&nbsp;les-Grands, au delà de la frontière,&nbsp;sur territoire alsacien : Un peintre alsacien, nommé Steck, habitant sur le &hellip; <a href="https://montreux-vieux.net/?page_id=11973">Continuer la lecture <span class="meta-nav">&rarr;</span></a></p>
