{"id":13784,"date":"2019-01-13T14:47:16","date_gmt":"2019-01-13T13:47:16","guid":{"rendered":"http:\/\/montreux-vieux.net\/?page_id=13784"},"modified":"2023-02-17T14:32:32","modified_gmt":"2023-02-17T13:32:32","slug":"larrivee-du-president-de-la-republique-raymond-poincare","status":"publish","type":"page","link":"https:\/\/montreux-vieux.net\/?page_id=13784","title":{"rendered":"L&rsquo;arriv\u00e9e du Pr\u00e9sident de la R\u00e9publique Raymond Poincar\u00e9"},"content":{"rendered":"\n<h3 class=\"has-text-align-center wp-block-heading\">L&rsquo;arriv\u00e9e du Pr\u00e9sident de la R\u00e9publique Raymond Poincar\u00e9<\/h3>\n\n\n\n<div align=\"CENTER\"><figure><iframe loading=\"lazy\" width=\"300\" height=\"344\" src=\"https:\/\/www.youtube.com\/embed\/rJuXMOB3Wy8\" allowfullscreen=\"\"><\/iframe><\/figure><\/div>\n\n\n<div class=\"wp-block-image\">\n<figure class=\"aligncenter size-large\"><img loading=\"lazy\" decoding=\"async\" width=\"658\" height=\"1024\" src=\"https:\/\/montreux-vieux.net\/montreux-vieux.net\/wp-content\/uploads\/2023\/02\/331434487_914793162993879_8171241660204834565_n-658x1024.jpg\" alt=\"\" class=\"wp-image-25930\" srcset=\"https:\/\/montreux-vieux.net\/montreux-vieux.net\/wp-content\/uploads\/2023\/02\/331434487_914793162993879_8171241660204834565_n-658x1024.jpg 658w, https:\/\/montreux-vieux.net\/montreux-vieux.net\/wp-content\/uploads\/2023\/02\/331434487_914793162993879_8171241660204834565_n-193x300.jpg 193w, https:\/\/montreux-vieux.net\/montreux-vieux.net\/wp-content\/uploads\/2023\/02\/331434487_914793162993879_8171241660204834565_n-768x1196.jpg 768w, https:\/\/montreux-vieux.net\/montreux-vieux.net\/wp-content\/uploads\/2023\/02\/331434487_914793162993879_8171241660204834565_n-986x1536.jpg 986w, https:\/\/montreux-vieux.net\/montreux-vieux.net\/wp-content\/uploads\/2023\/02\/331434487_914793162993879_8171241660204834565_n.jpg 1048w\" sizes=\"auto, (max-width: 658px) 100vw, 658px\" \/><\/figure>\n<\/div>\n\n\n<p><a href=\"https:\/\/www.facebook.com\/groups\/186739191349503\/user\/100069689865230\/?__cft__[0]=AZXwouJ2Jd1GDBbRm1qU0_Zb8jo-NiXzUsmfPh4vXQcuQAM6cbzJ_6An4h9tlI-Ganc-TgmLglSZkre8sAt0VLo4gJm7eqNzWkffD8D5iFoEc_uCYSf2U_Qi8jHPjBbwAlVtIaZulkF2pirqYKOvlfouyIam0pXhmC5v681HQCGH6TSaYzp6H6Owk8oPXg0V7-Y&amp;__tn__=R]-R\">Daniel Lougnot<\/a> sur Facebook <\/p>\n\n\n\n<p>Il s&rsquo;agit effectivement du temple. On reconna\u00eet les moulures des bavettes de fen\u00eatres et le dessin particulier des jambages ainsi que les soupirails \u00e0 l&rsquo;aplomb de chacune de ces fen\u00eatres. Les trois militaires sont des instituteurs appartenant aux 53e et 98e RIT. Deux d&rsquo;entre-eux figurent sur une photo prise lors de la visite du pr\u00e9sident de la r\u00e9publique le 12 f\u00e9vrier 1915.<\/p>\n","protected":false},"excerpt":{"rendered":"<p>L&rsquo;arriv\u00e9e du Pr\u00e9sident de la R\u00e9publique Raymond Poincar\u00e9 Daniel Lougnot sur Facebook Il s&rsquo;agit effectivement du temple. On reconna\u00eet les moulures des bavettes de fen\u00eatres et le dessin particulier des jambages ainsi que les soupirails \u00e0 l&rsquo;aplomb de chacune de &hellip; <a href=\"https:\/\/montreux-vieux.net\/?page_id=13784\">Continuer la lecture <span class=\"meta-nav\">&rarr;<\/span><\/a><\/p>\n","protected":false},"author":1,"featured_media":0,"parent":13752,"menu_order":8,"comment_status":"closed","ping_status":"open","template":"","meta":{"footnotes":""},"class_list":["post-13784","page","type-page","status-publish","hentry"],"_links":{"self":[{"href":"https:\/\/montreux-vieux.net\/index.php?rest_route=\/wp\/v2\/pages\/13784","targetHints":{"allow":["GET"]}}],"collection":[{"href":"https:\/\/montreux-vieux.net\/index.php?rest_route=\/wp\/v2\/pages"}],"about":[{"href":"https:\/\/montreux-vieux.net\/index.php?rest_route=\/wp\/v2\/types\/page"}],"author":[{"embeddable":true,"href":"https:\/\/montreux-vieux.net\/index.php?rest_route=\/wp\/v2\/users\/1"}],"replies":[{"embeddable":true,"href":"https:\/\/montreux-vieux.net\/index.php?rest_route=%2Fwp%2Fv2%2Fcomments&post=13784"}],"version-history":[{"count":3,"href":"https:\/\/montreux-vieux.net\/index.php?rest_route=\/wp\/v2\/pages\/13784\/revisions"}],"predecessor-version":[{"id":25932,"href":"https:\/\/montreux-vieux.net\/index.php?rest_route=\/wp\/v2\/pages\/13784\/revisions\/25932"}],"up":[{"embeddable":true,"href":"https:\/\/montreux-vieux.net\/index.php?rest_route=\/wp\/v2\/pages\/13752"}],"wp:attachment":[{"href":"https:\/\/montreux-vieux.net\/index.php?rest_route=%2Fwp%2Fv2%2Fmedia&parent=13784"}],"curies":[{"name":"wp","href":"https:\/\/api.w.org\/{rel}","templated":true}]}}

L&rsquo;arrivée du Président de la République Raymond Poincaré

<h3 class="has-text-align-center wp-block-heading">L&rsquo;arrivée du Président de la République Raymond Poincaré</h3>



<div align="CENTER"><figure><iframe loading="lazy" width="300" height="344" src="https://www.youtube.com/embed/rJuXMOB3Wy8" allowfullscreen=""></iframe></figure></div>


<div class="wp-block-image">
<figure class="aligncenter size-large"><img loading="lazy" decoding="async" width="658" height="1024" src="https://montreux-vieux.net/montreux-vieux.net/wp-content/uploads/2023/02/331434487_914793162993879_8171241660204834565_n-658x1024.jpg" alt="" class="wp-image-25930" srcset="https://montreux-vieux.net/montreux-vieux.net/wp-content/uploads/2023/02/331434487_914793162993879_8171241660204834565_n-658x1024.jpg 658w, https://montreux-vieux.net/montreux-vieux.net/wp-content/uploads/2023/02/331434487_914793162993879_8171241660204834565_n-193x300.jpg 193w, https://montreux-vieux.net/montreux-vieux.net/wp-content/uploads/2023/02/331434487_914793162993879_8171241660204834565_n-768x1196.jpg 768w, https://montreux-vieux.net/montreux-vieux.net/wp-content/uploads/2023/02/331434487_914793162993879_8171241660204834565_n-986x1536.jpg 986w, https://montreux-vieux.net/montreux-vieux.net/wp-content/uploads/2023/02/331434487_914793162993879_8171241660204834565_n.jpg 1048w" sizes="auto, (max-width: 658px) 100vw, 658px" /></figure>
</div>


<p><a href="https://www.facebook.com/groups/186739191349503/user/100069689865230/?__cft__[0]=AZXwouJ2Jd1GDBbRm1qU0_Zb8jo-NiXzUsmfPh4vXQcuQAM6cbzJ_6An4h9tlI-Ganc-TgmLglSZkre8sAt0VLo4gJm7eqNzWkffD8D5iFoEc_uCYSf2U_Qi8jHPjBbwAlVtIaZulkF2pirqYKOvlfouyIam0pXhmC5v681HQCGH6TSaYzp6H6Owk8oPXg0V7-Y&amp;__tn__=R]-R">Daniel Lougnot</a> sur Facebook </p>



<p>Il s&rsquo;agit effectivement du temple. On reconnaît les moulures des bavettes de fenêtres et le dessin particulier des jambages ainsi que les soupirails à l&rsquo;aplomb de chacune de ces fenêtres. Les trois militaires sont des instituteurs appartenant aux 53e et 98e RIT. Deux d&rsquo;entre-eux figurent sur une photo prise lors de la visite du président de la république le 12 février 1915.</p>

<p>L&rsquo;arrivée du Président de la République Raymond Poincaré Daniel Lougnot sur Facebook Il s&rsquo;agit effectivement du temple. On reconnaît les moulures des bavettes de fenêtres et le dessin particulier des jambages ainsi que les soupirails à l&rsquo;aplomb de chacune de &hellip; <a href="https://montreux-vieux.net/?page_id=13784">Continuer la lecture <span class="meta-nav">&rarr;</span></a></p>
