{"id":14450,"date":"2019-02-02T15:12:20","date_gmt":"2019-02-02T14:12:20","guid":{"rendered":"http:\/\/montreux-vieux.net\/?page_id=14450"},"modified":"2019-02-02T15:12:20","modified_gmt":"2019-02-02T14:12:20","slug":"le-saviez-vous-un-salon-de-coiffure-puis-un-atelier-de-tailleur-article-complete","status":"publish","type":"page","link":"https:\/\/montreux-vieux.net\/?page_id=14450","title":{"rendered":"Le saviez-vous ? Un salon de coiffure puis un atelier de tailleur (article compl\u00e9t\u00e9)"},"content":{"rendered":"\n<h3 class=\"wp-block-heading\">Le saviez-vous&nbsp;? Un salon de coiffure puis un atelier de tailleur<\/h3>\n\n\n\n<h4 class=\"wp-block-heading\">La maison situ\u00e9e dans la Grand\u2019Rue ou sont domicili\u00e9s Marie Christine Peter, &nbsp;sa fille Alison, son mari et ses enfants \u00e9tait autrefois un salon de coiffure puis un atelier de tailleur (confection de v\u00eatements) tenu par Paul Zinck &nbsp;Ce dernier \u00e9tait apprenti chez Monsieur Seiler Auguste ma\u00eetre tailleur et ancien maire de Montreux-Vieux.&nbsp;Jean Foerster poss\u00e9dait un salon de coiffure \u00e0 Altm\u00fcnsterol&nbsp;(Montreux-Vieux).&nbsp;Il vendait aussi des cigares, de la parfumerie et de la papeterie ce fut l\u2019un des rares coiffeurs \u00e0 avoir sa carte postale. C\u2019est dans ce salon de coiffure que se sont rencontr\u00e9 Monsieur Sutter Ren\u00e9 avec Madame Sutter n\u00e9e Blanck Mathilde, alors coiffeuse. Un certain temps, ce b\u00e2timent abritait \u00e9galement Madame Bogni qui avait son atelier de couture.<\/h4>\n\n\n\n<figure class=\"wp-block-image\"><img decoding=\"async\" src=\"http:\/\/montreux-vieux.net\/montreux-vieux.net\/wp-content\/uploads\/2016\/09\/ScreenShot147.jpg\" alt=\"\"\/><\/figure>\n","protected":false},"excerpt":{"rendered":"<p>Le saviez-vous&nbsp;? Un salon de coiffure puis un atelier de tailleur La maison situ\u00e9e dans la Grand\u2019Rue ou sont domicili\u00e9s Marie Christine Peter, &nbsp;sa fille Alison, son mari et ses enfants \u00e9tait autrefois un salon de coiffure puis un atelier &hellip; <a href=\"https:\/\/montreux-vieux.net\/?page_id=14450\">Continuer la lecture <span class=\"meta-nav\">&rarr;<\/span><\/a><\/p>\n","protected":false},"author":1,"featured_media":0,"parent":1502,"menu_order":56,"comment_status":"closed","ping_status":"open","template":"","meta":{"footnotes":""},"class_list":["post-14450","page","type-page","status-publish","hentry"],"_links":{"self":[{"href":"https:\/\/montreux-vieux.net\/index.php?rest_route=\/wp\/v2\/pages\/14450","targetHints":{"allow":["GET"]}}],"collection":[{"href":"https:\/\/montreux-vieux.net\/index.php?rest_route=\/wp\/v2\/pages"}],"about":[{"href":"https:\/\/montreux-vieux.net\/index.php?rest_route=\/wp\/v2\/types\/page"}],"author":[{"embeddable":true,"href":"https:\/\/montreux-vieux.net\/index.php?rest_route=\/wp\/v2\/users\/1"}],"replies":[{"embeddable":true,"href":"https:\/\/montreux-vieux.net\/index.php?rest_route=%2Fwp%2Fv2%2Fcomments&post=14450"}],"version-history":[{"count":1,"href":"https:\/\/montreux-vieux.net\/index.php?rest_route=\/wp\/v2\/pages\/14450\/revisions"}],"predecessor-version":[{"id":14451,"href":"https:\/\/montreux-vieux.net\/index.php?rest_route=\/wp\/v2\/pages\/14450\/revisions\/14451"}],"up":[{"embeddable":true,"href":"https:\/\/montreux-vieux.net\/index.php?rest_route=\/wp\/v2\/pages\/1502"}],"wp:attachment":[{"href":"https:\/\/montreux-vieux.net\/index.php?rest_route=%2Fwp%2Fv2%2Fmedia&parent=14450"}],"curies":[{"name":"wp","href":"https:\/\/api.w.org\/{rel}","templated":true}]}}