{"id":14609,"date":"2019-02-03T16:01:05","date_gmt":"2019-02-03T15:01:05","guid":{"rendered":"http:\/\/montreux-vieux.net\/?page_id=14609"},"modified":"2019-02-03T16:01:05","modified_gmt":"2019-02-03T15:01:05","slug":"le-palais-des-juifs-ou-judenpalast","status":"publish","type":"page","link":"https:\/\/montreux-vieux.net\/?page_id=14609","title":{"rendered":"Le Palais des juifs ou Judenpalast"},"content":{"rendered":"\n<h3 class=\"wp-block-heading\" style=\"text-align:center\">Le Palais des juifs&nbsp;ou Judenpalast<\/h3>\n\n\n\n<div class=\"wp-block-image\"><figure class=\"aligncenter\"><a href=\"http:\/\/montreux-vieux.net\/montreux-vieux.net\/wp-content\/uploads\/2017\/10\/Have-a-sip.jpg\" target=\"_blank\" rel=\"noreferrer noopener\"><img loading=\"lazy\" decoding=\"async\" width=\"945\" height=\"756\" src=\"http:\/\/montreux-vieux.net\/montreux-vieux.net\/wp-content\/uploads\/2017\/10\/Have-a-sip.jpg\" alt=\"Le Palais des Juifs\" class=\"wp-image-9926\" srcset=\"https:\/\/montreux-vieux.net\/montreux-vieux.net\/wp-content\/uploads\/2017\/10\/Have-a-sip.jpg 945w, https:\/\/montreux-vieux.net\/montreux-vieux.net\/wp-content\/uploads\/2017\/10\/Have-a-sip-300x240.jpg 300w, https:\/\/montreux-vieux.net\/montreux-vieux.net\/wp-content\/uploads\/2017\/10\/Have-a-sip-768x614.jpg 768w, https:\/\/montreux-vieux.net\/montreux-vieux.net\/wp-content\/uploads\/2017\/10\/Have-a-sip-600x480.jpg 600w\" sizes=\"auto, (max-width: 945px) 100vw, 945px\" \/><\/a><\/figure><\/div>\n\n\n\n<h4 class=\"wp-block-heading\">Plusieurs personnes m\u2019ont d\u00e9j\u00e0 demand\u00e9 pourquoi ce b\u00e2timent tr\u00e8s imposant, situ\u00e9 pr\u00e8s de la gare, d\u2019un style de construction bien particulier, &nbsp;vers les ann\u00e9es1900 ou un peu auparavant, portait le nom de \u00ab&nbsp;Palais des Juifs&nbsp;\u00bb en allemand \u00ab&nbsp;Judenpalast&nbsp;\u00bb&nbsp;?<\/h4>\n\n\n\n<h4 class=\"wp-block-heading\">Plusieurs hypoth\u00e8ses sont avanc\u00e9es comme par exemples&nbsp;: l\u2019architecte de ce b\u00e2timent aurait \u00e9t\u00e9 de confession isra\u00e9lite&nbsp;; des juifs auraient habit\u00e9s ce b\u00e2timent etc. Le seul fait certain selon Daniel Lougnot, auteur des &nbsp;l\u2019ouvrage \u00ab&nbsp;La belle \u00e9poque des 3 Montreux&nbsp;\u00bb c\u2019est qu\u2019un certain nombre de noms \u00e0 consonance &nbsp;juive chez les occupants de cet immeuble apparaissent dans le premier recensement du XX \u00e8me si\u00e8cle (de 1905). Ce b\u00e2timent \u00e9tait de &nbsp;construction moderne avec un maximum de &nbsp;confort&nbsp; notamment &nbsp;de l\u2019eau sur \u00e9vier et dans les toilettes etc. Il \u00e9tait&nbsp;&nbsp;propri\u00e9taire de la SNCF qui l\u2019a c\u00e9d\u00e9 \u00e0 des copropri\u00e9taires.<\/h4>\n","protected":false},"excerpt":{"rendered":"<p>Le Palais des juifs&nbsp;ou Judenpalast Plusieurs personnes m\u2019ont d\u00e9j\u00e0 demand\u00e9 pourquoi ce b\u00e2timent tr\u00e8s imposant, situ\u00e9 pr\u00e8s de la gare, d\u2019un style de construction bien particulier, &nbsp;vers les ann\u00e9es1900 ou un peu auparavant, portait le nom de \u00ab&nbsp;Palais des Juifs&nbsp;\u00bb &hellip; <a href=\"https:\/\/montreux-vieux.net\/?page_id=14609\">Continuer la lecture <span class=\"meta-nav\">&rarr;<\/span><\/a><\/p>\n","protected":false},"author":1,"featured_media":0,"parent":13034,"menu_order":110,"comment_status":"closed","ping_status":"open","template":"","meta":{"footnotes":""},"class_list":["post-14609","page","type-page","status-publish","hentry"],"_links":{"self":[{"href":"https:\/\/montreux-vieux.net\/index.php?rest_route=\/wp\/v2\/pages\/14609","targetHints":{"allow":["GET"]}}],"collection":[{"href":"https:\/\/montreux-vieux.net\/index.php?rest_route=\/wp\/v2\/pages"}],"about":[{"href":"https:\/\/montreux-vieux.net\/index.php?rest_route=\/wp\/v2\/types\/page"}],"author":[{"embeddable":true,"href":"https:\/\/montreux-vieux.net\/index.php?rest_route=\/wp\/v2\/users\/1"}],"replies":[{"embeddable":true,"href":"https:\/\/montreux-vieux.net\/index.php?rest_route=%2Fwp%2Fv2%2Fcomments&post=14609"}],"version-history":[{"count":1,"href":"https:\/\/montreux-vieux.net\/index.php?rest_route=\/wp\/v2\/pages\/14609\/revisions"}],"predecessor-version":[{"id":14610,"href":"https:\/\/montreux-vieux.net\/index.php?rest_route=\/wp\/v2\/pages\/14609\/revisions\/14610"}],"up":[{"embeddable":true,"href":"https:\/\/montreux-vieux.net\/index.php?rest_route=\/wp\/v2\/pages\/13034"}],"wp:attachment":[{"href":"https:\/\/montreux-vieux.net\/index.php?rest_route=%2Fwp%2Fv2%2Fmedia&parent=14609"}],"curies":[{"name":"wp","href":"https:\/\/api.w.org\/{rel}","templated":true}]}}