{"id":16692,"date":"2019-05-26T10:10:38","date_gmt":"2019-05-26T09:10:38","guid":{"rendered":"http:\/\/montreux-vieux.net\/?page_id=16692"},"modified":"2019-05-26T10:10:38","modified_gmt":"2019-05-26T09:10:38","slug":"e-bastide-consul-de-lunion-et-vice-president-du-velo-club-du-gard-arrete-a-montreux-vieux","status":"publish","type":"page","link":"https:\/\/montreux-vieux.net\/?page_id=16692","title":{"rendered":"E. Bastide, consul de l&rsquo;Union et vice-pr\u00e9sident du V\u00e9lo Club. du Gard arr\u00eat\u00e9 \u00e0 Montreux-Vieux"},"content":{"rendered":"\n<h4 class=\"wp-block-heading\">E. Bastide, consul de l&rsquo;Union et vice-pr\u00e9sident du V. C. du Gard arr\u00eat\u00e9 \u00e0 Montreux-Vieux<\/h4>\n\n\n\n<div class=\"wp-block-image\"><figure class=\"aligncenter\"><a href=\"http:\/\/montreux-vieux.net\/montreux-vieux.net\/wp-content\/uploads\/2016\/02\/ScreenShot189.jpg\" target=\"_blank\" rel=\"noreferrer noopener\"><img loading=\"lazy\" decoding=\"async\" width=\"623\" height=\"299\" src=\"http:\/\/montreux-vieux.net\/montreux-vieux.net\/wp-content\/uploads\/2016\/02\/ScreenShot189.jpg\" alt=\"\" class=\"wp-image-7930\" srcset=\"https:\/\/montreux-vieux.net\/montreux-vieux.net\/wp-content\/uploads\/2016\/02\/ScreenShot189.jpg 623w, https:\/\/montreux-vieux.net\/montreux-vieux.net\/wp-content\/uploads\/2016\/02\/ScreenShot189-300x144.jpg 300w, https:\/\/montreux-vieux.net\/montreux-vieux.net\/wp-content\/uploads\/2016\/02\/ScreenShot189-600x288.jpg 600w\" sizes=\"auto, (max-width: 623px) 100vw, 623px\" \/><\/a><\/figure><\/div>\n\n\n\n<h4 class=\"wp-block-heading\"> M. E. Bastide, consul de l&rsquo;Union et vice-pr\u00e9sident du V. C. du Gard, pratiquant toujours l&rsquo;utile dulci, vient de parcourir, en bicyclette, une partie de l&rsquo;Auvergne, de la Loire, du\u00a0Jura, du Doubs. Laissant sa machine \u00e0 Belfort il est entr\u00e9 en Alsace par la Suisse; il se plaisait assez dans la sourici\u00e8re, car il y avait depuis de longues ann\u00e9es d&rsquo;agr\u00e9ables relationsd&rsquo;affaires, mais vouloir en sortir apr\u00e8s avoir grignot\u00e9 l&rsquo;app\u00e2t, c&rsquo;est autre chose! comme l&rsquo;on dit dans la Cagnotte. <\/h4>\n\n\n\n<h4 class=\"wp-block-heading\">A la gare de Montreux-Vieux, notre trop t\u00e9m\u00e9raire consul a \u00e9t\u00e9 d\u00e9licatement cueilli par un monsieur tr\u00e8s galonn\u00e9, accompagn\u00e9 de deux magnifiques pandores orn\u00e9s de fort beaux casques : Bas de basepor t bas de l\u00e9gitimation sch\u00e8in ! vodre \u00e0vaire est glaire !<\/h4>\n\n\n\n<h4 class=\"wp-block-heading\">Aucun respect, ces Allemands, pour l&rsquo;U, V. F.! Protocole de plusieurs pages, interrogatoire minutieux, voyage chez le kreisdirector \u00e0 Altkirch, chez le juge de paix de Dann\u00e9marie, chez le percepteur o\u00f9, finalement, le criminel verse 80 marks de cautionnement pour sa mise on libert\u00e9. Tr\u00e8s pratiques les Teutons! avec \u00e7\u00e0, ne les bl\u00e2mons pas, ils ont probablement \u00e0 subventionner la Deutsche-Rudfahr-V\u00e9rein, et ils ont recours, pour cela, \u00e0 l&rsquo;U. V. F. d&rsquo;une fa\u00e7on aussi ing\u00e9nieuse que d\u00e9licate.<\/h4>\n\n\n\n<h4 class=\"wp-block-heading\">Nous avons laiss\u00e9 M. Bastide chez le percepteur, allons vite l&rsquo;y retrouver ; son porte-monnaie all\u00e9g\u00e9, il d\u00e9gringole les escaliers quatre \u00e0 quatre, heureux d&rsquo;aller respirer l&rsquo;air de la&nbsp;libert\u00e9 \u00e0 laquelle il vient do mettre le prix, il entend d\u00e9j\u00e0 le bruit d\u00e9licieux de la locomotive qui va le rendre \u00e0 sa patrie, mais un formidable Hall! lui fait perdre ses illusions et sa libert\u00e9; il faut attendre une d\u00e9p\u00eache du kreisdirector de Colmar, mais tr\u00e8s peu press\u00e9 ce monsieur! ce n&rsquo;est que le lendemain soir, apr\u00e8s en aVoir \u00e9t\u00e9 sollicit\u00e9 t\u00e9l\u00e9graphiquement par le gendarme ennuy\u00e9 de sa longue l&rsquo;action, qu&rsquo;il se d\u00e9cide \u00e0 r\u00e9pondre.<\/h4>\n\n\n\n<h4 class=\"wp-block-heading\">Sie seien fret ! Les voyageurs pour Belfort en voiture ! Heureux touriste qui, pour 30 marks et deux jours de carcere duro, a pu servir la cause de la Doutsche-Radfahr-Verein et se procurer quelques \u00e9motions \u2014 la vie est si uniforme !<\/h4>\n\n\n\n<p>Comte DE PERROT,<\/p>\n\n\n\n<h5 class=\"wp-block-heading\">sources: Le V\u00e9loce-sport : organe de la v\u00e9locip\u00e9die fran\u00e7ais 18 juillet 1889<\/h5>\n","protected":false},"excerpt":{"rendered":"<p>E. Bastide, consul de l&rsquo;Union et vice-pr\u00e9sident du V. C. du Gard arr\u00eat\u00e9 \u00e0 Montreux-Vieux M. E. Bastide, consul de l&rsquo;Union et vice-pr\u00e9sident du V. C. du Gard, pratiquant toujours l&rsquo;utile dulci, vient de parcourir, en bicyclette, une partie de &hellip; <a href=\"https:\/\/montreux-vieux.net\/?page_id=16692\">Continuer la lecture <span class=\"meta-nav\">&rarr;<\/span><\/a><\/p>\n","protected":false},"author":1,"featured_media":0,"parent":13044,"menu_order":110,"comment_status":"closed","ping_status":"open","template":"","meta":{"footnotes":""},"class_list":["post-16692","page","type-page","status-publish","hentry"],"_links":{"self":[{"href":"https:\/\/montreux-vieux.net\/index.php?rest_route=\/wp\/v2\/pages\/16692","targetHints":{"allow":["GET"]}}],"collection":[{"href":"https:\/\/montreux-vieux.net\/index.php?rest_route=\/wp\/v2\/pages"}],"about":[{"href":"https:\/\/montreux-vieux.net\/index.php?rest_route=\/wp\/v2\/types\/page"}],"author":[{"embeddable":true,"href":"https:\/\/montreux-vieux.net\/index.php?rest_route=\/wp\/v2\/users\/1"}],"replies":[{"embeddable":true,"href":"https:\/\/montreux-vieux.net\/index.php?rest_route=%2Fwp%2Fv2%2Fcomments&post=16692"}],"version-history":[{"count":1,"href":"https:\/\/montreux-vieux.net\/index.php?rest_route=\/wp\/v2\/pages\/16692\/revisions"}],"predecessor-version":[{"id":16693,"href":"https:\/\/montreux-vieux.net\/index.php?rest_route=\/wp\/v2\/pages\/16692\/revisions\/16693"}],"up":[{"embeddable":true,"href":"https:\/\/montreux-vieux.net\/index.php?rest_route=\/wp\/v2\/pages\/13044"}],"wp:attachment":[{"href":"https:\/\/montreux-vieux.net\/index.php?rest_route=%2Fwp%2Fv2%2Fmedia&parent=16692"}],"curies":[{"name":"wp","href":"https:\/\/api.w.org\/{rel}","templated":true}]}}

E. Bastide, consul de l&rsquo;Union et vice-président du Vélo Club. du Gard arrêté à Montreux-Vieux

<h4 class="wp-block-heading">E. Bastide, consul de l&rsquo;Union et vice-président du V. C. du Gard arrêté à Montreux-Vieux</h4>



<div class="wp-block-image"><figure class="aligncenter"><a href="http://montreux-vieux.net/montreux-vieux.net/wp-content/uploads/2016/02/ScreenShot189.jpg" target="_blank" rel="noreferrer noopener"><img loading="lazy" decoding="async" width="623" height="299" src="http://montreux-vieux.net/montreux-vieux.net/wp-content/uploads/2016/02/ScreenShot189.jpg" alt="" class="wp-image-7930" srcset="https://montreux-vieux.net/montreux-vieux.net/wp-content/uploads/2016/02/ScreenShot189.jpg 623w, https://montreux-vieux.net/montreux-vieux.net/wp-content/uploads/2016/02/ScreenShot189-300x144.jpg 300w, https://montreux-vieux.net/montreux-vieux.net/wp-content/uploads/2016/02/ScreenShot189-600x288.jpg 600w" sizes="auto, (max-width: 623px) 100vw, 623px" /></a></figure></div>



<h4 class="wp-block-heading"> M. E. Bastide, consul de l&rsquo;Union et vice-président du V. C. du Gard, pratiquant toujours l&rsquo;utile dulci, vient de parcourir, en bicyclette, une partie de l&rsquo;Auvergne, de la Loire, du Jura, du Doubs. Laissant sa machine à Belfort il est entré en Alsace par la Suisse; il se plaisait assez dans la souricière, car il y avait depuis de longues années d&rsquo;agréables relationsd&rsquo;affaires, mais vouloir en sortir après avoir grignoté l&rsquo;appât, c&rsquo;est autre chose! comme l&rsquo;on dit dans la Cagnotte. </h4>



<h4 class="wp-block-heading">A la gare de Montreux-Vieux, notre trop téméraire consul a été délicatement cueilli par un monsieur très galonné, accompagné de deux magnifiques pandores ornés de fort beaux casques : Bas de basepor t bas de légitimation schèin ! vodre àvaire est glaire !</h4>



<h4 class="wp-block-heading">Aucun respect, ces Allemands, pour l&rsquo;U, V. F.! Protocole de plusieurs pages, interrogatoire minutieux, voyage chez le kreisdirector à Altkirch, chez le juge de paix de Dannémarie, chez le percepteur où, finalement, le criminel verse 80 marks de cautionnement pour sa mise on liberté. Très pratiques les Teutons! avec çà, ne les blâmons pas, ils ont probablement à subventionner la Deutsche-Rudfahr-Vérein, et ils ont recours, pour cela, à l&rsquo;U. V. F. d&rsquo;une façon aussi ingénieuse que délicate.</h4>



<h4 class="wp-block-heading">Nous avons laissé M. Bastide chez le percepteur, allons vite l&rsquo;y retrouver ; son porte-monnaie allégé, il dégringole les escaliers quatre à quatre, heureux d&rsquo;aller respirer l&rsquo;air de la&nbsp;liberté à laquelle il vient do mettre le prix, il entend déjà le bruit délicieux de la locomotive qui va le rendre à sa patrie, mais un formidable Hall! lui fait perdre ses illusions et sa liberté; il faut attendre une dépêche du kreisdirector de Colmar, mais très peu pressé ce monsieur! ce n&rsquo;est que le lendemain soir, après en aVoir été sollicité télégraphiquement par le gendarme ennuyé de sa longue l&rsquo;action, qu&rsquo;il se décide à répondre.</h4>



<h4 class="wp-block-heading">Sie seien fret ! Les voyageurs pour Belfort en voiture ! Heureux touriste qui, pour 30 marks et deux jours de carcere duro, a pu servir la cause de la Doutsche-Radfahr-Verein et se procurer quelques émotions — la vie est si uniforme !</h4>



<p>Comte DE PERROT,</p>



<h5 class="wp-block-heading">sources: Le Véloce-sport : organe de la vélocipédie français 18 juillet 1889</h5>

<p>E. Bastide, consul de l&rsquo;Union et vice-président du V. C. du Gard arrêté à Montreux-Vieux M. E. Bastide, consul de l&rsquo;Union et vice-président du V. C. du Gard, pratiquant toujours l&rsquo;utile dulci, vient de parcourir, en bicyclette, une partie de &hellip; <a href="https://montreux-vieux.net/?page_id=16692">Continuer la lecture <span class="meta-nav">&rarr;</span></a></p>
