{"id":1729,"date":"2011-06-15T07:57:44","date_gmt":"2011-06-15T06:57:44","guid":{"rendered":"http:\/\/montreux-vieux.org\/?page_id=1729"},"modified":"2011-06-15T07:57:44","modified_gmt":"2011-06-15T06:57:44","slug":"nos-amours-perdus","status":"publish","type":"page","link":"https:\/\/montreux-vieux.net\/?page_id=1729","title":{"rendered":"Nos amours perdus"},"content":{"rendered":"<p style=\"text-align: center;\">Nos Amours perdus<\/p>\n<p style=\"text-align: center;\">Te souviens-tu belle dulcin\u00e9e,<br \/>\nLe jour o\u00f9 ont s\u2019est rencontr\u00e9 ?<br \/>\nJ\u2019\u00e9tais semblable \u00e0 moi-m\u00eame,<br \/>\nIvre de joie et de bonheur.<br \/>\nTes yeux p\u00e9tillaient tel un saphir sur le plus beau des diad\u00e8mes,<br \/>\nMoi coll\u00e9 contre toi, je me sentais tout en chaleur.<\/p>\n<p style=\"text-align: center;\">Que reste-t- il de notre amour,<br \/>\nLe temps \u00e0 pass\u00e9 et des blessures ont \u00e9t\u00e9 mis \u00e0 jours.<br \/>\nNous avons eu de si beaux b\u00e9b\u00e9s ensemble,<br \/>\nOmbre d\u2019une vie \u00e0 deux qui passe.<br \/>\nCh\u00e2teau de carte d\u2019une vie \u00e0 deux que tout \u00e9branle,<br \/>\nAmours perdus que rien n\u2019effacent.<\/p>\n<p style=\"text-align: center;\">Oh toi pr\u00eatresse de l\u2019amour qui voulait que je rentre dans le rang,<br \/>\nJours sans fin qui nous balancent dans le n\u00e9ant.<br \/>\nVoil\u00e0 maintenant homme et femme se quitte,<br \/>\nTelle une maison constitu\u00e9e de briques,<br \/>\nTout s\u2019effondre autour de lui.<br \/>\nIl a l\u2019impression am\u00e8re et douce de tomber dans un puits,<br \/>\nAmi entend la complainte de l\u2019\u00eatre qui a aim\u00e9,<br \/>\nCar l\u2019homme seul se pose devant les moments pass\u00e9s.<\/p>\n<p style=\"text-align: center;\">L\u2019homme se r\u00e9veille et regarde ces b\u00e9b\u00e9s,<br \/>\nIl se dit au fond qu\u2019il est lib\u00e9r\u00e9.<br \/>\nCet homme pense que les amours le font souffrir,<br \/>\nAlors maintenant il peut en rire .<br \/>\nVoil\u00e0 c\u2019est la fin de tout et le d\u00e9but de rien,<br \/>\nMais jamais une personne ne s\u2019abstient.<br \/>\nChacun reprend le cours de sa vie,<br \/>\nMais tout cela sans m\u00e9pris.<\/p>\n<p style=\"text-align: center;\">Amours perdus dans le labyrinthe de la vie,<br \/>\nAinsi g\u00eet notre pens\u00e9e commune.<br \/>\nL\u2019homme redonne tout ce qui a \u00e9t\u00e9 pris,<br \/>\nFaisons nos adieux reine de Saba \u2026.<\/p>\n<p style=\"text-align: center;\">Amours perdus \u2026. ( 28\/02\/2011) Stephane Bourquard<\/p>\n","protected":false},"excerpt":{"rendered":"<p>Nos Amours perdus Te souviens-tu belle dulcin\u00e9e, Le jour o\u00f9 ont s\u2019est rencontr\u00e9 ? J\u2019\u00e9tais semblable \u00e0 moi-m\u00eame, Ivre de joie et de bonheur. Tes yeux p\u00e9tillaient tel un saphir sur le plus beau des diad\u00e8mes, Moi coll\u00e9 contre toi, &hellip; <a href=\"https:\/\/montreux-vieux.net\/?page_id=1729\">Continuer la lecture <span class=\"meta-nav\">&rarr;<\/span><\/a><\/p>\n","protected":false},"author":1,"featured_media":0,"parent":1467,"menu_order":0,"comment_status":"open","ping_status":"open","template":"","meta":{"footnotes":""},"class_list":["post-1729","page","type-page","status-publish","hentry"],"_links":{"self":[{"href":"https:\/\/montreux-vieux.net\/index.php?rest_route=\/wp\/v2\/pages\/1729","targetHints":{"allow":["GET"]}}],"collection":[{"href":"https:\/\/montreux-vieux.net\/index.php?rest_route=\/wp\/v2\/pages"}],"about":[{"href":"https:\/\/montreux-vieux.net\/index.php?rest_route=\/wp\/v2\/types\/page"}],"author":[{"embeddable":true,"href":"https:\/\/montreux-vieux.net\/index.php?rest_route=\/wp\/v2\/users\/1"}],"replies":[{"embeddable":true,"href":"https:\/\/montreux-vieux.net\/index.php?rest_route=%2Fwp%2Fv2%2Fcomments&post=1729"}],"version-history":[{"count":1,"href":"https:\/\/montreux-vieux.net\/index.php?rest_route=\/wp\/v2\/pages\/1729\/revisions"}],"predecessor-version":[{"id":1730,"href":"https:\/\/montreux-vieux.net\/index.php?rest_route=\/wp\/v2\/pages\/1729\/revisions\/1730"}],"up":[{"embeddable":true,"href":"https:\/\/montreux-vieux.net\/index.php?rest_route=\/wp\/v2\/pages\/1467"}],"wp:attachment":[{"href":"https:\/\/montreux-vieux.net\/index.php?rest_route=%2Fwp%2Fv2%2Fmedia&parent=1729"}],"curies":[{"name":"wp","href":"https:\/\/api.w.org\/{rel}","templated":true}]}}