{"id":17353,"date":"2019-09-02T13:40:19","date_gmt":"2019-09-02T12:40:19","guid":{"rendered":"http:\/\/montreux-vieux.net\/?page_id=17353"},"modified":"2019-09-02T13:40:19","modified_gmt":"2019-09-02T12:40:19","slug":"lauberge-epicerie-de-la-frontiere-situee-sur-la-commune-de-montreux-vieux-en-1885","status":"publish","type":"page","link":"https:\/\/montreux-vieux.net\/?page_id=17353","title":{"rendered":"L\u2019Auberge-\u00e9picerie de la Fronti\u00e8re situ\u00e9e sur la commune de Montreux-Vieux en 1885"},"content":{"rendered":"\n<h3 class=\"wp-block-heading\" style=\"text-align:center\">L\u2019Auberge-\u00e9picerie de la Fronti\u00e8re situ\u00e9e sur la commune de Montreux-Vieux en 1885<\/h3>\n\n\n\n<div class=\"wp-block-image\"><figure class=\"aligncenter\"><a href=\"http:\/\/montreux-vieux.net\/montreux-vieux.net\/wp-content\/uploads\/2018\/09\/ScreenShot1130.jpg\" target=\"_blank\" rel=\"noreferrer noopener\"><img loading=\"lazy\" decoding=\"async\" width=\"995\" height=\"629\" src=\"http:\/\/montreux-vieux.net\/montreux-vieux.net\/wp-content\/uploads\/2018\/09\/ScreenShot1130.jpg\" alt=\"\" class=\"wp-image-11013\" srcset=\"https:\/\/montreux-vieux.net\/montreux-vieux.net\/wp-content\/uploads\/2018\/09\/ScreenShot1130.jpg 995w, https:\/\/montreux-vieux.net\/montreux-vieux.net\/wp-content\/uploads\/2018\/09\/ScreenShot1130-300x190.jpg 300w, https:\/\/montreux-vieux.net\/montreux-vieux.net\/wp-content\/uploads\/2018\/09\/ScreenShot1130-768x485.jpg 768w, https:\/\/montreux-vieux.net\/montreux-vieux.net\/wp-content\/uploads\/2018\/09\/ScreenShot1130-600x379.jpg 600w\" sizes=\"auto, (max-width: 995px) 100vw, 995px\" \/><\/a><\/figure><\/div>\n\n\n\n<h4 class=\"wp-block-heading\">C\u2019est dans les ann\u00e9es 1885 alors que Montreux-Vieux se nommait Altmunsterol &nbsp;que fut ouvert l\u2019Auberge-\u00e9picerie pr\u00e8s de la fronti\u00e8re. Le propri\u00e9taire \u00e9tait alors&nbsp; Joseph Widemann qui c\u00e9da l\u2019\u00e9tablissement \u00e0 Karl Anthony dans les ann\u00e9es 1900.Tout le gratin du village se trouvait le dimanche, chefs de gendarmerie, douanes, de gare, des Postes etc. d\u2019ailleurs seul caf\u00e9 du village. Le propri\u00e9taire s\u2019est enfui \u00e0 l\u2019arriv\u00e9e des troupes fran\u00e7aise le 07 ao\u00fbt 1914.<\/h4>\n","protected":false},"excerpt":{"rendered":"<p>L\u2019Auberge-\u00e9picerie de la Fronti\u00e8re situ\u00e9e sur la commune de Montreux-Vieux en 1885 C\u2019est dans les ann\u00e9es 1885 alors que Montreux-Vieux se nommait Altmunsterol &nbsp;que fut ouvert l\u2019Auberge-\u00e9picerie pr\u00e8s de la fronti\u00e8re. Le propri\u00e9taire \u00e9tait alors&nbsp; Joseph Widemann qui c\u00e9da l\u2019\u00e9tablissement &hellip; <a href=\"https:\/\/montreux-vieux.net\/?page_id=17353\">Continuer la lecture <span class=\"meta-nav\">&rarr;<\/span><\/a><\/p>\n","protected":false},"author":1,"featured_media":0,"parent":13034,"menu_order":115,"comment_status":"closed","ping_status":"open","template":"","meta":{"footnotes":""},"class_list":["post-17353","page","type-page","status-publish","hentry"],"_links":{"self":[{"href":"https:\/\/montreux-vieux.net\/index.php?rest_route=\/wp\/v2\/pages\/17353","targetHints":{"allow":["GET"]}}],"collection":[{"href":"https:\/\/montreux-vieux.net\/index.php?rest_route=\/wp\/v2\/pages"}],"about":[{"href":"https:\/\/montreux-vieux.net\/index.php?rest_route=\/wp\/v2\/types\/page"}],"author":[{"embeddable":true,"href":"https:\/\/montreux-vieux.net\/index.php?rest_route=\/wp\/v2\/users\/1"}],"replies":[{"embeddable":true,"href":"https:\/\/montreux-vieux.net\/index.php?rest_route=%2Fwp%2Fv2%2Fcomments&post=17353"}],"version-history":[{"count":1,"href":"https:\/\/montreux-vieux.net\/index.php?rest_route=\/wp\/v2\/pages\/17353\/revisions"}],"predecessor-version":[{"id":17354,"href":"https:\/\/montreux-vieux.net\/index.php?rest_route=\/wp\/v2\/pages\/17353\/revisions\/17354"}],"up":[{"embeddable":true,"href":"https:\/\/montreux-vieux.net\/index.php?rest_route=\/wp\/v2\/pages\/13034"}],"wp:attachment":[{"href":"https:\/\/montreux-vieux.net\/index.php?rest_route=%2Fwp%2Fv2%2Fmedia&parent=17353"}],"curies":[{"name":"wp","href":"https:\/\/api.w.org\/{rel}","templated":true}]}}

L’Auberge-épicerie de la Frontière située sur la commune de Montreux-Vieux en 1885

<h3 class="wp-block-heading" style="text-align:center">L’Auberge-épicerie de la Frontière située sur la commune de Montreux-Vieux en 1885</h3>



<div class="wp-block-image"><figure class="aligncenter"><a href="http://montreux-vieux.net/montreux-vieux.net/wp-content/uploads/2018/09/ScreenShot1130.jpg" target="_blank" rel="noreferrer noopener"><img loading="lazy" decoding="async" width="995" height="629" src="http://montreux-vieux.net/montreux-vieux.net/wp-content/uploads/2018/09/ScreenShot1130.jpg" alt="" class="wp-image-11013" srcset="https://montreux-vieux.net/montreux-vieux.net/wp-content/uploads/2018/09/ScreenShot1130.jpg 995w, https://montreux-vieux.net/montreux-vieux.net/wp-content/uploads/2018/09/ScreenShot1130-300x190.jpg 300w, https://montreux-vieux.net/montreux-vieux.net/wp-content/uploads/2018/09/ScreenShot1130-768x485.jpg 768w, https://montreux-vieux.net/montreux-vieux.net/wp-content/uploads/2018/09/ScreenShot1130-600x379.jpg 600w" sizes="auto, (max-width: 995px) 100vw, 995px" /></a></figure></div>



<h4 class="wp-block-heading">C’est dans les années 1885 alors que Montreux-Vieux se nommait Altmunsterol &nbsp;que fut ouvert l’Auberge-épicerie près de la frontière. Le propriétaire était alors&nbsp; Joseph Widemann qui céda l’établissement à Karl Anthony dans les années 1900.Tout le gratin du village se trouvait le dimanche, chefs de gendarmerie, douanes, de gare, des Postes etc. d’ailleurs seul café du village. Le propriétaire s’est enfui à l’arrivée des troupes française le 07 août 1914.</h4>

<p>L’Auberge-épicerie de la Frontière située sur la commune de Montreux-Vieux en 1885 C’est dans les années 1885 alors que Montreux-Vieux se nommait Altmunsterol &nbsp;que fut ouvert l’Auberge-épicerie près de la frontière. Le propriétaire était alors&nbsp; Joseph Widemann qui céda l’établissement &hellip; <a href="https://montreux-vieux.net/?page_id=17353">Continuer la lecture <span class="meta-nav">&rarr;</span></a></p>
