{"id":17555,"date":"2019-09-11T12:35:27","date_gmt":"2019-09-11T11:35:27","guid":{"rendered":"http:\/\/montreux-vieux.net\/?page_id=17555"},"modified":"2021-08-18T21:56:50","modified_gmt":"2021-08-18T20:56:50","slug":"une-photo-exceptionnelle-celle-de-la-maison-widemann-actuellement-mr-roux","status":"publish","type":"page","link":"https:\/\/montreux-vieux.net\/?page_id=17555","title":{"rendered":"Une photo exceptionnelle celle de la maison Widemann actuellement Mr Roux"},"content":{"rendered":"\n<h4 class=\"has-text-align-center wp-block-heading\">Une photo exceptionnelle celle de la maison Widemann actuellement Mr Roux<\/h4>\n\n\n\n<h4 class=\"wp-block-heading\">Une photo exceptionnelle prise en face de chez moi, \u00e0 l\u2019\u00e9poque (1914) la maison Widemann \u00e0 pr\u00e9sent celle de Mr Roux. Je pense identifier les deux alsaciennes celle du milieu Marie Widemann et sa fille \u00e0 droite Alice Widemann. Si d\u2019autres personnes ont des infos je suis preneur. Cliquez sur la photo pour l&rsquo;agrandir<\/h4>\n\n\n\n<div class=\"wp-block-image\"><figure class=\"aligncenter is-resized\"><a href=\"http:\/\/montreux-vieux.net\/montreux-vieux.net\/wp-content\/uploads\/2018\/10\/Widemann.jpg\" target=\"_blank\" rel=\"noreferrer noopener\"><img loading=\"lazy\" decoding=\"async\" src=\"http:\/\/montreux-vieux.net\/montreux-vieux.net\/wp-content\/uploads\/2018\/10\/Widemann.jpg\" alt=\"\" class=\"wp-image-11140\" width=\"590\" height=\"498\" srcset=\"https:\/\/montreux-vieux.net\/montreux-vieux.net\/wp-content\/uploads\/2018\/10\/Widemann.jpg 947w, https:\/\/montreux-vieux.net\/montreux-vieux.net\/wp-content\/uploads\/2018\/10\/Widemann-300x254.jpg 300w, https:\/\/montreux-vieux.net\/montreux-vieux.net\/wp-content\/uploads\/2018\/10\/Widemann-768x650.jpg 768w, https:\/\/montreux-vieux.net\/montreux-vieux.net\/wp-content\/uploads\/2018\/10\/Widemann-600x507.jpg 600w\" sizes=\"auto, (max-width: 590px) 100vw, 590px\" \/><\/a><\/figure><\/div>\n\n\n\n<h4 class=\"wp-block-heading\">Dans cette maison vivait donc Alice Widemann n\u00e9e en 1900, employ\u00e9e dans la Soci\u00e9t\u00e9 Schmerber de Mulhouse. Elle \u00e9tait \u00e9galement conseill\u00e8re municipale. Sa maman tenait le magasin ou se vendaient des gazini\u00e8res et autres appareils m\u00e9nagers ainsi que des bouteilles de gaz. Alice Widemann avait un fils Andr\u00e9, c&rsquo;est l\u2019ing\u00e9nieur qui a invent\u00e9 le parapluie t\u00e9lescopique . &nbsp;Andr\u00e9 &nbsp;faisait \u00e9galement partie du noyau de fervents qui avaient l\u2019amour du sport et qui donna la d\u00e9nomination de \u00ab&nbsp;Montreux-Sports&nbsp;\u00bb \u00e0 l\u2019association sportive.<\/h4>\n\n\n\n<div class=\"wp-block-image\"><figure class=\"aligncenter\"><a href=\"http:\/\/montreux-vieux.net\/montreux-vieux.net\/wp-content\/uploads\/2018\/10\/ScreenShot1225.jpg\" target=\"_blank\" rel=\"noreferrer noopener\"><img loading=\"lazy\" decoding=\"async\" width=\"672\" height=\"190\" src=\"http:\/\/montreux-vieux.net\/montreux-vieux.net\/wp-content\/uploads\/2018\/10\/ScreenShot1225.jpg\" alt=\"\" class=\"wp-image-11150\" srcset=\"https:\/\/montreux-vieux.net\/montreux-vieux.net\/wp-content\/uploads\/2018\/10\/ScreenShot1225.jpg 672w, https:\/\/montreux-vieux.net\/montreux-vieux.net\/wp-content\/uploads\/2018\/10\/ScreenShot1225-300x85.jpg 300w, https:\/\/montreux-vieux.net\/montreux-vieux.net\/wp-content\/uploads\/2018\/10\/ScreenShot1225-600x170.jpg 600w\" sizes=\"auto, (max-width: 672px) 100vw, 672px\" \/><\/a><\/figure><\/div>\n\n\n\n<h4 class=\"wp-block-heading\">Comme cette maison a beaucoup d&rsquo;importance je rajoute ci-apr\u00e8s un article que j&rsquo;avais d\u00e9j\u00e0 ins\u00e9r\u00e9 le 28 f\u00e9vrier 2015 et qui concernant Ang\u00e9line Batenko qui y a v\u00e9cu un moment et que tout le monde a connu.<\/h4>\n\n\n\n<h3 class=\"wp-block-heading\"><strong>Deux vies en m\u00eame temps que deux destins<\/strong><\/h3>\n\n\n\n<h4 class=\"wp-block-heading\">Le <strong>27 Octobre 1909<\/strong> le train imp\u00e9rial russe achevant, sans incident,&nbsp; son voyage de retour de voyage officiel en France est arriv\u00e9 ce matin l\u00e0 \u00e0 5H 56 en gare de Belfort en avance de 4 minutes sur l\u2019horaire \u2013 Le tsar Nicolas II dormait.<\/h4>\n\n\n\n<div class=\"wp-block-image\"><figure class=\"aligncenter\"><a href=\"http:\/\/montreux-vieux.net\/montreux-vieux.net\/wp-content\/uploads\/2012\/02\/Tsar.jpg\" target=\"_blank\" rel=\"noreferrer noopener\"><img loading=\"lazy\" decoding=\"async\" width=\"160\" height=\"240\" src=\"http:\/\/montreux-vieux.net\/montreux-vieux.net\/wp-content\/uploads\/2012\/02\/Tsar.jpg\" alt=\"\" class=\"wp-image-3031\"\/><\/a><\/figure><\/div>\n\n\n\n<h4 class=\"has-text-align-center wp-block-heading\">&nbsp; &nbsp;Le Tsar de Russie Nicolas II<\/h4>\n\n\n\n<h4 class=\"wp-block-heading\">Ce train est imm\u00e9diatement aiguill\u00e9 sur la voie d\u2019Alsace et a quitt\u00e9 Belfort \u00e0 6H10 \u2013 Il n\u2019y eu, sur la demande du Tsar, aucune r\u00e9union en gare de Petit-Croix et lorsque le train est pass\u00e9 en gare fronti\u00e8re de Montreux \u2013 Vieux, Mr Nekludoff, Conseiller de l\u2019 Ambassade Russe de Paris descend du train en quittant son souverain qui ne manque pas de demander a cet homme de transmettre ses plus vifs remerciements aux autorit\u00e9s fran\u00e7aises \u2013&nbsp; Il n\u2019y a personne sur le quai et Mrs Margot et Ruelle, ing\u00e9nieurs en chef du PLM, accompagnent le train jusqu\u2019\u00e0 la fronti\u00e8re.<\/h4>\n\n\n\n<h4 class=\"wp-block-heading\">Ce matin l\u00e0, Nicolas II ne sait probablement pas qu\u2019il n\u2019aura plus jamais l\u2019occasion de revoir la France, s\u2019en allant vers son horrible destin\u00e9e.<\/h4>\n\n\n\n<h4 class=\"wp-block-heading\">&nbsp;Le <strong>30 Mai 1994<\/strong> au 04, Rue d\u2019Alsace \u00e0 Montreux Vieux emm\u00e9nageait une petite femme efficiente avec famille et entreprise pour exercer tout son art en mati\u00e8re d\u2019informatique sur l\u2019ensemble du territoire national.<\/h4>\n\n\n\n<div class=\"wp-block-image\"><figure class=\"aligncenter\"><a href=\"http:\/\/montreux-vieux.net\/montreux-vieux.net\/wp-content\/uploads\/2018\/10\/Angeline.jpg\" target=\"_blank\" rel=\"noreferrer noopener\"><img loading=\"lazy\" decoding=\"async\" width=\"600\" height=\"421\" src=\"http:\/\/montreux-vieux.net\/montreux-vieux.net\/wp-content\/uploads\/2018\/10\/Angeline.jpg\" alt=\"\" class=\"wp-image-11151\" srcset=\"https:\/\/montreux-vieux.net\/montreux-vieux.net\/wp-content\/uploads\/2018\/10\/Angeline.jpg 600w, https:\/\/montreux-vieux.net\/montreux-vieux.net\/wp-content\/uploads\/2018\/10\/Angeline-300x211.jpg 300w\" sizes=\"auto, (max-width: 600px) 100vw, 600px\" \/><\/a><\/figure><\/div>\n\n\n\n<h4 class=\"has-text-align-center wp-block-heading\">Angeline Batenko<\/h4>\n\n\n\n<h4 class=\"wp-block-heading\">Ang\u00e9lina Batenko, puisqu\u2019il s\u2019agit d\u2019elle \u00e9tait issue d\u2019une famille binationale, son p\u00e8re Mika\u00ebl Batenko \u00e9tait russe immigr\u00e9 entre 1925, 1930 avec ses parents et famille apr\u00e8s l\u2019assassinat de Nicolas II et de ses proches \u2013&nbsp; Sa maman Lydia Seiboth \u00e9tait allemande et est arriv\u00e9e en France, elle, apr\u00e8s le conflit de 1945.<\/h4>\n\n\n\n<h4 class=\"wp-block-heading\">Ang\u00e9lina d\u2019abord comptable passe a l\u2019informatique et devient, dans cet art de gestion nouveau a l\u2019\u00e9poque ( 1982 \u2013 1983 ) une sommit\u00e9 reconnue par IBM comme \u00ab d\u00e9veloppeur associ\u00e9 \u00bb pour des applications logicielles de gestion et gestion de production complexes \u2013 Ang\u00e9lina, par passion aura un temps assur\u00e9 des cours du soir informatique en IUT pour des cadres d\u2019entreprises en plus de ses journ\u00e9es bien remplies \u2013 Elle avait une \u00e2me russe mais \u00e9tait un bourreau de travail \u00e0 l\u2019 allemande.<\/h4>\n\n\n\n<h4 class=\"wp-block-heading\">Ang\u00e9lina, \u00e9tait un mod\u00e8le d\u2019int\u00e9gration dans notre pays estimant que la France, par l\u2019accueil de sa famille, lui imposait d\u2019\u00eatre redevable a ce pays contrairement au standard observ\u00e9, de plus, elle pratiquait parfaitement les langues de ses origines ( Russe, Allemand mais aussi le dialecte saxon et ma\u00eetrise de l\u2019anglais par n\u00e9cessit\u00e9 informatique ) \u2013 Femme tr\u00e8s accomplie mais aussi mod\u00e8le de modestie.<\/h4>\n\n\n\n<h4 class=\"wp-block-heading\">Chacun a Montreux Vieux, pour l\u2019avoir c\u00f4toy\u00e9, a connu sa bonne humeur, son extr\u00eame courtoisie, son sens associatif et d\u2019organisation par MELI-MELO, sa culture par l\u2019apprentissage de la musique (orgue) son d\u00e9vouement a la paroisse et bien d\u2019autres attentions qui en font une personne qui doit compter.<\/h4>\n\n\n\n<h4 class=\"wp-block-heading\">En 2002, un destin funeste rattrape Ang\u00e9lina qui devient, par un mal irr\u00e9versible, une proie a la douleur, la d\u00e9ch\u00e9ance et une descente aux enfers \u2013 Durant deux ans tout change y compris dans l\u2019absence de ceux l\u00e0 m\u00eame qui se disaient ses amis et le soir du 23 Septembre 2004 \u00e0 21H05 tout s\u2019\u00e9teint.<\/h4>\n\n\n\n<h4 class=\"wp-block-heading\">2004 \u2013 2014, il y a d\u00e9j\u00e0 10 ans, j\u2019esp\u00e8re que certains se souviendront et auront une pens\u00e9e pour elle en cette ann\u00e9e de rep\u00e8re au combien triste, entre autre ; pour la jeune Marie sa fille qui elle, sur les traces de sa maman est restauratrice d\u2019\u0153uvres d\u2019art et fait montre, je crois, d\u2019une volont\u00e9 et application comparable a Ang\u00e9lina c\u2019est \u00e0 dire sans compromissions et beaucoup d\u2019exigences.<\/h4>\n\n\n\n<h4 class=\"wp-block-heading\">Nicolas II et Ang\u00e9lina, par une branche de sa famille, avait quelques liens de parent\u00e9 raison pour laquelle je rapproche ces deux destins en un seul d\u2019autant que dans sa famille paternelle une d\u00e9votion particuli\u00e8re \u00e9tait octroy\u00e9e a ce Tsar par rapport a sa fin tragique \u2013 Tous deux, a un moment auront connu Montreux \u2013 Vieux, ce qui est plus singulier bien qu\u2019un clin d\u2019\u0153il a l\u2019histoire de cette ville qui n\u2019en demandait probablement pas tant.<\/h4>\n\n\n\n<p><\/p>\n\n\n\n<p><\/p>\n","protected":false},"excerpt":{"rendered":"<p>Une photo exceptionnelle celle de la maison Widemann actuellement Mr Roux Une photo exceptionnelle prise en face de chez moi, \u00e0 l\u2019\u00e9poque (1914) la maison Widemann \u00e0 pr\u00e9sent celle de Mr Roux. Je pense identifier les deux alsaciennes celle du &hellip; <a href=\"https:\/\/montreux-vieux.net\/?page_id=17555\">Continuer la lecture <span class=\"meta-nav\">&rarr;<\/span><\/a><\/p>\n","protected":false},"author":1,"featured_media":0,"parent":14472,"menu_order":28,"comment_status":"closed","ping_status":"open","template":"","meta":{"footnotes":""},"class_list":["post-17555","page","type-page","status-publish","hentry"],"_links":{"self":[{"href":"https:\/\/montreux-vieux.net\/index.php?rest_route=\/wp\/v2\/pages\/17555","targetHints":{"allow":["GET"]}}],"collection":[{"href":"https:\/\/montreux-vieux.net\/index.php?rest_route=\/wp\/v2\/pages"}],"about":[{"href":"https:\/\/montreux-vieux.net\/index.php?rest_route=\/wp\/v2\/types\/page"}],"author":[{"embeddable":true,"href":"https:\/\/montreux-vieux.net\/index.php?rest_route=\/wp\/v2\/users\/1"}],"replies":[{"embeddable":true,"href":"https:\/\/montreux-vieux.net\/index.php?rest_route=%2Fwp%2Fv2%2Fcomments&post=17555"}],"version-history":[{"count":3,"href":"https:\/\/montreux-vieux.net\/index.php?rest_route=\/wp\/v2\/pages\/17555\/revisions"}],"predecessor-version":[{"id":23904,"href":"https:\/\/montreux-vieux.net\/index.php?rest_route=\/wp\/v2\/pages\/17555\/revisions\/23904"}],"up":[{"embeddable":true,"href":"https:\/\/montreux-vieux.net\/index.php?rest_route=\/wp\/v2\/pages\/14472"}],"wp:attachment":[{"href":"https:\/\/montreux-vieux.net\/index.php?rest_route=%2Fwp%2Fv2%2Fmedia&parent=17555"}],"curies":[{"name":"wp","href":"https:\/\/api.w.org\/{rel}","templated":true}]}}

<h4 class="has-text-align-center wp-block-heading">Une photo exceptionnelle celle de la maison Widemann actuellement Mr Roux</h4>



<h4 class="wp-block-heading">Une photo exceptionnelle prise en face de chez moi, à l’époque (1914) la maison Widemann à présent celle de Mr Roux. Je pense identifier les deux alsaciennes celle du milieu Marie Widemann et sa fille à droite Alice Widemann. Si d’autres personnes ont des infos je suis preneur. Cliquez sur la photo pour l&rsquo;agrandir</h4>



<div class="wp-block-image"><figure class="aligncenter is-resized"><a href="http://montreux-vieux.net/montreux-vieux.net/wp-content/uploads/2018/10/Widemann.jpg" target="_blank" rel="noreferrer noopener"><img loading="lazy" decoding="async" src="http://montreux-vieux.net/montreux-vieux.net/wp-content/uploads/2018/10/Widemann.jpg" alt="" class="wp-image-11140" width="590" height="498" srcset="https://montreux-vieux.net/montreux-vieux.net/wp-content/uploads/2018/10/Widemann.jpg 947w, https://montreux-vieux.net/montreux-vieux.net/wp-content/uploads/2018/10/Widemann-300x254.jpg 300w, https://montreux-vieux.net/montreux-vieux.net/wp-content/uploads/2018/10/Widemann-768x650.jpg 768w, https://montreux-vieux.net/montreux-vieux.net/wp-content/uploads/2018/10/Widemann-600x507.jpg 600w" sizes="auto, (max-width: 590px) 100vw, 590px" /></a></figure></div>



<h4 class="wp-block-heading">Dans cette maison vivait donc Alice Widemann née en 1900, employée dans la Société Schmerber de Mulhouse. Elle était également conseillère municipale. Sa maman tenait le magasin ou se vendaient des gazinières et autres appareils ménagers ainsi que des bouteilles de gaz. Alice Widemann avait un fils André, c&rsquo;est l’ingénieur qui a inventé le parapluie télescopique . &nbsp;André &nbsp;faisait également partie du noyau de fervents qui avaient l’amour du sport et qui donna la dénomination de «&nbsp;Montreux-Sports&nbsp;» à l’association sportive.</h4>



<div class="wp-block-image"><figure class="aligncenter"><a href="http://montreux-vieux.net/montreux-vieux.net/wp-content/uploads/2018/10/ScreenShot1225.jpg" target="_blank" rel="noreferrer noopener"><img loading="lazy" decoding="async" width="672" height="190" src="http://montreux-vieux.net/montreux-vieux.net/wp-content/uploads/2018/10/ScreenShot1225.jpg" alt="" class="wp-image-11150" srcset="https://montreux-vieux.net/montreux-vieux.net/wp-content/uploads/2018/10/ScreenShot1225.jpg 672w, https://montreux-vieux.net/montreux-vieux.net/wp-content/uploads/2018/10/ScreenShot1225-300x85.jpg 300w, https://montreux-vieux.net/montreux-vieux.net/wp-content/uploads/2018/10/ScreenShot1225-600x170.jpg 600w" sizes="auto, (max-width: 672px) 100vw, 672px" /></a></figure></div>



<h4 class="wp-block-heading">Comme cette maison a beaucoup d&rsquo;importance je rajoute ci-après un article que j&rsquo;avais déjà inséré le 28 février 2015 et qui concernant Angéline Batenko qui y a vécu un moment et que tout le monde a connu.</h4>



<h3 class="wp-block-heading"><strong>Deux vies en même temps que deux destins</strong></h3>



<h4 class="wp-block-heading">Le <strong>27 Octobre 1909</strong> le train impérial russe achevant, sans incident,&nbsp; son voyage de retour de voyage officiel en France est arrivé ce matin là à 5H 56 en gare de Belfort en avance de 4 minutes sur l’horaire – Le tsar Nicolas II dormait.</h4>



<div class="wp-block-image"><figure class="aligncenter"><a href="http://montreux-vieux.net/montreux-vieux.net/wp-content/uploads/2012/02/Tsar.jpg" target="_blank" rel="noreferrer noopener"><img loading="lazy" decoding="async" width="160" height="240" src="http://montreux-vieux.net/montreux-vieux.net/wp-content/uploads/2012/02/Tsar.jpg" alt="" class="wp-image-3031"/></a></figure></div>



<h4 class="has-text-align-center wp-block-heading">&nbsp; &nbsp;Le Tsar de Russie Nicolas II</h4>



<h4 class="wp-block-heading">Ce train est immédiatement aiguillé sur la voie d’Alsace et a quitté Belfort à 6H10 – Il n’y eu, sur la demande du Tsar, aucune réunion en gare de Petit-Croix et lorsque le train est passé en gare frontière de Montreux – Vieux, Mr Nekludoff, Conseiller de l’ Ambassade Russe de Paris descend du train en quittant son souverain qui ne manque pas de demander a cet homme de transmettre ses plus vifs remerciements aux autorités françaises –&nbsp; Il n’y a personne sur le quai et Mrs Margot et Ruelle, ingénieurs en chef du PLM, accompagnent le train jusqu’à la frontière.</h4>



<h4 class="wp-block-heading">Ce matin là, Nicolas II ne sait probablement pas qu’il n’aura plus jamais l’occasion de revoir la France, s’en allant vers son horrible destinée.</h4>



<h4 class="wp-block-heading">&nbsp;Le <strong>30 Mai 1994</strong> au 04, Rue d’Alsace à Montreux Vieux emménageait une petite femme efficiente avec famille et entreprise pour exercer tout son art en matière d’informatique sur l’ensemble du territoire national.</h4>



<div class="wp-block-image"><figure class="aligncenter"><a href="http://montreux-vieux.net/montreux-vieux.net/wp-content/uploads/2018/10/Angeline.jpg" target="_blank" rel="noreferrer noopener"><img loading="lazy" decoding="async" width="600" height="421" src="http://montreux-vieux.net/montreux-vieux.net/wp-content/uploads/2018/10/Angeline.jpg" alt="" class="wp-image-11151" srcset="https://montreux-vieux.net/montreux-vieux.net/wp-content/uploads/2018/10/Angeline.jpg 600w, https://montreux-vieux.net/montreux-vieux.net/wp-content/uploads/2018/10/Angeline-300x211.jpg 300w" sizes="auto, (max-width: 600px) 100vw, 600px" /></a></figure></div>



<h4 class="has-text-align-center wp-block-heading">Angeline Batenko</h4>



<h4 class="wp-block-heading">Angélina Batenko, puisqu’il s’agit d’elle était issue d’une famille binationale, son père Mikaël Batenko était russe immigré entre 1925, 1930 avec ses parents et famille après l’assassinat de Nicolas II et de ses proches –&nbsp; Sa maman Lydia Seiboth était allemande et est arrivée en France, elle, après le conflit de 1945.</h4>



<h4 class="wp-block-heading">Angélina d’abord comptable passe a l’informatique et devient, dans cet art de gestion nouveau a l’époque ( 1982 – 1983 ) une sommité reconnue par IBM comme « développeur associé » pour des applications logicielles de gestion et gestion de production complexes – Angélina, par passion aura un temps assuré des cours du soir informatique en IUT pour des cadres d’entreprises en plus de ses journées bien remplies – Elle avait une âme russe mais était un bourreau de travail à l’ allemande.</h4>



<h4 class="wp-block-heading">Angélina, était un modèle d’intégration dans notre pays estimant que la France, par l’accueil de sa famille, lui imposait d’être redevable a ce pays contrairement au standard observé, de plus, elle pratiquait parfaitement les langues de ses origines ( Russe, Allemand mais aussi le dialecte saxon et maîtrise de l’anglais par nécessité informatique ) – Femme très accomplie mais aussi modèle de modestie.</h4>



<h4 class="wp-block-heading">Chacun a Montreux Vieux, pour l’avoir côtoyé, a connu sa bonne humeur, son extrême courtoisie, son sens associatif et d’organisation par MELI-MELO, sa culture par l’apprentissage de la musique (orgue) son dévouement a la paroisse et bien d’autres attentions qui en font une personne qui doit compter.</h4>



<h4 class="wp-block-heading">En 2002, un destin funeste rattrape Angélina qui devient, par un mal irréversible, une proie a la douleur, la déchéance et une descente aux enfers – Durant deux ans tout change y compris dans l’absence de ceux là même qui se disaient ses amis et le soir du 23 Septembre 2004 à 21H05 tout s’éteint.</h4>



<h4 class="wp-block-heading">2004 – 2014, il y a déjà 10 ans, j’espère que certains se souviendront et auront une pensée pour elle en cette année de repère au combien triste, entre autre ; pour la jeune Marie sa fille qui elle, sur les traces de sa maman est restauratrice d’œuvres d’art et fait montre, je crois, d’une volonté et application comparable a Angélina c’est à dire sans compromissions et beaucoup d’exigences.</h4>



<h4 class="wp-block-heading">Nicolas II et Angélina, par une branche de sa famille, avait quelques liens de parenté raison pour laquelle je rapproche ces deux destins en un seul d’autant que dans sa famille paternelle une dévotion particulière était octroyée a ce Tsar par rapport a sa fin tragique – Tous deux, a un moment auront connu Montreux – Vieux, ce qui est plus singulier bien qu’un clin d’œil a l’histoire de cette ville qui n’en demandait probablement pas tant.</h4>



<p></p>



<p></p>

<p>Une photo exceptionnelle celle de la maison Widemann actuellement Mr Roux Une photo exceptionnelle prise en face de chez moi, à l’époque (1914) la maison Widemann à présent celle de Mr Roux. Je pense identifier les deux alsaciennes celle du &hellip; <a href="https://montreux-vieux.net/?page_id=17555">Continuer la lecture <span class="meta-nav">&rarr;</span></a></p>
