{"id":17722,"date":"2019-09-15T15:01:31","date_gmt":"2019-09-15T14:01:31","guid":{"rendered":"http:\/\/montreux-vieux.net\/?page_id=17722"},"modified":"2019-09-15T15:01:31","modified_gmt":"2019-09-15T14:01:31","slug":"il-y-a-125-ans-les-trains-etaient-moins-chauffes","status":"publish","type":"page","link":"https:\/\/montreux-vieux.net\/?page_id=17722","title":{"rendered":"Il y a 125 ans les trains \u00e9taient moins chauff\u00e9s"},"content":{"rendered":"\n<h3 class=\"wp-block-heading\" style=\"text-align:center\">Il y a 125 ans les trains \u00e9taient moins chauff\u00e9s<\/h3>\n\n\n\n<div class=\"wp-block-image\"><figure class=\"aligncenter\"><img decoding=\"async\" src=\"http:\/\/montreux-vieux.net\/montreux-vieux.net\/wp-content\/uploads\/2018\/11\/ScreenShot1379.jpg\" alt=\"L\u00e2\u0080\u0099attribut alt de cette image est vide, son nom de fichier est ScreenShot1379.jpg.\"\/><\/figure><\/div>\n\n\n\n<h4 class=\"wp-block-heading\">Le  30 d\u00e9cembre 1893  plusieurs voyageurs arrivant \u00e0\u00a0Montreux-Vieux<strong>,<\/strong>\u00a0 de Paris, ont d\u00fb \u00eatre soign\u00e9s par la\u00a0personnel de la gare, \u00e0 la suite d\u2019accidents\u00a0dus au manque de chauffage des voitures de\u00a0la Compagnie Est fran\u00e7aise.\u00a0Les plaintes des voyageurs sont unanimes.<\/h4>\n\n\n\n<h6 class=\"wp-block-heading\"><strong>Sources: Le XIXe si\u00e8cle : journal quotidien politique et litt\u00e9raire 01 janvier 1894<\/strong><\/h6>\n","protected":false},"excerpt":{"rendered":"<p>Il y a 125 ans les trains \u00e9taient moins chauff\u00e9s Le 30 d\u00e9cembre 1893 plusieurs voyageurs arrivant \u00e0\u00a0Montreux-Vieux,\u00a0 de Paris, ont d\u00fb \u00eatre soign\u00e9s par la\u00a0personnel de la gare, \u00e0 la suite d\u2019accidents\u00a0dus au manque de chauffage des voitures de\u00a0la &hellip; <a href=\"https:\/\/montreux-vieux.net\/?page_id=17722\">Continuer la lecture <span class=\"meta-nav\">&rarr;<\/span><\/a><\/p>\n","protected":false},"author":1,"featured_media":0,"parent":13013,"menu_order":56,"comment_status":"closed","ping_status":"open","template":"","meta":{"footnotes":""},"class_list":["post-17722","page","type-page","status-publish","hentry"],"_links":{"self":[{"href":"https:\/\/montreux-vieux.net\/index.php?rest_route=\/wp\/v2\/pages\/17722","targetHints":{"allow":["GET"]}}],"collection":[{"href":"https:\/\/montreux-vieux.net\/index.php?rest_route=\/wp\/v2\/pages"}],"about":[{"href":"https:\/\/montreux-vieux.net\/index.php?rest_route=\/wp\/v2\/types\/page"}],"author":[{"embeddable":true,"href":"https:\/\/montreux-vieux.net\/index.php?rest_route=\/wp\/v2\/users\/1"}],"replies":[{"embeddable":true,"href":"https:\/\/montreux-vieux.net\/index.php?rest_route=%2Fwp%2Fv2%2Fcomments&post=17722"}],"version-history":[{"count":1,"href":"https:\/\/montreux-vieux.net\/index.php?rest_route=\/wp\/v2\/pages\/17722\/revisions"}],"predecessor-version":[{"id":17723,"href":"https:\/\/montreux-vieux.net\/index.php?rest_route=\/wp\/v2\/pages\/17722\/revisions\/17723"}],"up":[{"embeddable":true,"href":"https:\/\/montreux-vieux.net\/index.php?rest_route=\/wp\/v2\/pages\/13013"}],"wp:attachment":[{"href":"https:\/\/montreux-vieux.net\/index.php?rest_route=%2Fwp%2Fv2%2Fmedia&parent=17722"}],"curies":[{"name":"wp","href":"https:\/\/api.w.org\/{rel}","templated":true}]}}