{"id":18760,"date":"2020-01-25T14:28:22","date_gmt":"2020-01-25T13:28:22","guid":{"rendered":"http:\/\/montreux-vieux.net\/?page_id=18760"},"modified":"2020-01-25T14:28:22","modified_gmt":"2020-01-25T13:28:22","slug":"extraits-du-livre-les-italiens-du-maquis-de-pia-leonetti-carena-2","status":"publish","type":"page","link":"https:\/\/montreux-vieux.net\/?page_id=18760","title":{"rendered":"Extraits du livre \u00ab Les Italiens du Maquis \u00bb de Pia L\u00e9onetti Carena"},"content":{"rendered":"\n<div class=\"wp-block-image\"><figure class=\"aligncenter\"><img decoding=\"async\" src=\"http:\/\/montreux-vieux.net\/montreux-vieux.net\/wp-content\/uploads\/2018\/09\/ScreenShot1179.jpg\" alt=\"\"\/><\/figure><\/div>\n\n\n\n<p> Rizzato Giovanna, n\u00e9e le 23 octobre 1921, ouvri\u00e8re. Requise \u00e0 Berlin. Arr\u00eat\u00e9e le 02 janvier 1943 \u00e0 Montreux-Vieux pour \u00ab\u00a0tentative de passage clandestin de la fronti\u00e8re\u00a0\u00bb Incarc\u00e9r\u00e9e \u00e0 Mulhouse et de l\u00e0 transf\u00e9r\u00e9e au camp de Schirmeck, le 2 janvier 1944. Ne serait pas revenue. <\/p>\n\n\n\n<p> Salvador Elio, n\u00e9 le 17 novembre 1924, domicili\u00e9 \u00e0 Buhl, employ\u00e9, arr\u00eat\u00e9 le 27 novembre 1943 \u00e0 Montreux-Vieux pour tentative de passage clandestin de la fronti\u00e8re. Incarc\u00e9r\u00e9 \u00e0 Mulhouse et de l\u00e0 dirig\u00e9 sur le camp de Schirmeck, le 8 d\u00e9cembre 1943. N\u2019est pas revenu, semble-t-il. <\/p>\n\n\n\n<p> Zerbin Matteo, n\u00e9 le 30 ao\u00fbt 1897, domicili\u00e9 \u00e0 Oggersheim, ma\u00e7on. Arr\u00eat\u00e9 le 12 f\u00e9vrier 1944 \u00e0 Montreux-Vieux pour avoir refus\u00e9 de travailler pour les Allemands. Incarc\u00e9r\u00e9 puis intern\u00e9 \u00e0 Ludwigshaffen. N\u2019est pas revenu, semble-t-il. <\/p>\n","protected":false},"excerpt":{"rendered":"<p>Rizzato Giovanna, n\u00e9e le 23 octobre 1921, ouvri\u00e8re. Requise \u00e0 Berlin. Arr\u00eat\u00e9e le 02 janvier 1943 \u00e0 Montreux-Vieux pour \u00ab\u00a0tentative de passage clandestin de la fronti\u00e8re\u00a0\u00bb Incarc\u00e9r\u00e9e \u00e0 Mulhouse et de l\u00e0 transf\u00e9r\u00e9e au camp de Schirmeck, le 2 janvier &hellip; <a href=\"https:\/\/montreux-vieux.net\/?page_id=18760\">Continuer la lecture <span class=\"meta-nav\">&rarr;<\/span><\/a><\/p>\n","protected":false},"author":1,"featured_media":0,"parent":12675,"menu_order":25,"comment_status":"closed","ping_status":"open","template":"","meta":{"footnotes":""},"class_list":["post-18760","page","type-page","status-publish","hentry"],"_links":{"self":[{"href":"https:\/\/montreux-vieux.net\/index.php?rest_route=\/wp\/v2\/pages\/18760","targetHints":{"allow":["GET"]}}],"collection":[{"href":"https:\/\/montreux-vieux.net\/index.php?rest_route=\/wp\/v2\/pages"}],"about":[{"href":"https:\/\/montreux-vieux.net\/index.php?rest_route=\/wp\/v2\/types\/page"}],"author":[{"embeddable":true,"href":"https:\/\/montreux-vieux.net\/index.php?rest_route=\/wp\/v2\/users\/1"}],"replies":[{"embeddable":true,"href":"https:\/\/montreux-vieux.net\/index.php?rest_route=%2Fwp%2Fv2%2Fcomments&post=18760"}],"version-history":[{"count":1,"href":"https:\/\/montreux-vieux.net\/index.php?rest_route=\/wp\/v2\/pages\/18760\/revisions"}],"predecessor-version":[{"id":18761,"href":"https:\/\/montreux-vieux.net\/index.php?rest_route=\/wp\/v2\/pages\/18760\/revisions\/18761"}],"up":[{"embeddable":true,"href":"https:\/\/montreux-vieux.net\/index.php?rest_route=\/wp\/v2\/pages\/12675"}],"wp:attachment":[{"href":"https:\/\/montreux-vieux.net\/index.php?rest_route=%2Fwp%2Fv2%2Fmedia&parent=18760"}],"curies":[{"name":"wp","href":"https:\/\/api.w.org\/{rel}","templated":true}]}}

Extraits du livre « Les Italiens du Maquis » de Pia Léonetti Carena

<div class="wp-block-image"><figure class="aligncenter"><img decoding="async" src="http://montreux-vieux.net/montreux-vieux.net/wp-content/uploads/2018/09/ScreenShot1179.jpg" alt=""/></figure></div>



<p> Rizzato Giovanna, née le 23 octobre 1921, ouvrière. Requise à Berlin. Arrêtée le 02 janvier 1943 à Montreux-Vieux pour « tentative de passage clandestin de la frontière » Incarcérée à Mulhouse et de là transférée au camp de Schirmeck, le 2 janvier 1944. Ne serait pas revenue. </p>



<p> Salvador Elio, né le 17 novembre 1924, domicilié à Buhl, employé, arrêté le 27 novembre 1943 à Montreux-Vieux pour tentative de passage clandestin de la frontière. Incarcéré à Mulhouse et de là dirigé sur le camp de Schirmeck, le 8 décembre 1943. N’est pas revenu, semble-t-il. </p>



<p> Zerbin Matteo, né le 30 août 1897, domicilié à Oggersheim, maçon. Arrêté le 12 février 1944 à Montreux-Vieux pour avoir refusé de travailler pour les Allemands. Incarcéré puis interné à Ludwigshaffen. N’est pas revenu, semble-t-il. </p>

<p>Rizzato Giovanna, née le 23 octobre 1921, ouvrière. Requise à Berlin. Arrêtée le 02 janvier 1943 à Montreux-Vieux pour « tentative de passage clandestin de la frontière » Incarcérée à Mulhouse et de là transférée au camp de Schirmeck, le 2 janvier &hellip; <a href="https://montreux-vieux.net/?page_id=18760">Continuer la lecture <span class="meta-nav">&rarr;</span></a></p>
