{"id":19608,"date":"2020-06-08T15:57:26","date_gmt":"2020-06-08T14:57:26","guid":{"rendered":"http:\/\/montreux-vieux.net\/?page_id=19608"},"modified":"2020-06-08T16:01:18","modified_gmt":"2020-06-08T15:01:18","slug":"la-variole-noire-a-montreux-vieux","status":"publish","type":"page","link":"https:\/\/montreux-vieux.net\/?page_id=19608","title":{"rendered":"La variole noire \u00e0 Montreux-Vieux"},"content":{"rendered":"\n<p>Un sujet allemand expuls\u00e9 de France par la gare de Montreux-Vieux, et dirig\u00e9 sur Mulhouse, vient &lsquo;\u00eatre reconnu atteint de la variole noire. On a imm\u00e9diatement pris les pr\u00e9cautions n\u00e9cessaires et.fait d\u00e9sinfecter \u00e0 la gare de Montreux- Vieux, le wagon o\u00f9 se trouvait, cet Allemand, et l&rsquo;on a .fait revacciner les agents qui l&rsquo;accompagnaient.<\/p>\n\n\n\n<p> Sources: Le Rappel 29 mars 1907<\/p>\n","protected":false},"excerpt":{"rendered":"<p>Un sujet allemand expuls\u00e9 de France par la gare de Montreux-Vieux, et dirig\u00e9 sur Mulhouse, vient &lsquo;\u00eatre reconnu atteint de la variole noire. On a imm\u00e9diatement pris les pr\u00e9cautions n\u00e9cessaires et.fait d\u00e9sinfecter \u00e0 la gare de Montreux- Vieux, le wagon &hellip; <a href=\"https:\/\/montreux-vieux.net\/?page_id=19608\">Continuer la lecture <span class=\"meta-nav\">&rarr;<\/span><\/a><\/p>\n","protected":false},"author":1,"featured_media":0,"parent":13095,"menu_order":80,"comment_status":"closed","ping_status":"open","template":"","meta":{"footnotes":""},"class_list":["post-19608","page","type-page","status-publish","hentry"],"_links":{"self":[{"href":"https:\/\/montreux-vieux.net\/index.php?rest_route=\/wp\/v2\/pages\/19608","targetHints":{"allow":["GET"]}}],"collection":[{"href":"https:\/\/montreux-vieux.net\/index.php?rest_route=\/wp\/v2\/pages"}],"about":[{"href":"https:\/\/montreux-vieux.net\/index.php?rest_route=\/wp\/v2\/types\/page"}],"author":[{"embeddable":true,"href":"https:\/\/montreux-vieux.net\/index.php?rest_route=\/wp\/v2\/users\/1"}],"replies":[{"embeddable":true,"href":"https:\/\/montreux-vieux.net\/index.php?rest_route=%2Fwp%2Fv2%2Fcomments&post=19608"}],"version-history":[{"count":1,"href":"https:\/\/montreux-vieux.net\/index.php?rest_route=\/wp\/v2\/pages\/19608\/revisions"}],"predecessor-version":[{"id":19609,"href":"https:\/\/montreux-vieux.net\/index.php?rest_route=\/wp\/v2\/pages\/19608\/revisions\/19609"}],"up":[{"embeddable":true,"href":"https:\/\/montreux-vieux.net\/index.php?rest_route=\/wp\/v2\/pages\/13095"}],"wp:attachment":[{"href":"https:\/\/montreux-vieux.net\/index.php?rest_route=%2Fwp%2Fv2%2Fmedia&parent=19608"}],"curies":[{"name":"wp","href":"https:\/\/api.w.org\/{rel}","templated":true}]}}