{"id":19695,"date":"2020-06-14T15:46:55","date_gmt":"2020-06-14T14:46:55","guid":{"rendered":"http:\/\/montreux-vieux.net\/?page_id=19695"},"modified":"2020-06-14T15:46:55","modified_gmt":"2020-06-14T14:46:55","slug":"le-maire-de-montreux-vieux-condamne","status":"publish","type":"page","link":"https:\/\/montreux-vieux.net\/?page_id=19695","title":{"rendered":"Le Maire de Montreux-Vieux condamn\u00e9"},"content":{"rendered":"\n<p>Montreux-Vieux, 20 mars 1904. \u2014 On se rappelle que le maire de Montreux-Vieux, et Masson, r\u00e9dacteur d\u2019Altkirch, avaient \u00e9t\u00e9 condamn\u00e9s chacun \u00e0 100 Mark d\u2019amende pour offenses envers M. Scherrer, de Dannemarie, membre du conseil d&rsquo;arrondissement d\u2019Altkirch. Les pr\u00e9venus avaient demand\u00e9 la r\u00e9vision de ce proc\u00e8s. La cour d\u2019appel de Colmar vient de confirmer le&nbsp; jugement prononc\u00e9 en deuxi\u00e8me instance.<\/p>\n\n\n\n<p>Sources&nbsp;: Express 22 mars 1904<\/p>\n","protected":false},"excerpt":{"rendered":"<p>Montreux-Vieux, 20 mars 1904. \u2014 On se rappelle que le maire de Montreux-Vieux, et Masson, r\u00e9dacteur d\u2019Altkirch, avaient \u00e9t\u00e9 condamn\u00e9s chacun \u00e0 100 Mark d\u2019amende pour offenses envers M. Scherrer, de Dannemarie, membre du conseil d&rsquo;arrondissement d\u2019Altkirch. Les pr\u00e9venus avaient &hellip; <a href=\"https:\/\/montreux-vieux.net\/?page_id=19695\">Continuer la lecture <span class=\"meta-nav\">&rarr;<\/span><\/a><\/p>\n","protected":false},"author":1,"featured_media":0,"parent":13044,"menu_order":175,"comment_status":"closed","ping_status":"open","template":"","meta":{"footnotes":""},"class_list":["post-19695","page","type-page","status-publish","hentry"],"_links":{"self":[{"href":"https:\/\/montreux-vieux.net\/index.php?rest_route=\/wp\/v2\/pages\/19695","targetHints":{"allow":["GET"]}}],"collection":[{"href":"https:\/\/montreux-vieux.net\/index.php?rest_route=\/wp\/v2\/pages"}],"about":[{"href":"https:\/\/montreux-vieux.net\/index.php?rest_route=\/wp\/v2\/types\/page"}],"author":[{"embeddable":true,"href":"https:\/\/montreux-vieux.net\/index.php?rest_route=\/wp\/v2\/users\/1"}],"replies":[{"embeddable":true,"href":"https:\/\/montreux-vieux.net\/index.php?rest_route=%2Fwp%2Fv2%2Fcomments&post=19695"}],"version-history":[{"count":1,"href":"https:\/\/montreux-vieux.net\/index.php?rest_route=\/wp\/v2\/pages\/19695\/revisions"}],"predecessor-version":[{"id":19696,"href":"https:\/\/montreux-vieux.net\/index.php?rest_route=\/wp\/v2\/pages\/19695\/revisions\/19696"}],"up":[{"embeddable":true,"href":"https:\/\/montreux-vieux.net\/index.php?rest_route=\/wp\/v2\/pages\/13044"}],"wp:attachment":[{"href":"https:\/\/montreux-vieux.net\/index.php?rest_route=%2Fwp%2Fv2%2Fmedia&parent=19695"}],"curies":[{"name":"wp","href":"https:\/\/api.w.org\/{rel}","templated":true}]}}