{"id":19697,"date":"2020-06-14T16:02:17","date_gmt":"2020-06-14T15:02:17","guid":{"rendered":"http:\/\/montreux-vieux.net\/?page_id=19697"},"modified":"2020-06-14T16:02:17","modified_gmt":"2020-06-14T15:02:17","slug":"inauguration-du-stade-dimanche-19-aout-1934","status":"publish","type":"page","link":"https:\/\/montreux-vieux.net\/?page_id=19697","title":{"rendered":"Inauguration du stade dimanche 19 ao\u00fbt 1934."},"content":{"rendered":"\n<p>MONTREUX-VIEUX Inauguration du stade. \u2014 Un terrain de sport tr\u00e8s bien situ\u00e9 et am\u00e9nag\u00e9 est, \u00e0 pr\u00e9sent a la disposition des amateurs de foot-ball. Il sera inaugur\u00e9 officiellement, dimanche prochain, sous la pr\u00e9sidence de M. Neff, le sympathique sous-pr\u00e9fet de l\u2019arrondissement d\u2019Altkirch. Le comit\u00e9 d\u2019honneur est en outre form\u00e9 des personnalit\u00e9s suivantes: MM. Gatt\u00e9, maire de la commune: Seydel, ing\u00e9nieur des Ponts et Chauss\u00e9es: Munsch. pr\u00e9sident de la commission r\u00e9gionale des arbitres d\u2019Alsace: Walbott, pr\u00e9sident de la commission de football du Haut-Rhin; Bernard, pr\u00e9sident de la soci\u00e9t\u00e9 des infirmiers-brancardiers de la Croix-Rouge; Widemann, pr\u00e9sident de la soci\u00e9t\u00e9 des mandolines &lt; Estudiantina \u00bb; Huggenberger, chef du corps des sapeurs-pompiers; Charbonnier, pr\u00e9sident de la soci\u00e9t\u00e9 des p\u00eacheurs \u00e0 la ligne. Le comit\u00e9 d\u2019organisation, \u00e0 qui incombe l\u2019ex\u00e9cution du programme, se compose de: MM. Schott, Rochat, Braunstedter, Barbier E., Widemann, Grosjean, Sutter M.. tous les &nbsp;membres de Montreux-Sport, ainsi que de M. Gay, du comit\u00e9 des f\u00eates et des arbitres Bacher, Thomas, de la commission de football du Haut-Rhin.<\/p>\n\n\n\n<p>Le programme de la journ\u00e9e pr\u00e9voit un tournoi, auquel prendront part les \u00e9quipes suivantes: Bollwiller I, Masevaux I, Montreux-Sport I et Zimmersheim I. Le vainqueur de l\u2019\u00e9preuve recevra le challenge offert par le comit\u00e9 des f\u00eates de Montreux-Vieux. Un vin d\u2019honneur, suivi d\u2019un banquet, aura lieu vers midi. Le soir, \u00e0 partir de 20 heures 30, grand bal, dans la salle des f\u00eates, restaur\u00e9e, de M. Heinis. Pour de plus amples renseignements, pri\u00e8re de se reporter au programme.<\/p>\n\n\n\n<p>Sources&nbsp;: L\u2019Express de Mulhouse 17 ao\u00fbt 1934<\/p>\n","protected":false},"excerpt":{"rendered":"<p>MONTREUX-VIEUX Inauguration du stade. \u2014 Un terrain de sport tr\u00e8s bien situ\u00e9 et am\u00e9nag\u00e9 est, \u00e0 pr\u00e9sent a la disposition des amateurs de foot-ball. Il sera inaugur\u00e9 officiellement, dimanche prochain, sous la pr\u00e9sidence de M. Neff, le sympathique sous-pr\u00e9fet de &hellip; <a href=\"https:\/\/montreux-vieux.net\/?page_id=19697\">Continuer la lecture <span class=\"meta-nav\">&rarr;<\/span><\/a><\/p>\n","protected":false},"author":1,"featured_media":0,"parent":4608,"menu_order":8,"comment_status":"closed","ping_status":"open","template":"","meta":{"footnotes":""},"class_list":["post-19697","page","type-page","status-publish","hentry"],"_links":{"self":[{"href":"https:\/\/montreux-vieux.net\/index.php?rest_route=\/wp\/v2\/pages\/19697","targetHints":{"allow":["GET"]}}],"collection":[{"href":"https:\/\/montreux-vieux.net\/index.php?rest_route=\/wp\/v2\/pages"}],"about":[{"href":"https:\/\/montreux-vieux.net\/index.php?rest_route=\/wp\/v2\/types\/page"}],"author":[{"embeddable":true,"href":"https:\/\/montreux-vieux.net\/index.php?rest_route=\/wp\/v2\/users\/1"}],"replies":[{"embeddable":true,"href":"https:\/\/montreux-vieux.net\/index.php?rest_route=%2Fwp%2Fv2%2Fcomments&post=19697"}],"version-history":[{"count":1,"href":"https:\/\/montreux-vieux.net\/index.php?rest_route=\/wp\/v2\/pages\/19697\/revisions"}],"predecessor-version":[{"id":19698,"href":"https:\/\/montreux-vieux.net\/index.php?rest_route=\/wp\/v2\/pages\/19697\/revisions\/19698"}],"up":[{"embeddable":true,"href":"https:\/\/montreux-vieux.net\/index.php?rest_route=\/wp\/v2\/pages\/4608"}],"wp:attachment":[{"href":"https:\/\/montreux-vieux.net\/index.php?rest_route=%2Fwp%2Fv2%2Fmedia&parent=19697"}],"curies":[{"name":"wp","href":"https:\/\/api.w.org\/{rel}","templated":true}]}}