{"id":19747,"date":"2020-06-18T13:39:06","date_gmt":"2020-06-18T12:39:06","guid":{"rendered":"http:\/\/montreux-vieux.net\/?page_id=19747"},"modified":"2020-06-18T13:39:06","modified_gmt":"2020-06-18T12:39:06","slug":"guillaume-laible-nomme-adjoint-de-la-commune","status":"publish","type":"page","link":"https:\/\/montreux-vieux.net\/?page_id=19747","title":{"rendered":"Guillaume Laible nomm\u00e9 adjoint de la commune"},"content":{"rendered":"\n<p>Administration communale. \u2014 M. Guilbaume Laible, exp\u00e9diteur et fabricant de conserves alimentaires \u00e0 Montreux-Vieux, a \u00e9t\u00e9 nomm\u00e9 adjoint de cette commune, en remplacement de M. Bl\u00f6sser, chef de gare, appel\u00e9 en fonctions \u00e0 Mulhouse.<\/p>\n\n\n\n<p>Sources Express 18 d\u00e9cembre 1888<\/p>\n","protected":false},"excerpt":{"rendered":"<p>Administration communale. \u2014 M. Guilbaume Laible, exp\u00e9diteur et fabricant de conserves alimentaires \u00e0 Montreux-Vieux, a \u00e9t\u00e9 nomm\u00e9 adjoint de cette commune, en remplacement de M. Bl\u00f6sser, chef de gare, appel\u00e9 en fonctions \u00e0 Mulhouse. Sources Express 18 d\u00e9cembre 1888<\/p>\n","protected":false},"author":1,"featured_media":0,"parent":13095,"menu_order":105,"comment_status":"closed","ping_status":"open","template":"","meta":{"footnotes":""},"class_list":["post-19747","page","type-page","status-publish","hentry"],"_links":{"self":[{"href":"https:\/\/montreux-vieux.net\/index.php?rest_route=\/wp\/v2\/pages\/19747","targetHints":{"allow":["GET"]}}],"collection":[{"href":"https:\/\/montreux-vieux.net\/index.php?rest_route=\/wp\/v2\/pages"}],"about":[{"href":"https:\/\/montreux-vieux.net\/index.php?rest_route=\/wp\/v2\/types\/page"}],"author":[{"embeddable":true,"href":"https:\/\/montreux-vieux.net\/index.php?rest_route=\/wp\/v2\/users\/1"}],"replies":[{"embeddable":true,"href":"https:\/\/montreux-vieux.net\/index.php?rest_route=%2Fwp%2Fv2%2Fcomments&post=19747"}],"version-history":[{"count":1,"href":"https:\/\/montreux-vieux.net\/index.php?rest_route=\/wp\/v2\/pages\/19747\/revisions"}],"predecessor-version":[{"id":19748,"href":"https:\/\/montreux-vieux.net\/index.php?rest_route=\/wp\/v2\/pages\/19747\/revisions\/19748"}],"up":[{"embeddable":true,"href":"https:\/\/montreux-vieux.net\/index.php?rest_route=\/wp\/v2\/pages\/13095"}],"wp:attachment":[{"href":"https:\/\/montreux-vieux.net\/index.php?rest_route=%2Fwp%2Fv2%2Fmedia&parent=19747"}],"curies":[{"name":"wp","href":"https:\/\/api.w.org\/{rel}","templated":true}]}}