{"id":19771,"date":"2020-06-20T10:00:19","date_gmt":"2020-06-20T09:00:19","guid":{"rendered":"http:\/\/montreux-vieux.net\/?page_id=19771"},"modified":"2020-06-20T10:00:19","modified_gmt":"2020-06-20T09:00:19","slug":"un-pretre-sans-passeport-arrete-a-montreux-vieux","status":"publish","type":"page","link":"https:\/\/montreux-vieux.net\/?page_id=19771","title":{"rendered":"Un pr\u00eatre sans passeport arr\u00eat\u00e9 \u00e0 Montreux-Vieux"},"content":{"rendered":"\n<p>Les passeports en Alsace-Lorraine Belfort, 28 juin. Au lieu d\u2019apporter des adoucissements dans les mesures concernant les passeports, l\u2019administration allemande redouble de s\u00e9v\u00e9rit\u00e9. Elle exige maintenant, non seule ment un passeport pour entrer en Alsace-Lorraine, mais elle en demande un aussi pour en sortir. Derni\u00e8rement un pr\u00eatre fran\u00e7ais, muni d\u2019un billet de chemin de fer \u00e0 destination de Lyon, fut interpell\u00e9, \u00e0 la gare de Montreux-Vieux, par le commissaire de surveillance et arr\u00eat\u00e9 parce qu\u2019il n\u2019avait pas de passeport<\/p>\n\n\n\n<p>Sources&nbsp;: Courrier de Sa\u00f4ne et Loire 30 juin 1890<\/p>\n","protected":false},"excerpt":{"rendered":"<p>Les passeports en Alsace-Lorraine Belfort, 28 juin. Au lieu d\u2019apporter des adoucissements dans les mesures concernant les passeports, l\u2019administration allemande redouble de s\u00e9v\u00e9rit\u00e9. Elle exige maintenant, non seule ment un passeport pour entrer en Alsace-Lorraine, mais elle en demande un &hellip; <a href=\"https:\/\/montreux-vieux.net\/?page_id=19771\">Continuer la lecture <span class=\"meta-nav\">&rarr;<\/span><\/a><\/p>\n","protected":false},"author":1,"featured_media":0,"parent":13095,"menu_order":115,"comment_status":"closed","ping_status":"open","template":"","meta":{"footnotes":""},"class_list":["post-19771","page","type-page","status-publish","hentry"],"_links":{"self":[{"href":"https:\/\/montreux-vieux.net\/index.php?rest_route=\/wp\/v2\/pages\/19771","targetHints":{"allow":["GET"]}}],"collection":[{"href":"https:\/\/montreux-vieux.net\/index.php?rest_route=\/wp\/v2\/pages"}],"about":[{"href":"https:\/\/montreux-vieux.net\/index.php?rest_route=\/wp\/v2\/types\/page"}],"author":[{"embeddable":true,"href":"https:\/\/montreux-vieux.net\/index.php?rest_route=\/wp\/v2\/users\/1"}],"replies":[{"embeddable":true,"href":"https:\/\/montreux-vieux.net\/index.php?rest_route=%2Fwp%2Fv2%2Fcomments&post=19771"}],"version-history":[{"count":1,"href":"https:\/\/montreux-vieux.net\/index.php?rest_route=\/wp\/v2\/pages\/19771\/revisions"}],"predecessor-version":[{"id":19772,"href":"https:\/\/montreux-vieux.net\/index.php?rest_route=\/wp\/v2\/pages\/19771\/revisions\/19772"}],"up":[{"embeddable":true,"href":"https:\/\/montreux-vieux.net\/index.php?rest_route=\/wp\/v2\/pages\/13095"}],"wp:attachment":[{"href":"https:\/\/montreux-vieux.net\/index.php?rest_route=%2Fwp%2Fv2%2Fmedia&parent=19771"}],"curies":[{"name":"wp","href":"https:\/\/api.w.org\/{rel}","templated":true}]}}