{"id":19820,"date":"2020-06-23T13:04:46","date_gmt":"2020-06-23T12:04:46","guid":{"rendered":"http:\/\/montreux-vieux.net\/?page_id=19820"},"modified":"2020-06-23T13:05:58","modified_gmt":"2020-06-23T12:05:58","slug":"monsieur-paul-barnabe-de-lutran-attaque-pres-de-la-frontiere","status":"publish","type":"page","link":"https:\/\/montreux-vieux.net\/?page_id=19820","title":{"rendered":"Monsieur Paul Barnab\u00e9 de Lutran attaqu\u00e9 pr\u00e8s de la fronti\u00e8re"},"content":{"rendered":"\n<p>MONTREUX-VIEUX. Le sieur Paul Barnabe, de Lutran, descendait \u00e0 bicyclette de Montreux-Ch\u00e2teau \u00e0 Montreux-Vieux lorsqu\u2019il fut assailli \u00e0 l\u2019 ancienne fronti\u00e8re par trois individus qui le jet\u00e8rent \u00e0 bas de sa machine, dont I un d&rsquo; eux s&#8217;empara et fila \u00e0 toute vitesse, Pendant ce temps, les deux autres tomb\u00e8rent \u00e0 bras raccourcis sur leur victime. Mais celle-ci. tirant un couteau de poche, se d\u00e9fendit vaillamment et \u00a0mit ses agresseurs en fuite. La gendarmerie recherche les malfaiteurs.<\/p>\n\n\n\n<p>Sources&nbsp;: Express de Mulhouse 22 juin 1921<\/p>\n","protected":false},"excerpt":{"rendered":"<p>MONTREUX-VIEUX. Le sieur Paul Barnabe, de Lutran, descendait \u00e0 bicyclette de Montreux-Ch\u00e2teau \u00e0 Montreux-Vieux lorsqu\u2019il fut assailli \u00e0 l\u2019 ancienne fronti\u00e8re par trois individus qui le jet\u00e8rent \u00e0 bas de sa machine, dont I un d&rsquo; eux s&#8217;empara et fila &hellip; <a href=\"https:\/\/montreux-vieux.net\/?page_id=19820\">Continuer la lecture <span class=\"meta-nav\">&rarr;<\/span><\/a><\/p>\n","protected":false},"author":1,"featured_media":0,"parent":13044,"menu_order":225,"comment_status":"closed","ping_status":"open","template":"","meta":{"footnotes":""},"class_list":["post-19820","page","type-page","status-publish","hentry"],"_links":{"self":[{"href":"https:\/\/montreux-vieux.net\/index.php?rest_route=\/wp\/v2\/pages\/19820","targetHints":{"allow":["GET"]}}],"collection":[{"href":"https:\/\/montreux-vieux.net\/index.php?rest_route=\/wp\/v2\/pages"}],"about":[{"href":"https:\/\/montreux-vieux.net\/index.php?rest_route=\/wp\/v2\/types\/page"}],"author":[{"embeddable":true,"href":"https:\/\/montreux-vieux.net\/index.php?rest_route=\/wp\/v2\/users\/1"}],"replies":[{"embeddable":true,"href":"https:\/\/montreux-vieux.net\/index.php?rest_route=%2Fwp%2Fv2%2Fcomments&post=19820"}],"version-history":[{"count":2,"href":"https:\/\/montreux-vieux.net\/index.php?rest_route=\/wp\/v2\/pages\/19820\/revisions"}],"predecessor-version":[{"id":19822,"href":"https:\/\/montreux-vieux.net\/index.php?rest_route=\/wp\/v2\/pages\/19820\/revisions\/19822"}],"up":[{"embeddable":true,"href":"https:\/\/montreux-vieux.net\/index.php?rest_route=\/wp\/v2\/pages\/13044"}],"wp:attachment":[{"href":"https:\/\/montreux-vieux.net\/index.php?rest_route=%2Fwp%2Fv2%2Fmedia&parent=19820"}],"curies":[{"name":"wp","href":"https:\/\/api.w.org\/{rel}","templated":true}]}}