{"id":19861,"date":"2020-06-26T17:02:32","date_gmt":"2020-06-26T16:02:32","guid":{"rendered":"http:\/\/montreux-vieux.net\/?page_id=19861"},"modified":"2020-06-26T17:02:32","modified_gmt":"2020-06-26T16:02:32","slug":"tapage-nocturne","status":"publish","type":"page","link":"https:\/\/montreux-vieux.net\/?page_id=19861","title":{"rendered":"Tapage nocturne"},"content":{"rendered":"\n<p>En correctionnelle. \u2014 Le 23 octobre 1932, les gendarmes Cachot et Coquard, \u00able la brigade de Montreux-Ch\u00e2teau, passaient pr\u00e8s du caf\u00e9 de la Gare, lorsque leur attention fut attir\u00e9e par cinq jeunes gens de la localit\u00e9 de Montreux-Vieux, dont les chants et les cris troublaient la tranquillit\u00e9 des habitants du quartier.<\/p>\n\n\n\n<p>Les gendarmes s\u2019approch\u00e8rent et les invit\u00e8rent \u00e0 cesser leur vacarme. Quatre d\u2019entre eux s\u2019ex\u00e9cut\u00e8rent, mais le cinqui\u00e8me. Ancel Pierre, 30 ans, domestique de &nbsp;culture, r\u00e9pondit qu\u2019\u00e0 Montreux-Vieux, on avait le miroir de chanter jusqu\u2019a minuit. Et il continua de crier.<\/p>\n\n\n\n<p>Le gendarme Cachot s\u2019approcha et lui demanda son identit\u00e9. Ancel r\u00e9pondit par des coups de poing. Le gendarme Coquard ayant voulu pr\u00eater main forte \u00e0 son coll\u00e8gue, fut \u00e0 son tour malmen\u00e9 par un autre. Armand Burkard, 20 ans. ma\u0153uvre \u00e0 la Cie des chemins de fer d\u2019A. L.<\/p>\n\n\n\n<p>Ancel et Burkard ont comparu vendredi en correct tonnelle \u00e0 Belfort et ont \u00e9t\u00e9 condamn\u00e9s \u00e0 six mois de prison chacun. Ils r\u00e9coltent en outre 11 francs d\u2019amende pour la contravention de tapage nocturne.<\/p>\n\n\n\n<p>Sources&nbsp;: Le R\u00e9publicain de Belfort 9 novembre 1932:<\/p>\n","protected":false},"excerpt":{"rendered":"<p>En correctionnelle. \u2014 Le 23 octobre 1932, les gendarmes Cachot et Coquard, \u00able la brigade de Montreux-Ch\u00e2teau, passaient pr\u00e8s du caf\u00e9 de la Gare, lorsque leur attention fut attir\u00e9e par cinq jeunes gens de la localit\u00e9 de Montreux-Vieux, dont les &hellip; <a href=\"https:\/\/montreux-vieux.net\/?page_id=19861\">Continuer la lecture <span class=\"meta-nav\">&rarr;<\/span><\/a><\/p>\n","protected":false},"author":1,"featured_media":0,"parent":13044,"menu_order":235,"comment_status":"closed","ping_status":"open","template":"","meta":{"footnotes":""},"class_list":["post-19861","page","type-page","status-publish","hentry"],"_links":{"self":[{"href":"https:\/\/montreux-vieux.net\/index.php?rest_route=\/wp\/v2\/pages\/19861","targetHints":{"allow":["GET"]}}],"collection":[{"href":"https:\/\/montreux-vieux.net\/index.php?rest_route=\/wp\/v2\/pages"}],"about":[{"href":"https:\/\/montreux-vieux.net\/index.php?rest_route=\/wp\/v2\/types\/page"}],"author":[{"embeddable":true,"href":"https:\/\/montreux-vieux.net\/index.php?rest_route=\/wp\/v2\/users\/1"}],"replies":[{"embeddable":true,"href":"https:\/\/montreux-vieux.net\/index.php?rest_route=%2Fwp%2Fv2%2Fcomments&post=19861"}],"version-history":[{"count":1,"href":"https:\/\/montreux-vieux.net\/index.php?rest_route=\/wp\/v2\/pages\/19861\/revisions"}],"predecessor-version":[{"id":19862,"href":"https:\/\/montreux-vieux.net\/index.php?rest_route=\/wp\/v2\/pages\/19861\/revisions\/19862"}],"up":[{"embeddable":true,"href":"https:\/\/montreux-vieux.net\/index.php?rest_route=\/wp\/v2\/pages\/13044"}],"wp:attachment":[{"href":"https:\/\/montreux-vieux.net\/index.php?rest_route=%2Fwp%2Fv2%2Fmedia&parent=19861"}],"curies":[{"name":"wp","href":"https:\/\/api.w.org\/{rel}","templated":true}]}}