{"id":19881,"date":"2020-06-28T16:48:17","date_gmt":"2020-06-28T15:48:17","guid":{"rendered":"http:\/\/montreux-vieux.net\/?page_id=19881"},"modified":"2020-06-28T16:48:17","modified_gmt":"2020-06-28T15:48:17","slug":"attaque-par-derriere","status":"publish","type":"page","link":"https:\/\/montreux-vieux.net\/?page_id=19881","title":{"rendered":"Attaqu\u00e9 par derri\u00e8re"},"content":{"rendered":"\n<p> En sortant du caf\u00e9 Peter \u00e0 Montreux-Vieux o\u00f9 il avait pass\u00e9 la soir\u00e9e, Schacherer L\u00e9onard a \u00e9t\u00e9 tra\u00eetreusement attaqu\u00e9 par derri\u00e8re par le nomm\u00e9 Leinewelier\u00a0 Oscar. Schacherer ayant du interrompre son travail a port\u00e9 plainte contre son agresseur.<\/p>\n\n\n\n<p>Sources\u00a0: L\u2019Express de Mulhouse 12 f\u00e9vrier 1923<\/p>\n\n\n\n<p><\/p>\n","protected":false},"excerpt":{"rendered":"<p>En sortant du caf\u00e9 Peter \u00e0 Montreux-Vieux o\u00f9 il avait pass\u00e9 la soir\u00e9e, Schacherer L\u00e9onard a \u00e9t\u00e9 tra\u00eetreusement attaqu\u00e9 par derri\u00e8re par le nomm\u00e9 Leinewelier\u00a0 Oscar. Schacherer ayant du interrompre son travail a port\u00e9 plainte contre son agresseur. Sources\u00a0: L\u2019Express &hellip; <a href=\"https:\/\/montreux-vieux.net\/?page_id=19881\">Continuer la lecture <span class=\"meta-nav\">&rarr;<\/span><\/a><\/p>\n","protected":false},"author":1,"featured_media":0,"parent":13044,"menu_order":255,"comment_status":"closed","ping_status":"open","template":"","meta":{"footnotes":""},"class_list":["post-19881","page","type-page","status-publish","hentry"],"_links":{"self":[{"href":"https:\/\/montreux-vieux.net\/index.php?rest_route=\/wp\/v2\/pages\/19881","targetHints":{"allow":["GET"]}}],"collection":[{"href":"https:\/\/montreux-vieux.net\/index.php?rest_route=\/wp\/v2\/pages"}],"about":[{"href":"https:\/\/montreux-vieux.net\/index.php?rest_route=\/wp\/v2\/types\/page"}],"author":[{"embeddable":true,"href":"https:\/\/montreux-vieux.net\/index.php?rest_route=\/wp\/v2\/users\/1"}],"replies":[{"embeddable":true,"href":"https:\/\/montreux-vieux.net\/index.php?rest_route=%2Fwp%2Fv2%2Fcomments&post=19881"}],"version-history":[{"count":1,"href":"https:\/\/montreux-vieux.net\/index.php?rest_route=\/wp\/v2\/pages\/19881\/revisions"}],"predecessor-version":[{"id":19882,"href":"https:\/\/montreux-vieux.net\/index.php?rest_route=\/wp\/v2\/pages\/19881\/revisions\/19882"}],"up":[{"embeddable":true,"href":"https:\/\/montreux-vieux.net\/index.php?rest_route=\/wp\/v2\/pages\/13044"}],"wp:attachment":[{"href":"https:\/\/montreux-vieux.net\/index.php?rest_route=%2Fwp%2Fv2%2Fmedia&parent=19881"}],"curies":[{"name":"wp","href":"https:\/\/api.w.org\/{rel}","templated":true}]}}