{"id":19913,"date":"2020-06-30T17:36:20","date_gmt":"2020-06-30T16:36:20","guid":{"rendered":"http:\/\/montreux-vieux.net\/?page_id=19913"},"modified":"2020-06-30T17:36:20","modified_gmt":"2020-06-30T16:36:20","slug":"jules-ferry-a-montreux-vieux-en-1890","status":"publish","type":"page","link":"https:\/\/montreux-vieux.net\/?page_id=19913","title":{"rendered":"Jules Ferry \u00e0 Montreux-Vieux en 1890"},"content":{"rendered":"\n<p>&nbsp;Montreux-Vieux. \u2014L\u2019attitude de M. Jules Ferrv, a \u00e9t\u00e9 fort .remarqu\u00e9e, quand il \u00e2 reconduit \u00e0 Thann le cercueil de Mme Kestner. &nbsp;En arrivant \u00e0 la gare allemande. Il n\u2019avait qu\u2019\u00e0 montrer son passeport et a passer outre comme le font tous les voyageurs, &nbsp;mais il &nbsp;a cru bon d\u2019aller pr\u00e9senter, chapeau bas, ses salutations aux autorit\u00e9s allemandes. Cette posture se passe de commentaires, nos lecteurs appr\u00e9cieront. (Croix de Belfort.)<\/p>\n\n\n\n<p>Sources&nbsp;: La Croix 11 f\u00e9vrier 1890<\/p>\n","protected":false},"excerpt":{"rendered":"<p>&nbsp;Montreux-Vieux. \u2014L\u2019attitude de M. Jules Ferrv, a \u00e9t\u00e9 fort .remarqu\u00e9e, quand il \u00e2 reconduit \u00e0 Thann le cercueil de Mme Kestner. &nbsp;En arrivant \u00e0 la gare allemande. Il n\u2019avait qu\u2019\u00e0 montrer son passeport et a passer outre comme le font &hellip; <a href=\"https:\/\/montreux-vieux.net\/?page_id=19913\">Continuer la lecture <span class=\"meta-nav\">&rarr;<\/span><\/a><\/p>\n","protected":false},"author":1,"featured_media":0,"parent":13095,"menu_order":155,"comment_status":"closed","ping_status":"open","template":"","meta":{"footnotes":""},"class_list":["post-19913","page","type-page","status-publish","hentry"],"_links":{"self":[{"href":"https:\/\/montreux-vieux.net\/index.php?rest_route=\/wp\/v2\/pages\/19913","targetHints":{"allow":["GET"]}}],"collection":[{"href":"https:\/\/montreux-vieux.net\/index.php?rest_route=\/wp\/v2\/pages"}],"about":[{"href":"https:\/\/montreux-vieux.net\/index.php?rest_route=\/wp\/v2\/types\/page"}],"author":[{"embeddable":true,"href":"https:\/\/montreux-vieux.net\/index.php?rest_route=\/wp\/v2\/users\/1"}],"replies":[{"embeddable":true,"href":"https:\/\/montreux-vieux.net\/index.php?rest_route=%2Fwp%2Fv2%2Fcomments&post=19913"}],"version-history":[{"count":1,"href":"https:\/\/montreux-vieux.net\/index.php?rest_route=\/wp\/v2\/pages\/19913\/revisions"}],"predecessor-version":[{"id":19914,"href":"https:\/\/montreux-vieux.net\/index.php?rest_route=\/wp\/v2\/pages\/19913\/revisions\/19914"}],"up":[{"embeddable":true,"href":"https:\/\/montreux-vieux.net\/index.php?rest_route=\/wp\/v2\/pages\/13095"}],"wp:attachment":[{"href":"https:\/\/montreux-vieux.net\/index.php?rest_route=%2Fwp%2Fv2%2Fmedia&parent=19913"}],"curies":[{"name":"wp","href":"https:\/\/api.w.org\/{rel}","templated":true}]}}