{"id":19916,"date":"2020-06-30T18:07:05","date_gmt":"2020-06-30T17:07:05","guid":{"rendered":"http:\/\/montreux-vieux.net\/?page_id=19916"},"modified":"2020-06-30T18:07:05","modified_gmt":"2020-06-30T17:07:05","slug":"accouchement-dun-bebe","status":"publish","type":"page","link":"https:\/\/montreux-vieux.net\/?page_id=19916","title":{"rendered":"Accouchement d&rsquo;un b\u00e9b\u00e9"},"content":{"rendered":"\n<p>MONTREUX-VIEUX. Ces &nbsp;jours derniers deux jeunes filles s\u2019en all\u00e8rent trouver un cultivateur d\u2019ici pour le prier de les conduire \u00e0 Chavannes. Pendant que le cultivateur attelait son cheval l\u2019une des deux jeunes tilles lut prise de douleurs de l\u2019enfantement et mit au monde un b\u00e9b\u00e9 sain et vigoureux. &nbsp;La jeune m\u00e8re appartient \u00e0 une honorable famille de Belfort<\/p>\n\n\n\n<p>Sources&nbsp;: L\u2019Express de Mulhouse 28 mars 1922<\/p>\n","protected":false},"excerpt":{"rendered":"<p>MONTREUX-VIEUX. Ces &nbsp;jours derniers deux jeunes filles s\u2019en all\u00e8rent trouver un cultivateur d\u2019ici pour le prier de les conduire \u00e0 Chavannes. Pendant que le cultivateur attelait son cheval l\u2019une des deux jeunes tilles lut prise de douleurs de l\u2019enfantement et &hellip; <a href=\"https:\/\/montreux-vieux.net\/?page_id=19916\">Continuer la lecture <span class=\"meta-nav\">&rarr;<\/span><\/a><\/p>\n","protected":false},"author":1,"featured_media":0,"parent":13044,"menu_order":275,"comment_status":"closed","ping_status":"open","template":"","meta":{"footnotes":""},"class_list":["post-19916","page","type-page","status-publish","hentry"],"_links":{"self":[{"href":"https:\/\/montreux-vieux.net\/index.php?rest_route=\/wp\/v2\/pages\/19916","targetHints":{"allow":["GET"]}}],"collection":[{"href":"https:\/\/montreux-vieux.net\/index.php?rest_route=\/wp\/v2\/pages"}],"about":[{"href":"https:\/\/montreux-vieux.net\/index.php?rest_route=\/wp\/v2\/types\/page"}],"author":[{"embeddable":true,"href":"https:\/\/montreux-vieux.net\/index.php?rest_route=\/wp\/v2\/users\/1"}],"replies":[{"embeddable":true,"href":"https:\/\/montreux-vieux.net\/index.php?rest_route=%2Fwp%2Fv2%2Fcomments&post=19916"}],"version-history":[{"count":1,"href":"https:\/\/montreux-vieux.net\/index.php?rest_route=\/wp\/v2\/pages\/19916\/revisions"}],"predecessor-version":[{"id":19917,"href":"https:\/\/montreux-vieux.net\/index.php?rest_route=\/wp\/v2\/pages\/19916\/revisions\/19917"}],"up":[{"embeddable":true,"href":"https:\/\/montreux-vieux.net\/index.php?rest_route=\/wp\/v2\/pages\/13044"}],"wp:attachment":[{"href":"https:\/\/montreux-vieux.net\/index.php?rest_route=%2Fwp%2Fv2%2Fmedia&parent=19916"}],"curies":[{"name":"wp","href":"https:\/\/api.w.org\/{rel}","templated":true}]}}