{"id":19979,"date":"2020-07-05T09:47:11","date_gmt":"2020-07-05T08:47:11","guid":{"rendered":"http:\/\/montreux-vieux.net\/?page_id=19979"},"modified":"2020-07-05T09:47:11","modified_gmt":"2020-07-05T08:47:11","slug":"le-garde-general-des-forets-noye-dans-la-vase","status":"publish","type":"page","link":"https:\/\/montreux-vieux.net\/?page_id=19979","title":{"rendered":"Le garde g\u00e9n\u00e9ral des for\u00eats noy\u00e9 dans la vase"},"content":{"rendered":"\n<p>Altm\u00fcnstrol (Montreux-Vieux)\u2014 On nous \u00e9crit le 3 ao\u00fbt : Au commencement de cette semaine, M. le garde-g\u00e9n\u00e9ral d\u2019Altkirch, \u00e9tant en tourn\u00e9e d\u2019inspection dans notre for\u00eat communale, s&rsquo;approcha trop pr\u00e8s d un des petits r\u00e9servoirs destin\u00e9s \u00e0 la reproduction de la carpe. Sans se douter de rien et : croyant toujours se tenir sur terre ferme, il &nbsp;s\u2019enfon\u00e7a tout \u00e0 coup dans la vase jusque&nbsp; par-dessus la t\u00eate. Sans le secours du garde&nbsp; forestier Riss, accouru \u00e0 ses cris de d\u00e9tresse, ce fonctionnaire aurait infailliblement p\u00e9ri.<\/p>\n\n\n\n<p>Sources&nbsp;: Express 3 &nbsp; ao\u00fbt 1890<\/p>\n","protected":false},"excerpt":{"rendered":"<p>Altm\u00fcnstrol (Montreux-Vieux)\u2014 On nous \u00e9crit le 3 ao\u00fbt : Au commencement de cette semaine, M. le garde-g\u00e9n\u00e9ral d\u2019Altkirch, \u00e9tant en tourn\u00e9e d\u2019inspection dans notre for\u00eat communale, s&rsquo;approcha trop pr\u00e8s d un des petits r\u00e9servoirs destin\u00e9s \u00e0 la reproduction de la &hellip; <a href=\"https:\/\/montreux-vieux.net\/?page_id=19979\">Continuer la lecture <span class=\"meta-nav\">&rarr;<\/span><\/a><\/p>\n","protected":false},"author":1,"featured_media":0,"parent":13044,"menu_order":336,"comment_status":"closed","ping_status":"open","template":"","meta":{"footnotes":""},"class_list":["post-19979","page","type-page","status-publish","hentry"],"_links":{"self":[{"href":"https:\/\/montreux-vieux.net\/index.php?rest_route=\/wp\/v2\/pages\/19979","targetHints":{"allow":["GET"]}}],"collection":[{"href":"https:\/\/montreux-vieux.net\/index.php?rest_route=\/wp\/v2\/pages"}],"about":[{"href":"https:\/\/montreux-vieux.net\/index.php?rest_route=\/wp\/v2\/types\/page"}],"author":[{"embeddable":true,"href":"https:\/\/montreux-vieux.net\/index.php?rest_route=\/wp\/v2\/users\/1"}],"replies":[{"embeddable":true,"href":"https:\/\/montreux-vieux.net\/index.php?rest_route=%2Fwp%2Fv2%2Fcomments&post=19979"}],"version-history":[{"count":1,"href":"https:\/\/montreux-vieux.net\/index.php?rest_route=\/wp\/v2\/pages\/19979\/revisions"}],"predecessor-version":[{"id":19980,"href":"https:\/\/montreux-vieux.net\/index.php?rest_route=\/wp\/v2\/pages\/19979\/revisions\/19980"}],"up":[{"embeddable":true,"href":"https:\/\/montreux-vieux.net\/index.php?rest_route=\/wp\/v2\/pages\/13044"}],"wp:attachment":[{"href":"https:\/\/montreux-vieux.net\/index.php?rest_route=%2Fwp%2Fv2%2Fmedia&parent=19979"}],"curies":[{"name":"wp","href":"https:\/\/api.w.org\/{rel}","templated":true}]}}

Le garde général des forêts noyé dans la vase

<p>Altmünstrol (Montreux-Vieux)— On nous écrit le 3 août : Au commencement de cette semaine, M. le garde-général d’Altkirch, étant en tournée d’inspection dans notre forêt communale, s&rsquo;approcha trop près d un des petits réservoirs destinés à la reproduction de la carpe. Sans se douter de rien et : croyant toujours se tenir sur terre ferme, il &nbsp;s’enfonça tout à coup dans la vase jusque&nbsp; par-dessus la tête. Sans le secours du garde&nbsp; forestier Riss, accouru à ses cris de détresse, ce fonctionnaire aurait infailliblement péri.</p>



<p>Sources&nbsp;: Express 3 &nbsp; août 1890</p>

<p>Altmünstrol (Montreux-Vieux)— On nous écrit le 3 août : Au commencement de cette semaine, M. le garde-général d’Altkirch, étant en tournée d’inspection dans notre forêt communale, s&rsquo;approcha trop près d un des petits réservoirs destinés à la reproduction de la &hellip; <a href="https://montreux-vieux.net/?page_id=19979">Continuer la lecture <span class="meta-nav">&rarr;</span></a></p>
