{"id":19986,"date":"2020-07-05T10:24:19","date_gmt":"2020-07-05T09:24:19","guid":{"rendered":"http:\/\/montreux-vieux.net\/?page_id=19986"},"modified":"2020-07-05T10:24:19","modified_gmt":"2020-07-05T09:24:19","slug":"un-raid-interrompu","status":"publish","type":"page","link":"https:\/\/montreux-vieux.net\/?page_id=19986","title":{"rendered":"Un raid interrompu."},"content":{"rendered":"\n<p>Un raid interrompu. \u2014 Nous avons signal\u00e9 le passage \u00e0 Chalon de M. Meyer, 20 ans, \u00e9tudiant en droit \u00e0 Strasbourg, qui se proposait de faire, en p\u00e9rissoire, le raid Montreux-Vieux (Alsace) \u00e0 Marseille. Or l\u2019intr\u00e9pide jeune homme a \u00e9chou\u00e9 dans sa tentative car, sur le Rh\u00f4ne, sa fr\u00eale embarcation a \u00e9t\u00e9 trou\u00e9e par un \u00ab \u00e9pi \u00bb faiblement recouvert d\u2019eau, entre Viviers et Doz\u00e8ne. Priv\u00e9 de son esquif, M. Meyer a gagn\u00e9 Marseille par Je train, puis il est rentr\u00e9 \u00e0 Strasbourg<\/p>\n\n\n\n<p>Sources&nbsp;: Courrier de Sa\u00f4ne et Loire 7 octobre 1925<\/p>\n","protected":false},"excerpt":{"rendered":"<p>Un raid interrompu. \u2014 Nous avons signal\u00e9 le passage \u00e0 Chalon de M. Meyer, 20 ans, \u00e9tudiant en droit \u00e0 Strasbourg, qui se proposait de faire, en p\u00e9rissoire, le raid Montreux-Vieux (Alsace) \u00e0 Marseille. Or l\u2019intr\u00e9pide jeune homme a \u00e9chou\u00e9 &hellip; <a href=\"https:\/\/montreux-vieux.net\/?page_id=19986\">Continuer la lecture <span class=\"meta-nav\">&rarr;<\/span><\/a><\/p>\n","protected":false},"author":1,"featured_media":0,"parent":13095,"menu_order":165,"comment_status":"closed","ping_status":"open","template":"","meta":{"footnotes":""},"class_list":["post-19986","page","type-page","status-publish","hentry"],"_links":{"self":[{"href":"https:\/\/montreux-vieux.net\/index.php?rest_route=\/wp\/v2\/pages\/19986","targetHints":{"allow":["GET"]}}],"collection":[{"href":"https:\/\/montreux-vieux.net\/index.php?rest_route=\/wp\/v2\/pages"}],"about":[{"href":"https:\/\/montreux-vieux.net\/index.php?rest_route=\/wp\/v2\/types\/page"}],"author":[{"embeddable":true,"href":"https:\/\/montreux-vieux.net\/index.php?rest_route=\/wp\/v2\/users\/1"}],"replies":[{"embeddable":true,"href":"https:\/\/montreux-vieux.net\/index.php?rest_route=%2Fwp%2Fv2%2Fcomments&post=19986"}],"version-history":[{"count":1,"href":"https:\/\/montreux-vieux.net\/index.php?rest_route=\/wp\/v2\/pages\/19986\/revisions"}],"predecessor-version":[{"id":19987,"href":"https:\/\/montreux-vieux.net\/index.php?rest_route=\/wp\/v2\/pages\/19986\/revisions\/19987"}],"up":[{"embeddable":true,"href":"https:\/\/montreux-vieux.net\/index.php?rest_route=\/wp\/v2\/pages\/13095"}],"wp:attachment":[{"href":"https:\/\/montreux-vieux.net\/index.php?rest_route=%2Fwp%2Fv2%2Fmedia&parent=19986"}],"curies":[{"name":"wp","href":"https:\/\/api.w.org\/{rel}","templated":true}]}}