{"id":20017,"date":"2020-07-10T13:21:32","date_gmt":"2020-07-10T12:21:32","guid":{"rendered":"http:\/\/montreux-vieux.net\/?page_id=20017"},"modified":"2020-07-10T13:27:55","modified_gmt":"2020-07-10T12:27:55","slug":"un-ouvrier-decapite-par-un-train-venant-de-montreux-vieux","status":"publish","type":"page","link":"https:\/\/montreux-vieux.net\/?page_id=20017","title":{"rendered":"Un ouvrier d\u00e9capit\u00e9 par un train venant de Montreux-Vieux"},"content":{"rendered":"\n<p>Un ouvrier d\u00e9capit\u00e9 par un train venant de Montreux-Vieux, \u2014 Un atroce accident s\u2019est produit hier apr\u00e8s-midi, \u00e0 1 heure et demie, sur la voie&nbsp; du chemin de fer, entre Altkirch&nbsp; et Walheim.<\/p>\n\n\n\n<p>Plusieurs ouvrier- effectuaient des r\u00e9parations, quand tout \u00e0 coup survint le train de marchandises de Montreux-Vieux. L&rsquo;un des ouvriers Alo\u00efse Hartmann, 38 ans, de Carspatch, fut tamponn\u00e9 et \u00e9cras\u00e9.<\/p>\n\n\n\n<p>Le malheureux eut la t\u00eate tranch\u00e9e net. Il laisse une femme et trois enfants mineurs.<\/p>\n\n\n\n<p>Il semble que l\u2019accident poil imputable au manque de pr\u00e9cautions des ouvriers qui avaient n\u00e9glig\u00e9 de faire surveiller la voie, afin de signaler l&rsquo;arriv\u00e9e des trains.<\/p>\n\n\n\n<p>Sources&nbsp;: L\u2019Express de Mulhouse 10 octobre 1928<\/p>\n","protected":false},"excerpt":{"rendered":"<p>Un ouvrier d\u00e9capit\u00e9 par un train venant de Montreux-Vieux, \u2014 Un atroce accident s\u2019est produit hier apr\u00e8s-midi, \u00e0 1 heure et demie, sur la voie&nbsp; du chemin de fer, entre Altkirch&nbsp; et Walheim. Plusieurs ouvrier- effectuaient des r\u00e9parations, quand tout &hellip; <a href=\"https:\/\/montreux-vieux.net\/?page_id=20017\">Continuer la lecture <span class=\"meta-nav\">&rarr;<\/span><\/a><\/p>\n","protected":false},"author":1,"featured_media":0,"parent":13009,"menu_order":45,"comment_status":"closed","ping_status":"open","template":"","meta":{"footnotes":""},"class_list":["post-20017","page","type-page","status-publish","hentry"],"_links":{"self":[{"href":"https:\/\/montreux-vieux.net\/index.php?rest_route=\/wp\/v2\/pages\/20017","targetHints":{"allow":["GET"]}}],"collection":[{"href":"https:\/\/montreux-vieux.net\/index.php?rest_route=\/wp\/v2\/pages"}],"about":[{"href":"https:\/\/montreux-vieux.net\/index.php?rest_route=\/wp\/v2\/types\/page"}],"author":[{"embeddable":true,"href":"https:\/\/montreux-vieux.net\/index.php?rest_route=\/wp\/v2\/users\/1"}],"replies":[{"embeddable":true,"href":"https:\/\/montreux-vieux.net\/index.php?rest_route=%2Fwp%2Fv2%2Fcomments&post=20017"}],"version-history":[{"count":1,"href":"https:\/\/montreux-vieux.net\/index.php?rest_route=\/wp\/v2\/pages\/20017\/revisions"}],"predecessor-version":[{"id":20018,"href":"https:\/\/montreux-vieux.net\/index.php?rest_route=\/wp\/v2\/pages\/20017\/revisions\/20018"}],"up":[{"embeddable":true,"href":"https:\/\/montreux-vieux.net\/index.php?rest_route=\/wp\/v2\/pages\/13009"}],"wp:attachment":[{"href":"https:\/\/montreux-vieux.net\/index.php?rest_route=%2Fwp%2Fv2%2Fmedia&parent=20017"}],"curies":[{"name":"wp","href":"https:\/\/api.w.org\/{rel}","templated":true}]}}