{"id":20024,"date":"2020-07-11T13:46:04","date_gmt":"2020-07-11T12:46:04","guid":{"rendered":"http:\/\/montreux-vieux.net\/?page_id=20024"},"modified":"2020-07-11T13:46:04","modified_gmt":"2020-07-11T12:46:04","slug":"arrestation-des-trois-criminels","status":"publish","type":"page","link":"https:\/\/montreux-vieux.net\/?page_id=20024","title":{"rendered":"ARRESTATION DES TROIS CRIMINELS"},"content":{"rendered":"\n<p><strong>ARRESTATION DES TROIS CRIMINELS<\/strong><\/p>\n\n\n\n<p>Nous avons d\u00e9j\u00e0 dit qu\u2019une double tentative d\u2019assassinat avait \u00e9t\u00e9 commise \u00e0 Brebotte (Haut-Rhin) dans la nuit du 17 au 18 avril courant.<\/p>\n\n\n\n<p>Le Parquet, de Belfort ayant fait appel au concours de la brigade mobile, M. le commissaire d\u00e9p\u00eacha MM. Vernet, sous chef de la brigade et l\u2019inspecteur Dufour.<\/p>\n\n\n\n<p>Dans leur pr\u00e9cipitation, les assassins avaient abandonn\u00e9 sur les lieux du drame, un chapeau achet\u00e9 \u00e0 Mulhouse et un casse-t\u00eate form\u00e9 avec du plomb et des c\u00e2bles \u00e9lectriques et un vieux parapluie.<\/p>\n\n\n\n<p>Muni de ces objets, M. Vernet se rendit \u00e0 Mulhouse et se mit en rapport avec la police allemande qui lui pr\u00eata le concours le plus d\u00e9vou\u00e9.<\/p>\n\n\n\n<p>Malheureusement, les commer\u00e7ants de Mulhouse ne purent fournir aucun indice utile \u00e0 l&rsquo;enqu\u00eate. Mais, M. Vernet avait, une autre corde \u00e0 son arc. Press\u00e9 de questions, la belle famille d\u2019une des victimes avait fait conna\u00eetre qu&rsquo;un sien parent de Mulhouse \u00e9tait rest\u00e9 pendant trois jours \u00e0 Brebotte, i! y a de cela 4 ans.<\/p>\n\n\n\n<p>M. Vernet d\u00e9couvrit ce parent. Bussinger Josepf. \u00e2g\u00e9 actuellement de 17 ans ; seulement, les meilleurs renseignements furent recueillis, tant sur lui que sur sa famille. N\u00e9anmoins, les efforts des polices furent dirig\u00e9s sur cette piste qui \u00e9tait leur derni\u00e8re cartouche et, apr\u00e8s une longue conversation, la m\u00e8re de Bussinger reconnaissait que son fils avait d\u00e9couch\u00e9 pendant la nuit du crime.<\/p>\n\n\n\n<p>Un pi\u00e8ge fut \u00e9tabli, on put capturer le jeune assassin qui fit conna\u00eetre ses deux complices.<\/p>\n\n\n\n<p>Ceux-ci furent arr\u00eat\u00e9s le m\u00eame jour. 22 avril et \u00e9crou\u00e9s \u00e0 Mulhouse. Ce sont les nomm\u00e9s Sauvageot Lucien, 18 ans. \u00e9lectricien \u00e0 Mulhouse- Langestrass , 10 et Saches. 19 ans. serrurier m\u00eame adresse.<\/p>\n\n\n\n<p>Les trois inculp\u00e9s ont fait des aveux. Comme ils sont de nationalit\u00e9 allemande, ils &nbsp;ne pourront \u00eatre extrad\u00e9s et seront jug\u00e9s par &nbsp;la cour d&rsquo;assises de Mulhouse qui, parait-il, ne se montre pas tendre pour ce genre de malfaiteurs.<\/p>\n\n\n\n<p>Ces trois jeunes bandits \u00e9taient arriv\u00e9s \u00e0 Belfort, le dimanche 17 avril, \u00e0 5 h. 30 du soir. Ils se firent conduire en voiture \u00e0 Brebotte pour d\u00e9tourner les soup\u00e7ons du cocher, ils lui demand\u00e8rent de leur indique &nbsp;le presbyt\u00e8re.<\/p>\n\n\n\n<p>Apr\u00e8s s&rsquo;\u00eatre repos\u00e9s dans une &nbsp;prairie jusqu&rsquo;\u00e0 11 heures du soir, ils fractur\u00e8rent une crois\u00e9e de la maison Chevalier, habit\u00e9e par cinq personnes valides. Ils &nbsp;p\u00e9n\u00e9tr\u00e8rent<\/p>\n\n\n\n<p>\u00e0 l\u2019int\u00e9rieur par l\u2019ouverture d\u2019un carreau de vitre et pendant que Saches faisait le guet au rez-de-chauss\u00e9e, les deux autres se rendaient pr\u00e8s de leur victime, la veuve Chevalier qui dormait au premier \u00e9tage.<\/p>\n\n\n\n<p>Sauvageot se mit \u00e0 frapper furieusement la pauvre femme avec son casse-t\u00eate. R\u00e9veill\u00e9e, la pauvre femme cria et sa belle s\u0153ur, couch\u00e9e dans la pi\u00e8ce voisine, accourut. Mal lui en prit, car Sauvageot se retourna contre elle, pendant que Bussinger frappait la premi\u00e8re victime. Mais les fils de cette derni\u00e8re, qui avaient \u00e9t\u00e9 r\u00e9veill\u00e9s aussi, se levaient \u00e0 la h\u00e2te et firent du bruit, de sorte que les jeunes assassins prirent peur et s\u2019enfuirent par une crois\u00e9e qu\u2019ils avaient eu la pr\u00e9caution d&rsquo;ouvrir afin de faciliter leur fuite.<\/p>\n\n\n\n<p>Les coupables se rendirent \u00e0 pied \u00e0 Montreux-Vieux o\u00f9 ils prirent le train de 5 heures du matin pour Mulhouse. En route, ils jet\u00e8rent dans le canai deux casse-t\u00eate, des pinces, des fausses cl\u00e9s, etc.<\/p>\n\n\n\n<p>On voit qu&rsquo;ils avaient, tout pr\u00e9vu et qu\u2019ils ne manquaient pas d\u2019audace.<\/p>\n\n\n\n<p>Ce double crime a produit une profonde impression sur la paisible population de Brebotte et des environs, car la famille Ghevallier est tr\u00e8s estim\u00e9e.<\/p>\n\n\n\n<p>Dans cette affaire qui a \u00e9t\u00e9 men\u00e9e rapidement et avec habilet\u00e9 par la brigade mobile fran\u00e7aise et par la police allemande, Une large part du succ\u00e8s revient aux d\u00e9vou\u00e9s magistrats de Belfort, ainsi qu&rsquo;aux actifs commissaires sp\u00e9ciaux du Haut-Rhin<\/p>\n\n\n\n<p>N\u2019oublions pas de f\u00e9liciter \u00e9galement nos &nbsp;excellents limiers de la onzi\u00e8me brigade<\/p>\n\n\n\n<p>Sources&nbsp;: Le Petit Bourguignon 26 avril 1910<\/p>\n","protected":false},"excerpt":{"rendered":"<p>ARRESTATION DES TROIS CRIMINELS Nous avons d\u00e9j\u00e0 dit qu\u2019une double tentative d\u2019assassinat avait \u00e9t\u00e9 commise \u00e0 Brebotte (Haut-Rhin) dans la nuit du 17 au 18 avril courant. Le Parquet, de Belfort ayant fait appel au concours de la brigade mobile, &hellip; <a href=\"https:\/\/montreux-vieux.net\/?page_id=20024\">Continuer la lecture <span class=\"meta-nav\">&rarr;<\/span><\/a><\/p>\n","protected":false},"author":1,"featured_media":0,"parent":13044,"menu_order":365,"comment_status":"closed","ping_status":"open","template":"","meta":{"footnotes":""},"class_list":["post-20024","page","type-page","status-publish","hentry"],"_links":{"self":[{"href":"https:\/\/montreux-vieux.net\/index.php?rest_route=\/wp\/v2\/pages\/20024","targetHints":{"allow":["GET"]}}],"collection":[{"href":"https:\/\/montreux-vieux.net\/index.php?rest_route=\/wp\/v2\/pages"}],"about":[{"href":"https:\/\/montreux-vieux.net\/index.php?rest_route=\/wp\/v2\/types\/page"}],"author":[{"embeddable":true,"href":"https:\/\/montreux-vieux.net\/index.php?rest_route=\/wp\/v2\/users\/1"}],"replies":[{"embeddable":true,"href":"https:\/\/montreux-vieux.net\/index.php?rest_route=%2Fwp%2Fv2%2Fcomments&post=20024"}],"version-history":[{"count":1,"href":"https:\/\/montreux-vieux.net\/index.php?rest_route=\/wp\/v2\/pages\/20024\/revisions"}],"predecessor-version":[{"id":20025,"href":"https:\/\/montreux-vieux.net\/index.php?rest_route=\/wp\/v2\/pages\/20024\/revisions\/20025"}],"up":[{"embeddable":true,"href":"https:\/\/montreux-vieux.net\/index.php?rest_route=\/wp\/v2\/pages\/13044"}],"wp:attachment":[{"href":"https:\/\/montreux-vieux.net\/index.php?rest_route=%2Fwp%2Fv2%2Fmedia&parent=20024"}],"curies":[{"name":"wp","href":"https:\/\/api.w.org\/{rel}","templated":true}]}}